← Back
Editing: arominayurveda.lk.xyzsmartsolutions.com-ssl_log
192.71.12.181 - - [17/Jun/2026:08:22:08 -0400] "GET / HTTP/1.1" 200 19934 "http://arominayurveda.lk/" "Mozilla/5.0 (Windows NT 10.0; Win64; x64) AppleWebKit/537.36 (KHTML, like Gecko) Chrome/122.0.0.0 Safari/537.3"
78.142.18.172 - - [17/Jun/2026:08:26:57 -0400] "POST /wp-login.php HTTP/1.1" 200 1938 "https://arominayurveda.lk/wp-login.php" "Mozilla/5.0 (X11; Ubuntu; Linux x86_64) AppleWebKit/537.36 (KHTML, like Gecko) Chrome/133.0.0.0 Safari/537.36"
78.142.18.172 - - [17/Jun/2026:08:48:44 -0400] "GET /wp-login.php HTTP/1.1" 200 1844 "-" "Mozilla/5.0 (X11; CrOS x86_64 14541.0.0) AppleWebKit/537.36 (KHTML, like Gecko) Chrome/133.0.0.0 Safari/537.36"
199.188.200.224 - - [17/Jun/2026:08:48:47 -0400] "POST /wp-cron.php?doing_wp_cron=1781700527.3367118835449218750000 HTTP/1.1" 200 0 "-" "WordPress/7.0; https://arominayurveda.lk"
78.142.18.172 - - [17/Jun/2026:08:48:45 -0400] "POST /wp-login.php HTTP/1.1" 200 1938 "https://arominayurveda.lk/wp-login.php" "Mozilla/5.0 (X11; Linux x86_64; rv:133.0) Gecko/20100101 Firefox/133.0"
164.92.211.134 - - [17/Jun/2026:09:06:09 -0400] "POST /wp-login.php HTTP/1.1" 200 1946 "https://arominayurveda.lk/wp-login.php" "Mozilla/5.0 (Macintosh; Intel Mac OS X 10_15_7) AppleWebKit/605.1.15 (KHTML, like Gecko) Version/18.3 Safari/605.1.15"
162.254.36.150 - - [17/Jun/2026:09:06:08 -0400] "POST /wp-login.php HTTP/1.1" 200 1946 "https://arominayurveda.lk/wp-login.php" "Mozilla/5.0 (Macintosh; Intel Mac OS X 11_7_10) AppleWebKit/537.36 (KHTML, like Gecko) Chrome/133.0.0.0 Safari/537.36"
199.188.200.224 - - [17/Jun/2026:09:17:48 -0400] "POST /wp-cron.php?doing_wp_cron=1781702268.2028000354766845703125 HTTP/1.1" 200 0 "-" "WordPress/7.0; https://arominayurveda.lk"
64.89.163.26 - - [17/Jun/2026:09:17:47 -0400] "GET /wp-admin/install.php HTTP/1.1" 200 459 "-" "-"
64.89.163.26 - - [17/Jun/2026:09:17:48 -0400] "GET /wp-admin/setup-config.php HTTP/1.1" 409 1072 "-" "-"
51.79.65.194 - - [17/Jun/2026:09:27:04 -0400] "GET /wp-login.php HTTP/1.1" 200 1844 "-" "Mozilla/5.0 (X11; Ubuntu; Linux x86_64) AppleWebKit/537.36 (KHTML, like Gecko) Chrome/133.0.0.0 Safari/537.36"
51.79.65.194 - - [17/Jun/2026:09:27:04 -0400] "POST /wp-login.php HTTP/1.1" 200 1946 "https://arominayurveda.lk/wp-login.php" "Mozilla/5.0 (X11; Ubuntu; Linux x86_64) AppleWebKit/537.36 (KHTML, like Gecko) Chrome/133.0.0.0 Safari/537.36"
179.60.149.105 - - [17/Jun/2026:09:27:17 -0400] "POST /wp-content/plugins/w3-total-cache/vendor/aws/aws-sdk-php/src/S3/RegionalEndpoint/Exception/tahomab.php HTTP/1.1" 200 37 "-" "Mozilla/5.0 (Macintosh; Intel Mac OS X 10_15_7) AppleWebKit/537.36 (KHTML, like Gecko) Chrome/120.0.0.0 Safari/537.36"
78.142.18.172 - - [17/Jun/2026:09:45:55 -0400] "GET /wp-login.php HTTP/1.1" 200 1844 "-" "Mozilla/5.0 (Windows NT 10.0; Win64; x64; rv:133.0) Gecko/20100101 Firefox/133.0"
115.146.125.52 - - [17/Jun/2026:09:47:01 -0400] "GET /wp-login.php HTTP/1.1" 200 1844 "-" "Mozilla/5.0 (X11; Linux x86_64) AppleWebKit/537.36 (KHTML, like Gecko) Chrome/133.0.0.0 Safari/537.36"
199.188.200.224 - - [17/Jun/2026:09:47:03 -0400] "POST /wp-cron.php?doing_wp_cron=1781704023.5722880363464355468750 HTTP/1.1" 200 0 "-" "WordPress/7.0; https://arominayurveda.lk"
115.146.125.52 - - [17/Jun/2026:09:47:03 -0400] "POST /wp-login.php HTTP/1.1" 200 1946 "https://arominayurveda.lk/wp-login.php" "Mozilla/5.0 (X11; Linux x86_64) AppleWebKit/537.36 (KHTML, like Gecko) Chrome/133.0.0.0 Safari/537.36"
216.73.216.55 - - [17/Jun/2026:10:01:54 -0400] "GET /sitemap.xml HTTP/1.1" 404 1251 "-" "Mozilla/5.0 AppleWebKit/537.36 (KHTML, like Gecko; compatible; Claude-SearchBot/1.0; +searchbot@anthropic.com)"
78.142.18.172 - - [17/Jun/2026:08:26:48 -0400] "GET /wp-login.php HTTP/1.1" 200 1844 "-" "Mozilla/5.0 (X11; Ubuntu; Linux x86_64) AppleWebKit/537.36 (KHTML, like Gecko) Chrome/133.0.0.0 Safari/537.36"
199.188.200.224 - - [17/Jun/2026:08:26:59 -0400] "POST /wp-cron.php?doing_wp_cron=1781699219.8019850254058837890625 HTTP/1.1" 200 0 "-" "WordPress/7.0; https://arominayurveda.lk"
78.142.18.172 - - [17/Jun/2026:08:48:44 -0400] "GET /wp-login.php HTTP/1.1" 200 1844 "-" "Mozilla/5.0 (X11; Linux x86_64; rv:133.0) Gecko/20100101 Firefox/133.0"
199.188.200.224 - - [17/Jun/2026:08:48:47 -0400] "POST /wp-cron.php?doing_wp_cron=1781700527.3366940021514892578125 HTTP/1.1" 200 0 "-" "WordPress/7.0; https://arominayurveda.lk"
78.142.18.172 - - [17/Jun/2026:08:48:45 -0400] "POST /wp-login.php HTTP/1.1" 200 1938 "https://arominayurveda.lk/wp-login.php" "Mozilla/5.0 (X11; CrOS x86_64 14541.0.0) AppleWebKit/537.36 (KHTML, like Gecko) Chrome/133.0.0.0 Safari/537.36"
162.254.36.150 - - [17/Jun/2026:09:06:08 -0400] "GET /wp-login.php HTTP/1.1" 200 1844 "-" "Mozilla/5.0 (Macintosh; Intel Mac OS X 11_7_10) AppleWebKit/537.36 (KHTML, like Gecko) Chrome/133.0.0.0 Safari/537.36"
164.92.211.134 - - [17/Jun/2026:09:06:09 -0400] "GET /wp-login.php HTTP/1.1" 200 1844 "-" "Mozilla/5.0 (Macintosh; Intel Mac OS X 10_15_7) AppleWebKit/605.1.15 (KHTML, like Gecko) Version/18.3 Safari/605.1.15"
199.188.200.224 - - [17/Jun/2026:09:06:11 -0400] "POST /wp-cron.php?doing_wp_cron=1781701571.1341180801391601562500 HTTP/1.1" 200 0 "-" "WordPress/7.0; https://arominayurveda.lk"
64.89.163.26 - - [17/Jun/2026:09:17:46 -0400] "GET / HTTP/1.1" 200 19934 "-" "-"
199.188.200.224 - - [17/Jun/2026:09:27:09 -0400] "POST /wp-cron.php?doing_wp_cron=1781702829.6079559326171875000000 HTTP/1.1" 200 0 "-" "WordPress/7.0; https://arominayurveda.lk"
179.60.149.105 - - [17/Jun/2026:09:27:18 -0400] "POST /wp-content/plugins/w3-total-cache/vendor/aws/aws-sdk-php/src/S3/RegionalEndpoint/Exception/tahomab.php HTTP/1.1" 200 9 "-" "Mozilla/5.0 (Macintosh; Intel Mac OS X 10_15_7) AppleWebKit/537.36 (KHTML, like Gecko) Chrome/120.0.0.0 Safari/537.36"
115.146.125.52 - - [17/Jun/2026:09:28:58 -0400] "GET /wp-login.php HTTP/1.1" 200 1844 "-" "Mozilla/5.0 (Windows NT 10.0; Win64; x64) AppleWebKit/537.36 (KHTML, like Gecko) Chrome/133.0.0.0 Safari/537.36"
199.188.200.224 - - [17/Jun/2026:09:29:02 -0400] "POST /wp-cron.php?doing_wp_cron=1781702942.4760599136352539062500 HTTP/1.1" 200 0 "-" "WordPress/7.0; https://arominayurveda.lk"
115.146.125.52 - - [17/Jun/2026:09:29:00 -0400] "POST /wp-login.php HTTP/1.1" 200 1946 "https://arominayurveda.lk/wp-login.php" "Mozilla/5.0 (Windows NT 10.0; Win64; x64) AppleWebKit/537.36 (KHTML, like Gecko) Chrome/133.0.0.0 Safari/537.36"
171.244.34.150 - - [17/Jun/2026:09:46:00 -0400] "GET /wp-login.php HTTP/1.1" 200 1844 "-" "Mozilla/5.0 (Windows NT 10.0) AppleWebKit/537.36 (KHTML, like Gecko) Chrome/133.0.0.0 Safari/537.36"
199.188.200.224 - - [17/Jun/2026:09:46:02 -0400] "POST /wp-cron.php?doing_wp_cron=1781703962.0185000896453857421875 HTTP/1.1" 200 0 "-" "WordPress/7.0; https://arominayurveda.lk"
78.142.18.172 - - [17/Jun/2026:09:45:56 -0400] "POST /wp-login.php HTTP/1.1" 200 1939 "https://arominayurveda.lk/wp-login.php" "Mozilla/5.0 (Windows NT 10.0; Win64; x64; rv:133.0) Gecko/20100101 Firefox/133.0"
171.244.34.150 - - [17/Jun/2026:09:46:02 -0400] "POST /wp-login.php HTTP/1.1" 200 1946 "https://arominayurveda.lk/wp-login.php" "Mozilla/5.0 (Windows NT 10.0) AppleWebKit/537.36 (KHTML, like Gecko) Chrome/133.0.0.0 Safari/537.36"
216.73.216.55 - - [17/Jun/2026:10:01:54 -0400] "GET /robots.txt HTTP/1.1" 404 1251 "-" "Mozilla/5.0 AppleWebKit/537.36 (KHTML, like Gecko; compatible; Claude-SearchBot/1.0; +searchbot@anthropic.com)"
103.143.207.18 - - [17/Jun/2026:10:05:29 -0400] "POST /wp-login.php HTTP/1.1" 200 1946 "https://arominayurveda.lk/wp-login.php" "Mozilla/5.0 (X11; Linux i686) AppleWebKit/537.36 (KHTML, like Gecko) Chrome/133.0.0.0 Safari/537.36"
87.233.150.217 - - [17/Jun/2026:10:05:56 -0400] "POST /wp-login.php HTTP/1.1" 200 1946 "https://arominayurveda.lk/wp-login.php" "Mozilla/5.0 (X11; Linux x86_64) AppleWebKit/537.36 (KHTML, like Gecko) Chrome/133.0.0.0 Safari/537.36"
103.143.207.18 - - [17/Jun/2026:10:05:28 -0400] "GET /wp-login.php HTTP/1.1" 200 1844 "-" "Mozilla/5.0 (X11; Linux i686) AppleWebKit/537.36 (KHTML, like Gecko) Chrome/133.0.0.0 Safari/537.36"
199.188.200.224 - - [17/Jun/2026:10:05:35 -0400] "POST /wp-cron.php?doing_wp_cron=1781705135.2661230564117431640625 HTTP/1.1" 200 0 "-" "WordPress/7.0; https://arominayurveda.lk"
87.233.150.217 - - [17/Jun/2026:10:05:56 -0400] "GET /wp-login.php HTTP/1.1" 200 1844 "-" "Mozilla/5.0 (X11; Linux x86_64) AppleWebKit/537.36 (KHTML, like Gecko) Chrome/133.0.0.0 Safari/537.36"
103.143.207.18 - - [17/Jun/2026:10:05:58 -0400] "GET /wp-login.php HTTP/1.1" 200 1844 "-" "Mozilla/5.0 (X11; Linux x86_64) AppleWebKit/537.36 (KHTML, like Gecko) Chrome/133.0.0.0 Safari/537.36 Edg/133.0.0.0"
103.143.207.18 - - [17/Jun/2026:10:05:59 -0400] "POST /wp-login.php HTTP/1.1" 200 1946 "https://arominayurveda.lk/wp-login.php" "Mozilla/5.0 (X11; Linux x86_64) AppleWebKit/537.36 (KHTML, like Gecko) Chrome/133.0.0.0 Safari/537.36 Edg/133.0.0.0"
78.142.18.172 - - [17/Jun/2026:10:25:19 -0400] "POST /wp-login.php HTTP/1.1" 200 1935 "https://arominayurveda.lk/wp-login.php" "Mozilla/5.0 (X11; Ubuntu; Linux x86_64) AppleWebKit/537.36 (KHTML, like Gecko) Chrome/133.0.0.0 Safari/537.36"
78.142.18.172 - - [17/Jun/2026:10:25:19 -0400] "POST /wp-login.php HTTP/1.1" 200 1935 "https://arominayurveda.lk/wp-login.php" "Mozilla/5.0 (X11; Linux i686) AppleWebKit/537.36 (KHTML, like Gecko) Chrome/133.0.0.0 Safari/537.36"
162.254.36.150 - - [17/Jun/2026:10:26:56 -0400] "GET /wp-login.php HTTP/1.1" 200 1844 "-" "Mozilla/5.0 (Windows NT 10.0; WOW64) AppleWebKit/537.36 (KHTML, like Gecko) Chrome/133.0.0.0 Safari/537.36"
162.254.36.150 - - [17/Jun/2026:10:26:56 -0400] "POST /wp-login.php HTTP/1.1" 200 1946 "https://arominayurveda.lk/wp-login.php" "Mozilla/5.0 (Windows NT 10.0; WOW64) AppleWebKit/537.36 (KHTML, like Gecko) Chrome/133.0.0.0 Safari/537.36"
78.142.18.172 - - [17/Jun/2026:10:25:18 -0400] "GET /wp-login.php HTTP/1.1" 200 1844 "-" "Mozilla/5.0 (X11; Linux i686) AppleWebKit/537.36 (KHTML, like Gecko) Chrome/133.0.0.0 Safari/537.36"
78.142.18.172 - - [17/Jun/2026:10:25:18 -0400] "GET /wp-login.php HTTP/1.1" 200 1844 "-" "Mozilla/5.0 (X11; Ubuntu; Linux x86_64) AppleWebKit/537.36 (KHTML, like Gecko) Chrome/133.0.0.0 Safari/537.36"
199.188.200.224 - - [17/Jun/2026:10:25:22 -0400] "POST /wp-cron.php?doing_wp_cron=1781706322.5099430084228515625000 HTTP/1.1" 200 0 "-" "WordPress/7.0; https://arominayurveda.lk"
199.188.200.224 - - [17/Jun/2026:10:26:58 -0400] "POST /wp-cron.php?doing_wp_cron=1781706418.7721629142761230468750 HTTP/1.1" 200 0 "-" "WordPress/7.0; https://arominayurveda.lk"
178.62.89.9 - - [17/Jun/2026:10:45:14 -0400] "GET /wp-login.php HTTP/1.1" 200 1844 "-" "Mozilla/5.0 (Macintosh; Intel Mac OS X 10_15_7) AppleWebKit/537.36 (KHTML, like Gecko) Chrome/133.0.0.0 Safari/537.36"
97.74.88.143 - - [17/Jun/2026:10:45:15 -0400] "GET /wp-login.php HTTP/1.1" 200 1844 "-" "Mozilla/5.0 (Macintosh; Intel Mac OS X 10_15_7) AppleWebKit/537.36 (KHTML, like Gecko) Chrome/133.0.0.0 Safari/537.36 Edg/133.0.0.0"
199.188.200.224 - - [17/Jun/2026:10:45:17 -0400] "POST /wp-cron.php?doing_wp_cron=1781707517.4888930320739746093750 HTTP/1.1" 200 0 "-" "WordPress/7.0; https://arominayurveda.lk"
97.74.88.143 - - [17/Jun/2026:10:45:16 -0400] "POST /wp-login.php HTTP/1.1" 200 1946 "https://arominayurveda.lk/wp-login.php" "Mozilla/5.0 (Macintosh; Intel Mac OS X 10_15_7) AppleWebKit/537.36 (KHTML, like Gecko) Chrome/133.0.0.0 Safari/537.36 Edg/133.0.0.0"
178.62.89.9 - - [17/Jun/2026:10:45:15 -0400] "POST /wp-login.php HTTP/1.1" 200 1946 "https://arominayurveda.lk/wp-login.php" "Mozilla/5.0 (Macintosh; Intel Mac OS X 10_15_7) AppleWebKit/537.36 (KHTML, like Gecko) Chrome/133.0.0.0 Safari/537.36"
199.188.200.224 - - [17/Jun/2026:10:48:08 -0400] "POST /wp-cron.php?doing_wp_cron=1781707688.4861431121826171875000 HTTP/1.1" 200 0 "-" "WordPress/7.0; https://arominayurveda.lk"
20.153.140.50 - - [17/Jun/2026:10:48:15 -0400] "GET /wp-login.php HTTP/1.1" 200 1844 "-" "Mozilla/5.0 (X11; Linux x86_64) AppleWebKit/537.36 (KHTML, like Gecko) Chrome/133.0.0.0 Safari/537.36"
20.153.140.50 - - [17/Jun/2026:10:48:16 -0400] "POST /wp-login.php HTTP/1.1" 200 1946 "https://arominayurveda.lk/wp-login.php" "Mozilla/5.0 (X11; Linux x86_64) AppleWebKit/537.36 (KHTML, like Gecko) Chrome/133.0.0.0 Safari/537.36"
216.73.216.55 - - [17/Jun/2026:11:04:16 -0400] "GET /robots.txt HTTP/1.1" 404 1251 "-" "Mozilla/5.0 AppleWebKit/537.36 (KHTML, like Gecko; compatible; Claude-SearchBot/1.0; +searchbot@anthropic.com)"
78.142.18.172 - - [17/Jun/2026:10:48:05 -0400] "GET /wp-login.php HTTP/1.1" 200 1844 "-" "Mozilla/5.0 (Macintosh; Intel Mac OS X 10_15_7) AppleWebKit/605.1.15 (KHTML, like Gecko) Version/18.3 Safari/605.1.15"
78.142.18.172 - - [17/Jun/2026:10:48:06 -0400] "POST /wp-login.php HTTP/1.1" 200 1935 "https://arominayurveda.lk/wp-login.php" "Mozilla/5.0 (Macintosh; Intel Mac OS X 10_15_7) AppleWebKit/605.1.15 (KHTML, like Gecko) Version/18.3 Safari/605.1.15"
216.73.216.55 - - [17/Jun/2026:11:04:16 -0400] "GET /sitemap.xml HTTP/1.1" 404 1251 "-" "Mozilla/5.0 AppleWebKit/537.36 (KHTML, like Gecko; compatible; Claude-SearchBot/1.0; +searchbot@anthropic.com)"
199.188.200.224 - - [17/Jun/2026:11:07:58 -0400] "GET / HTTP/1.1" 200 19934 "-" "Mozilla/5.0 (Windows NT 10.0; Win64; x64; rv:122.0) Gecko/20100101 Firefox/122.0"
199.188.200.224 - - [17/Jun/2026:11:08:10 -0400] "GET / HTTP/1.1" 200 19934 "-" "Softaculous"
199.188.200.224 - - [17/Jun/2026:11:08:10 -0400] "GET / HTTP/1.1" 200 19934 "-" "Mozilla/5.0 (Windows NT 10.0; Win64; x64; rv:122.0) Gecko/20100101 Firefox/122.0"
159.223.76.255 - - [17/Jun/2026:11:08:35 -0400] "GET /wp-login.php HTTP/1.1" 200 1844 "-" "Mozilla/5.0 (Windows NT 10.0; Win64; x64) AppleWebKit/537.36 (KHTML, like Gecko) Chrome/133.0.0.0 Safari/537.36"
159.223.76.255 - - [17/Jun/2026:11:08:37 -0400] "POST /wp-login.php HTTP/1.1" 200 1946 "https://arominayurveda.lk/wp-login.php" "Mozilla/5.0 (Windows NT 10.0; Win64; x64) AppleWebKit/537.36 (KHTML, like Gecko) Chrome/133.0.0.0 Safari/537.36"
199.188.200.224 - - [17/Jun/2026:11:08:41 -0400] "POST /wp-cron.php?doing_wp_cron=1781708920.9946389198303222656250 HTTP/1.1" 200 0 "-" "WordPress/7.0; https://arominayurveda.lk"
113.190.40.93 - - [17/Jun/2026:11:29:36 -0400] "GET /wp-login.php HTTP/1.1" 200 1844 "-" "Mozilla/5.0 (Macintosh; Intel Mac OS X 11_7_10) AppleWebKit/537.36 (KHTML, like Gecko) Chrome/133.0.0.0 Safari/537.36"
113.190.40.93 - - [17/Jun/2026:11:29:36 -0400] "POST /wp-login.php HTTP/1.1" 200 1946 "https://arominayurveda.lk/wp-login.php" "Mozilla/5.0 (Macintosh; Intel Mac OS X 11_7_10) AppleWebKit/537.36 (KHTML, like Gecko) Chrome/133.0.0.0 Safari/537.36"
199.188.200.224 - - [17/Jun/2026:11:29:38 -0400] "POST /wp-cron.php?doing_wp_cron=1781710178.7225909233093261718750 HTTP/1.1" 200 0 "-" "WordPress/7.0; https://arominayurveda.lk"
103.127.30.137 - - [17/Jun/2026:11:51:01 -0400] "GET /wp-login.php HTTP/1.1" 200 1844 "-" "Mozilla/5.0 (X11; CrOS x86_64 14541.0.0) AppleWebKit/537.36 (KHTML, like Gecko) Chrome/133.0.0.0 Safari/537.36"
103.127.30.137 - - [17/Jun/2026:11:51:02 -0400] "POST /wp-login.php HTTP/1.1" 200 1946 "https://arominayurveda.lk/wp-login.php" "Mozilla/5.0 (X11; CrOS x86_64 14541.0.0) AppleWebKit/537.36 (KHTML, like Gecko) Chrome/133.0.0.0 Safari/537.36"
78.142.18.172 - - [17/Jun/2026:11:50:54 -0400] "GET /wp-login.php HTTP/1.1" 200 1844 "-" "Mozilla/5.0 (X11; Linux x86_64; rv:133.0) Gecko/20100101 Firefox/133.0"
199.188.200.224 - - [17/Jun/2026:11:50:58 -0400] "POST /wp-cron.php?doing_wp_cron=1781711457.6394209861755371093750 HTTP/1.1" 200 0 "-" "WordPress/7.0; https://arominayurveda.lk"
78.142.18.172 - - [17/Jun/2026:11:50:55 -0400] "POST /wp-login.php HTTP/1.1" 200 1946 "https://arominayurveda.lk/wp-login.php" "Mozilla/5.0 (X11; Linux x86_64; rv:133.0) Gecko/20100101 Firefox/133.0"
179.60.149.105 - - [17/Jun/2026:11:54:05 -0400] "GET / HTTP/1.1" 200 19934 "-" "Mozilla/5.0 (Macintosh; Intel Mac OS X 10_15_7) AppleWebKit/537.36 (KHTML, like Gecko) Chrome/120.0.0.0 Safari/537.36"
119.195.102.159 - - [17/Jun/2026:12:00:05 -0400] "GET /wp-login.php HTTP/1.1" 200 1844 "-" "Mozilla/5.0 (X11; Fedora; Linux x86_64) AppleWebKit/537.36 (KHTML, like Gecko) Chrome/133.0.0.0 Safari/537.36"
199.188.200.224 - - [17/Jun/2026:12:00:08 -0400] "POST /wp-cron.php?doing_wp_cron=1781712008.8209230899810791015625 HTTP/1.1" 200 0 "-" "WordPress/7.0; https://arominayurveda.lk"
119.195.102.159 - - [17/Jun/2026:12:00:06 -0400] "POST /wp-login.php HTTP/1.1" 200 1946 "https://arominayurveda.lk/wp-login.php" "Mozilla/5.0 (X11; Fedora; Linux x86_64) AppleWebKit/537.36 (KHTML, like Gecko) Chrome/133.0.0.0 Safari/537.36"
216.73.216.55 - - [17/Jun/2026:12:12:30 -0400] "GET /robots.txt HTTP/1.1" 404 1251 "-" "Mozilla/5.0 AppleWebKit/537.36 (KHTML, like Gecko; compatible; Claude-SearchBot/1.0; +searchbot@anthropic.com)"
216.73.216.55 - - [17/Jun/2026:12:12:31 -0400] "GET /sitemap.xml HTTP/1.1" 404 1251 "-" "Mozilla/5.0 AppleWebKit/537.36 (KHTML, like Gecko; compatible; Claude-SearchBot/1.0; +searchbot@anthropic.com)"
104.37.86.14 - - [17/Jun/2026:12:20:58 -0400] "GET /wp-login.php HTTP/1.1" 200 1844 "-" "Mozilla/5.0 (Macintosh; Intel Mac OS X 14_7_4) AppleWebKit/537.36 (KHTML, like Gecko) Chrome/133.0.0.0 Safari/537.36"
199.188.200.224 - - [17/Jun/2026:12:21:01 -0400] "POST /wp-cron.php?doing_wp_cron=1781713261.3560450077056884765625 HTTP/1.1" 200 0 "-" "WordPress/7.0; https://arominayurveda.lk"
104.37.86.14 - - [17/Jun/2026:12:20:59 -0400] "POST /wp-login.php HTTP/1.1" 200 1946 "https://arominayurveda.lk/wp-login.php" "Mozilla/5.0 (Macintosh; Intel Mac OS X 14_7_4) AppleWebKit/537.36 (KHTML, like Gecko) Chrome/133.0.0.0 Safari/537.36"
88.214.26.194 - - [17/Jun/2026:12:35:21 -0400] "GET /wp-login.php HTTP/1.1" 200 1844 "-" "Mozilla/5.0 (Windows NT 10.0; Win64; x64) AppleWebKit/537.36 (KHTML, like Gecko) Chrome/120.0.0.0 Safari/537.36"
199.188.200.224 - - [17/Jun/2026:12:35:24 -0400] "POST /wp-cron.php?doing_wp_cron=1781714124.4316558837890625000000 HTTP/1.1" 200 0 "-" "WordPress/7.0; https://arominayurveda.lk"
199.188.200.224 - - [17/Jun/2026:12:41:44 -0400] "POST /wp-cron.php?doing_wp_cron=1781714504.3841741085052490234375 HTTP/1.1" 200 0 "-" "WordPress/7.0; https://arominayurveda.lk"
154.127.86.8 - - [17/Jun/2026:12:41:42 -0400] "POST /wp-login.php HTTP/1.1" 200 1946 "https://arominayurveda.lk/wp-login.php" "Mozilla/5.0 (X11; Ubuntu; Linux x86_64; rv:133.0) Gecko/20100101 Firefox/133.0"
74.248.112.30 - - [17/Jun/2026:12:45:44 -0400] "GET /this_is_a_new_hello_world.php HTTP/1.1" 404 1251 "-" "-"
74.248.112.30 - - [17/Jun/2026:12:45:46 -0400] "GET /mosty.php HTTP/1.1" 404 1251 "-" "-"
74.248.112.30 - - [17/Jun/2026:12:45:47 -0400] "GET /mac.php HTTP/1.1" 404 1251 "-" "-"
74.248.112.30 - - [17/Jun/2026:12:45:47 -0400] "GET /wp-lamburg.php HTTP/1.1" 404 1251 "-" "-"
74.248.112.30 - - [17/Jun/2026:12:45:47 -0400] "GET /wp-conflg.php?p= HTTP/1.1" 404 1251 "-" "-"
168.63.79.147 - - [17/Jun/2026:12:31:15 -0400] "GET /wp-login.php HTTP/1.1" 200 1844 "-" "Mozilla/5.0 (X11; Ubuntu; Linux x86_64) AppleWebKit/537.36 (KHTML, like Gecko) Chrome/133.0.0.0 Safari/537.36"
199.188.200.224 - - [17/Jun/2026:12:31:18 -0400] "POST /wp-cron.php?doing_wp_cron=1781713878.3011550903320312500000 HTTP/1.1" 200 0 "-" "WordPress/7.0; https://arominayurveda.lk"
168.63.79.147 - - [17/Jun/2026:12:31:16 -0400] "POST /wp-login.php HTTP/1.1" 200 1946 "https://arominayurveda.lk/wp-login.php" "Mozilla/5.0 (X11; Ubuntu; Linux x86_64) AppleWebKit/537.36 (KHTML, like Gecko) Chrome/133.0.0.0 Safari/537.36"
88.214.26.194 - - [17/Jun/2026:12:35:22 -0400] "GET /?rest_route=/wp/v2/users HTTP/1.1" 200 1870 "-" "Mozilla/5.0 (Macintosh; Intel Mac OS X 14_2_1) AppleWebKit/537.36 (KHTML, like Gecko) Chrome/120.0.0.0 Safari/537.36"
154.127.86.8 - - [17/Jun/2026:12:41:39 -0400] "GET /wp-login.php HTTP/1.1" 200 1844 "-" "Mozilla/5.0 (X11; Ubuntu; Linux x86_64; rv:133.0) Gecko/20100101 Firefox/133.0"
74.248.112.30 - - [17/Jun/2026:12:45:44 -0400] "GET /wp-content/plugins/hellopress/wp_filemanager.php HTTP/1.1" 404 1251 "-" "-"
74.248.112.30 - - [17/Jun/2026:12:45:45 -0400] "GET /jj.php HTTP/1.1" 404 1251 "-" "-"
74.248.112.30 - - [17/Jun/2026:12:45:46 -0400] "GET /classwithtostring.php HTTP/1.1" 404 1251 "-" "-"
74.248.112.30 - - [17/Jun/2026:12:45:48 -0400] "GET /error_log.php HTTP/1.1" 404 1251 "-" "-"
41.79.235.70 - - [17/Jun/2026:12:50:27 -0400] "GET /wp-login.php HTTP/1.1" 200 1844 "-" "Mozilla/5.0 (Windows NT 10.0) AppleWebKit/537.36 (KHTML, like Gecko) Chrome/133.0.0.0 Safari/537.36"
103.74.116.219 - - [17/Jun/2026:12:50:33 -0400] "GET /wp-login.php HTTP/1.1" 200 1844 "-" "Mozilla/5.0 (Windows NT 10.0; Win64; x64; rv:133.0) Gecko/20100101 Firefox/133.0"
199.188.200.224 - - [17/Jun/2026:12:50:35 -0400] "POST /wp-cron.php?doing_wp_cron=1781715035.1077950000762939453125 HTTP/1.1" 200 0 "-" "WordPress/7.0; https://arominayurveda.lk"
209.74.93.184 - - [17/Jun/2026:13:01:40 -0400] "POST /wp-login.php HTTP/1.1" 200 1946 "https://arominayurveda.lk/wp-login.php" "Mozilla/5.0 (X11; Linux x86_64) AppleWebKit/537.36 (KHTML, like Gecko) Chrome/133.0.0.0 Safari/537.36"
41.79.235.70 - - [17/Jun/2026:13:01:51 -0400] "POST /wp-login.php HTTP/1.1" 200 1930 "https://arominayurveda.lk/wp-login.php" "Mozilla/5.0 (X11; Linux x86_64) AppleWebKit/537.36 (KHTML, like Gecko) Chrome/133.0.0.0 Safari/537.36 Edg/133.0.0.0"
199.188.200.224 - - [17/Jun/2026:12:50:29 -0400] "POST /wp-cron.php?doing_wp_cron=1781715029.7312889099121093750000 HTTP/1.1" 200 0 "-" "WordPress/7.0; https://arominayurveda.lk"
41.79.235.70 - - [17/Jun/2026:12:50:27 -0400] "POST /wp-login.php HTTP/1.1" 200 1946 "https://arominayurveda.lk/wp-login.php" "Mozilla/5.0 (Windows NT 10.0) AppleWebKit/537.36 (KHTML, like Gecko) Chrome/133.0.0.0 Safari/537.36"
103.74.116.219 - - [17/Jun/2026:12:50:34 -0400] "POST /wp-login.php HTTP/1.1" 200 1946 "https://arominayurveda.lk/wp-login.php" "Mozilla/5.0 (Windows NT 10.0; Win64; x64; rv:133.0) Gecko/20100101 Firefox/133.0"
104.210.140.130 - - [17/Jun/2026:12:51:24 -0400] "GET /robots.txt HTTP/1.1" 404 1251 "-" "Mozilla/5.0 (Macintosh; Intel Mac OS X 10_15_7) AppleWebKit/537.36 (KHTML, like Gecko) Chrome/131.0.0.0 Safari/537.36; compatible; OAI-SearchBot/1.0; +https://openai.com/searchbot"
209.74.93.184 - - [17/Jun/2026:13:01:40 -0400] "GET /wp-login.php HTTP/1.1" 200 1844 "-" "Mozilla/5.0 (X11; Linux x86_64) AppleWebKit/537.36 (KHTML, like Gecko) Chrome/133.0.0.0 Safari/537.36"
199.188.200.224 - - [17/Jun/2026:13:01:42 -0400] "POST /wp-cron.php?doing_wp_cron=1781715702.8137979507446289062500 HTTP/1.1" 200 0 "-" "WordPress/7.0; https://arominayurveda.lk"
41.79.235.70 - - [17/Jun/2026:13:01:50 -0400] "GET /wp-login.php HTTP/1.1" 200 1844 "-" "Mozilla/5.0 (X11; Linux x86_64) AppleWebKit/537.36 (KHTML, like Gecko) Chrome/133.0.0.0 Safari/537.36 Edg/133.0.0.0"
103.127.30.137 - - [17/Jun/2026:13:11:25 -0400] "GET /wp-login.php HTTP/1.1" 200 1844 "-" "Mozilla/5.0 (X11; Linux i686) AppleWebKit/537.36 (KHTML, like Gecko) Chrome/133.0.0.0 Safari/537.36"
199.188.200.224 - - [17/Jun/2026:13:11:25 -0400] "POST /wp-cron.php?doing_wp_cron=1781716285.7662599086761474609375 HTTP/1.1" 200 0 "-" "WordPress/7.0; https://arominayurveda.lk"
103.127.30.137 - - [17/Jun/2026:13:11:25 -0400] "POST /wp-login.php HTTP/1.1" 200 1946 "https://arominayurveda.lk/wp-login.php" "Mozilla/5.0 (X11; Linux i686) AppleWebKit/537.36 (KHTML, like Gecko) Chrome/133.0.0.0 Safari/537.36"
78.142.18.172 - - [17/Jun/2026:13:11:23 -0400] "GET /wp-login.php HTTP/1.1" 200 1844 "-" "Mozilla/5.0 (X11; Linux x86_64) AppleWebKit/537.36 (KHTML, like Gecko) Chrome/133.0.0.0 Safari/537.36 Edg/133.0.0.0"
78.142.18.172 - - [17/Jun/2026:13:11:23 -0400] "POST /wp-login.php HTTP/1.1" 200 1946 "https://arominayurveda.lk/wp-login.php" "Mozilla/5.0 (X11; Linux x86_64) AppleWebKit/537.36 (KHTML, like Gecko) Chrome/133.0.0.0 Safari/537.36 Edg/133.0.0.0"
199.188.200.224 - - [17/Jun/2026:13:31:59 -0400] "POST /wp-cron.php?doing_wp_cron=1781717519.4512250423431396484375 HTTP/1.1" 200 0 "-" "WordPress/7.0; https://arominayurveda.lk"
103.127.30.137 - - [17/Jun/2026:13:31:56 -0400] "GET /wp-login.php HTTP/1.1" 200 1844 "-" "Mozilla/5.0 (Windows NT 10.0; Win64; x64) AppleWebKit/537.36 (KHTML, like Gecko) Chrome/133.0.0.0 Safari/537.36 Edg/133.0.0.0"
46.101.217.74 - - [17/Jun/2026:13:31:57 -0400] "GET /wp-login.php HTTP/1.1" 200 1844 "-" "Mozilla/5.0 (Windows NT 10.0; WOW64) AppleWebKit/537.36 (KHTML, like Gecko) Chrome/133.0.0.0 Safari/537.36"
46.101.217.74 - - [17/Jun/2026:13:31:57 -0400] "POST /wp-login.php HTTP/1.1" 200 1946 "https://arominayurveda.lk/wp-login.php" "Mozilla/5.0 (Windows NT 10.0; WOW64) AppleWebKit/537.36 (KHTML, like Gecko) Chrome/133.0.0.0 Safari/537.36"
103.127.30.137 - - [17/Jun/2026:13:31:57 -0400] "POST /wp-login.php HTTP/1.1" 200 1946 "https://arominayurveda.lk/wp-login.php" "Mozilla/5.0 (Windows NT 10.0; Win64; x64) AppleWebKit/537.36 (KHTML, like Gecko) Chrome/133.0.0.0 Safari/537.36 Edg/133.0.0.0"
192.241.157.226 - - [17/Jun/2026:13:50:48 -0400] "GET /wp-login.php HTTP/1.1" 200 1844 "-" "Mozilla/5.0 (Macintosh; Intel Mac OS X 10_15_7) AppleWebKit/605.1.15 (KHTML, like Gecko) Version/18.3 Safari/605.1.15"
66.249.77.35 - - [17/Jun/2026:13:51:18 -0400] "GET /wp-content/plugins/woocommerce/assets/js/frontend/order-attribution.min.js?ver=10.8.1 HTTP/1.1" 304 0 "https://arominayurveda.lk/?post_type=product&add-to-cart=296" "Mozilla/5.0 (Linux; Android 6.0.1; Nexus 5X Build/MMB29P) AppleWebKit/537.36 (KHTML, like Gecko) Chrome/148.0.7778.96 Mobile Safari/537.36 (compatible; Googlebot/2.1; +http://www.google.com/bot.html)"
66.249.77.36 - - [17/Jun/2026:13:51:18 -0400] "GET /wp-content/plugins/elementskit-lite/modules/elementskit-icon-pack/assets/css/ekiticons.css?ver=3.9.8 HTTP/1.1" 200 9832 "https://arominayurveda.lk/?post_type=product&add-to-cart=296" "Mozilla/5.0 (Linux; Android 6.0.1; Nexus 5X Build/MMB29P) AppleWebKit/537.36 (KHTML, like Gecko) Chrome/148.0.7778.96 Mobile Safari/537.36 (compatible; Googlebot/2.1; +http://www.google.com/bot.html)"
66.249.77.36 - - [17/Jun/2026:13:51:19 -0400] "GET /wp-content/plugins/elementskit-lite/widgets/init/assets/css/widget-styles.css?ver=3.9.8 HTTP/1.1" 200 49249 "https://arominayurveda.lk/?post_type=product&add-to-cart=296" "Mozilla/5.0 (Linux; Android 6.0.1; Nexus 5X Build/MMB29P) AppleWebKit/537.36 (KHTML, like Gecko) Chrome/148.0.7778.96 Mobile Safari/537.36 (compatible; Googlebot/2.1; +http://www.google.com/bot.html)"
66.249.77.35 - - [17/Jun/2026:13:51:20 -0400] "GET /wp-content/plugins/elementskit-lite/widgets/init/assets/js/widget-scripts.js?ver=3.9.8 HTTP/1.1" 200 13580 "https://arominayurveda.lk/?post_type=product&add-to-cart=296" "Mozilla/5.0 (Linux; Android 6.0.1; Nexus 5X Build/MMB29P) AppleWebKit/537.36 (KHTML, like Gecko) Chrome/148.0.7778.96 Mobile Safari/537.36 (compatible; Googlebot/2.1; +http://www.google.com/bot.html)"
199.188.200.224 - - [17/Jun/2026:13:50:50 -0400] "POST /wp-cron.php?doing_wp_cron=1781718650.4235279560089111328125 HTTP/1.1" 200 0 "-" "WordPress/7.0; https://arominayurveda.lk"
192.241.157.226 - - [17/Jun/2026:13:50:48 -0400] "POST /wp-login.php HTTP/1.1" 200 1946 "https://arominayurveda.lk/wp-login.php" "Mozilla/5.0 (Macintosh; Intel Mac OS X 10_15_7) AppleWebKit/605.1.15 (KHTML, like Gecko) Version/18.3 Safari/605.1.15"
66.249.77.35 - - [17/Jun/2026:13:51:09 -0400] "GET /?post_type=product&add-to-cart=296 HTTP/1.1" 200 37015 "-" "Mozilla/5.0 (Linux; Android 6.0.1; Nexus 5X Build/MMB29P) AppleWebKit/537.36 (KHTML, like Gecko) Chrome/148.0.7778.96 Mobile Safari/537.36 (compatible; Googlebot/2.1; +http://www.google.com/bot.html)"
66.249.77.36 - - [17/Jun/2026:13:51:20 -0400] "GET /wp-content/plugins/woocommerce/assets/css/woocommerce-smallscreen.css?ver=10.8.1 HTTP/1.1" 200 1282 "https://arominayurveda.lk/?post_type=product&add-to-cart=296" "Mozilla/5.0 (Linux; Android 6.0.1; Nexus 5X Build/MMB29P) AppleWebKit/537.36 (KHTML, like Gecko) Chrome/148.0.7778.96 Mobile Safari/537.36 (compatible; Googlebot/2.1; +http://www.google.com/bot.html)"
66.249.77.35 - - [17/Jun/2026:13:51:21 -0400] "GET /wp-content/plugins/woocommerce/assets/client/blocks/@woocommerce/stores/woocommerce/products.js?ver=d2328963c7e9ed84708e HTTP/1.1" 304 0 "https://arominayurveda.lk/?post_type=product&add-to-cart=296" "Mozilla/5.0 (Linux; Android 6.0.1; Nexus 5X Build/MMB29P) AppleWebKit/537.36 (KHTML, like Gecko) Chrome/148.0.7778.96 Mobile Safari/537.36 (compatible; Googlebot/2.1; +http://www.google.com/bot.html)"
66.249.77.35 - - [17/Jun/2026:13:51:23 -0400] "GET /wp-content/plugins/woocommerce/assets/js/js-cookie/js.cookie.min.js?ver=2.1.4-wc.10.8.1 HTTP/1.1" 304 0 "https://arominayurveda.lk/?post_type=product&add-to-cart=296" "Mozilla/5.0 (Linux; Android 6.0.1; Nexus 5X Build/MMB29P) AppleWebKit/537.36 (KHTML, like Gecko) Chrome/148.0.7778.96 Mobile Safari/537.36 (compatible; Googlebot/2.1; +http://www.google.com/bot.html)"
72.167.38.37 - - [17/Jun/2026:14:00:35 -0400] "GET /wp-login.php HTTP/1.1" 200 1844 "-" "Mozilla/5.0 (Macintosh; Intel Mac OS X 14_7_4) AppleWebKit/537.36 (KHTML, like Gecko) Chrome/133.0.0.0 Safari/537.36"
72.167.38.37 - - [17/Jun/2026:14:00:36 -0400] "POST /wp-login.php HTTP/1.1" 200 1946 "https://arominayurveda.lk/wp-login.php" "Mozilla/5.0 (Macintosh; Intel Mac OS X 14_7_4) AppleWebKit/537.36 (KHTML, like Gecko) Chrome/133.0.0.0 Safari/537.36"
199.188.200.224 - - [17/Jun/2026:14:00:38 -0400] "POST /wp-cron.php?doing_wp_cron=1781719238.0650451183319091796875 HTTP/1.1" 200 0 "-" "WordPress/7.0; https://arominayurveda.lk"
82.223.101.158 - - [17/Jun/2026:14:00:36 -0400] "POST /wp-login.php HTTP/1.1" 200 1946 "https://arominayurveda.lk/wp-login.php" "Mozilla/5.0 (Macintosh; Intel Mac OS X 11_7_10) AppleWebKit/537.36 (KHTML, like Gecko) Chrome/133.0.0.0 Safari/537.36"
78.142.18.172 - - [17/Jun/2026:14:09:13 -0400] "GET /wp-login.php HTTP/1.1" 200 1844 "-" "Mozilla/5.0 (X11; Ubuntu; Linux x86_64; rv:133.0) Gecko/20100101 Firefox/133.0"
78.142.18.172 - - [17/Jun/2026:14:09:13 -0400] "POST /wp-login.php HTTP/1.1" 200 1946 "https://arominayurveda.lk/wp-login.php" "Mozilla/5.0 (X11; Ubuntu; Linux x86_64; rv:133.0) Gecko/20100101 Firefox/133.0"
216.73.216.68 - - [17/Jun/2026:13:55:17 -0400] "GET /robots.txt HTTP/1.1" 404 1251 "-" "Mozilla/5.0 AppleWebKit/537.36 (KHTML, like Gecko; compatible; ClaudeBot/1.0; +claudebot@anthropic.com)"
82.223.101.158 - - [17/Jun/2026:14:00:35 -0400] "GET /wp-login.php HTTP/1.1" 200 1844 "-" "Mozilla/5.0 (Macintosh; Intel Mac OS X 11_7_10) AppleWebKit/537.36 (KHTML, like Gecko) Chrome/133.0.0.0 Safari/537.36"
45.236.128.46 - - [17/Jun/2026:14:09:11 -0400] "GET /wp-login.php HTTP/1.1" 200 1844 "-" "Mozilla/5.0 (Windows NT 10.0; Win64; x64) AppleWebKit/537.36 (KHTML, like Gecko) Chrome/133.0.0.0 Safari/537.36"
199.188.200.224 - - [17/Jun/2026:14:09:14 -0400] "POST /wp-cron.php?doing_wp_cron=1781719754.1751379966735839843750 HTTP/1.1" 200 0 "-" "WordPress/7.0; https://arominayurveda.lk"
45.236.128.46 - - [17/Jun/2026:14:09:12 -0400] "POST /wp-login.php HTTP/1.1" 200 1946 "https://arominayurveda.lk/wp-login.php" "Mozilla/5.0 (Windows NT 10.0; Win64; x64) AppleWebKit/537.36 (KHTML, like Gecko) Chrome/133.0.0.0 Safari/537.36"
64.89.162.172 - - [17/Jun/2026:14:18:25 -0400] "POST /wp-plain.php HTTP/1.1" 404 1251 "www.google.com" "Mozilla/5.0 (Linux; Android 7.0; SM-G892A Bulid/NRD90M; wv) AppleWebKit/537.36 (KHTML, like Gecko) Version/4.0 Chrome/60.0.3112.107 Moblie Safari/537.36"
64.89.162.172 - - [17/Jun/2026:14:18:25 -0400] "GET / HTTP/1.1" 200 19934 "-" "Mozlila/5.0 (Linux; Android 7.0; SM-G892A Bulid/NRD90M; wv) AppleWebKit/537.36 (KHTML, like Gecko) Version/4.0 Chrome/60.0.3112.107 Moblie Safari/537.36"
64.89.162.172 - - [17/Jun/2026:14:18:25 -0400] "GET /wp-content/themes/seotheme/db.php?u HTTP/1.1" 404 1251 "www.google.com" "Mozlila/5.0 (Linux; Android 7.0; SM-G892A Bulid/NRD90M; wv) AppleWebKit/537.36 (KHTML, like Gecko) Version/4.0 Chrome/60.0.3112.107 Moblie Safari/537.36"
64.89.162.172 - - [17/Jun/2026:14:18:26 -0400] "GET /yoayahjg.php?Fox=d3wL7 HTTP/1.1" 404 1251 "www.google.com" "Mozilla/5.0 (Linux; Android 7.0; SM-G892A Bulid/NRD90M; wv) AppleWebKit/537.36 (KHTML, like Gecko) Version/4.0 Chrome/60.0.3112.107 Moblie Safari/537.36"
64.89.162.172 - - [17/Jun/2026:14:18:27 -0400] "GET /plugins/content/apismtp/apismtp.php?test=hello HTTP/1.1" 404 1251 "-" "Mozlila/5.0 (Linux; Android 7.0; SM-G892A Bulid/NRD90M; wv) AppleWebKit/537.36 (KHTML, like Gecko) Version/4.0 Chrome/60.0.3112.107 Moblie Safari/537.36"
64.89.162.172 - - [17/Jun/2026:14:18:27 -0400] "GET /wp-content/plugins/apikey/apikey.php.suspected?test=hello HTTP/1.1" 404 1251 "-" "Mozlila/5.0 (Linux; Android 7.0; SM-G892A Bulid/NRD90M; wv) AppleWebKit/537.36 (KHTML, like Gecko) Version/4.0 Chrome/60.0.3112.107 Moblie Safari/537.36"
87.192.224.131 - - [17/Jun/2026:14:22:10 -0400] "GET /wp-login.php HTTP/1.1" 200 1844 "-" "Mozilla/5.0 (Windows NT 10.0; Win64; x64) AppleWebKit/537.36 (KHTML, like Gecko) Chrome/133.0.0.0 Safari/537.36 Edg/133.0.0.0"
87.192.224.131 - - [17/Jun/2026:14:22:13 -0400] "POST /wp-login.php HTTP/1.1" 200 1946 "https://arominayurveda.lk/wp-login.php" "Mozilla/5.0 (Windows NT 10.0; Win64; x64) AppleWebKit/537.36 (KHTML, like Gecko) Chrome/133.0.0.0 Safari/537.36 Edg/133.0.0.0"
64.89.162.172 - - [17/Jun/2026:14:18:25 -0400] "GET /wp-content/themes/seotheme/db.php?u HTTP/1.1" 404 1251 "www.google.com" "Mozlila/5.0 (Linux; Android 7.0; SM-G892A Bulid/NRD90M; wv) AppleWebKit/537.36 (KHTML, like Gecko) Version/4.0 Chrome/60.0.3112.107 Moblie Safari/537.36"
64.89.162.172 - - [17/Jun/2026:14:18:25 -0400] "GET /wp-content/plugins/fix/up.php HTTP/1.1" 404 1251 "-" "Mozilla/5.0 (Windows NT 10.0; Win64; x64) AppleWebKit/537.36 (KHTML, like Gecko) Chrome/85.0.4183.102 Safari/537.36"
64.89.162.172 - - [17/Jun/2026:14:18:26 -0400] "POST /ALFA_DATA/alfacgiapi/perl.alfa HTTP/1.1" 404 1251 "www.google.com" "Mozlila/5.0 (Linux; Android 7.0; SM-G892A Bulid/NRD90M; wv) AppleWebKit/537.36 (KHTML, like Gecko) Version/4.0 Chrome/60.0.3112.107 Moblie Safari/537.36"
64.89.162.172 - - [17/Jun/2026:14:18:26 -0400] "GET /wp-content/plugins/apikey/apikey.php?test=hello HTTP/1.1" 404 1251 "-" "Mozlila/5.0 (Linux; Android 7.0; SM-G892A Bulid/NRD90M; wv) AppleWebKit/537.36 (KHTML, like Gecko) Version/4.0 Chrome/60.0.3112.107 Moblie Safari/537.36"
64.89.162.172 - - [17/Jun/2026:14:18:26 -0400] "POST /alfacgiapi/perl.alfa HTTP/1.1" 404 1251 "www.google.com" "Mozlila/5.0 (Linux; Android 7.0; SM-G892A Bulid/NRD90M; wv) AppleWebKit/537.36 (KHTML, like Gecko) Version/4.0 Chrome/60.0.3112.107 Moblie Safari/537.36"
64.89.162.172 - - [17/Jun/2026:14:18:27 -0400] "GET /plugins/content/apismtp/apismtp.php.suspected?test=hello HTTP/1.1" 404 1251 "-" "Mozlila/5.0 (Linux; Android 7.0; SM-G892A Bulid/NRD90M; wv) AppleWebKit/537.36 (KHTML, like Gecko) Version/4.0 Chrome/60.0.3112.107 Moblie Safari/537.36"
199.188.200.224 - - [17/Jun/2026:14:22:15 -0400] "POST /wp-cron.php?doing_wp_cron=1781720534.9900729656219482421875 HTTP/1.1" 200 0 "-" "WordPress/7.0; https://arominayurveda.lk"
160.250.193.74 - - [17/Jun/2026:14:28:00 -0400] "GET /wp-login.php HTTP/1.1" 200 1844 "-" "Mozilla/5.0 (Macintosh; Intel Mac OS X 11_7_10) AppleWebKit/537.36 (KHTML, like Gecko) Chrome/133.0.0.0 Safari/537.36"
199.188.200.224 - - [17/Jun/2026:14:28:12 -0400] "POST /wp-cron.php?doing_wp_cron=1781720891.8995330333709716796875 HTTP/1.1" 200 0 "-" "WordPress/7.0; https://arominayurveda.lk"
160.250.193.74 - - [17/Jun/2026:14:28:09 -0400] "POST /wp-login.php HTTP/1.1" 200 1946 "https://arominayurveda.lk/wp-login.php" "Mozilla/5.0 (Macintosh; Intel Mac OS X 11_7_10) AppleWebKit/537.36 (KHTML, like Gecko) Chrome/133.0.0.0 Safari/537.36"
199.188.200.224 - - [17/Jun/2026:14:40:44 -0400] "POST /wp-cron.php?doing_wp_cron=1781721644.1185801029205322265625 HTTP/1.1" 200 0 "-" "WordPress/7.0; https://arominayurveda.lk"
185.55.229.75 - - [17/Jun/2026:14:40:42 -0400] "POST /wp-login.php HTTP/1.1" 200 1946 "https://arominayurveda.lk/wp-login.php" "Mozilla/5.0 (X11; Linux x86_64) AppleWebKit/537.36 (KHTML, like Gecko) Chrome/133.0.0.0 Safari/537.36 Edg/133.0.0.0"
20.9.17.155 - - [17/Jun/2026:14:40:56 -0400] "GET /wp-content/plugins/hellopress/wp_filemanager.php HTTP/1.1" 404 1251 "-" "-"
20.9.17.155 - - [17/Jun/2026:14:40:56 -0400] "GET /this_is_a_new_hello_world.php HTTP/1.1" 404 1251 "-" "-"
20.9.17.155 - - [17/Jun/2026:14:40:57 -0400] "GET /jj.php HTTP/1.1" 404 1251 "-" "-"
20.9.17.155 - - [17/Jun/2026:14:40:57 -0400] "GET /click.php HTTP/1.1" 404 1251 "-" "-"
20.9.17.155 - - [17/Jun/2026:14:40:57 -0400] "GET /222.php HTTP/1.1" 404 1251 "-" "-"
20.9.17.155 - - [17/Jun/2026:14:40:57 -0400] "GET /z60.php HTTP/1.1" 404 1251 "-" "-"
20.9.17.155 - - [17/Jun/2026:14:40:58 -0400] "GET /acp.php HTTP/1.1" 404 1251 "-" "-"
20.9.17.155 - - [17/Jun/2026:14:40:58 -0400] "GET /wp-home.php HTTP/1.1" 404 1251 "-" "-"
20.9.17.155 - - [17/Jun/2026:14:40:58 -0400] "GET /41.php HTTP/1.1" 404 1251 "-" "-"
20.9.17.155 - - [17/Jun/2026:14:40:59 -0400] "GET /pn.php HTTP/1.1" 404 1251 "-" "-"
20.9.17.155 - - [17/Jun/2026:14:41:00 -0400] "GET /fvvff.php HTTP/1.1" 404 1251 "-" "-"
20.9.17.155 - - [17/Jun/2026:14:41:01 -0400] "GET /x.php HTTP/1.1" 404 1251 "-" "-"
20.9.17.155 - - [17/Jun/2026:14:41:02 -0400] "GET /chosen.php HTTP/1.1" 404 1251 "-" "-"
20.9.17.155 - - [17/Jun/2026:14:41:02 -0400] "GET /mg.php HTTP/1.1" 404 1251 "-" "-"
20.9.17.155 - - [17/Jun/2026:14:41:02 -0400] "GET /abc.php HTTP/1.1" 404 1251 "-" "-"
20.9.17.155 - - [17/Jun/2026:14:41:02 -0400] "GET /2026w.php HTTP/1.1" 404 1251 "-" "-"
20.9.17.155 - - [17/Jun/2026:14:41:02 -0400] "GET /epinyins.php HTTP/1.1" 404 1251 "-" "-"
20.9.17.155 - - [17/Jun/2026:14:41:03 -0400] "GET /app.php HTTP/1.1" 404 1251 "-" "-"
20.9.17.155 - - [17/Jun/2026:14:41:03 -0400] "GET /wp-access.php HTTP/1.1" 404 1251 "-" "-"
20.9.17.155 - - [17/Jun/2026:14:41:04 -0400] "GET /aaf.php HTTP/1.1" 404 1251 "-" "-"
20.9.17.155 - - [17/Jun/2026:14:41:04 -0400] "GET /classwithtostring.php HTTP/1.1" 404 1251 "-" "-"
20.9.17.155 - - [17/Jun/2026:14:41:05 -0400] "GET /about.php HTTP/1.1" 404 1251 "-" "-"
20.9.17.155 - - [17/Jun/2026:14:41:05 -0400] "GET /wp-blog.php HTTP/1.1" 404 1251 "-" "-"
20.9.17.155 - - [17/Jun/2026:14:41:05 -0400] "GET /155.php HTTP/1.1" 404 1251 "-" "-"
20.9.17.155 - - [17/Jun/2026:14:41:06 -0400] "GET /amp.php HTTP/1.1" 404 1251 "-" "-"
20.9.17.155 - - [17/Jun/2026:14:41:06 -0400] "GET /hoeig.php HTTP/1.1" 404 1251 "-" "-"
20.9.17.155 - - [17/Jun/2026:14:41:07 -0400] "GET /motu.php HTTP/1.1" 404 1251 "-" "-"
20.9.17.155 - - [17/Jun/2026:14:41:07 -0400] "GET /wp-p2r3q9c8k4.php HTTP/1.1" 404 1251 "-" "-"
20.9.17.155 - - [17/Jun/2026:14:41:07 -0400] "GET /dass.php HTTP/1.1" 404 1251 "-" "-"
20.9.17.155 - - [17/Jun/2026:14:41:08 -0400] "GET /wen.php HTTP/1.1" 404 1251 "-" "-"
20.9.17.155 - - [17/Jun/2026:14:41:09 -0400] "GET /term.php HTTP/1.1" 404 1251 "-" "-"
20.9.17.155 - - [17/Jun/2026:14:41:09 -0400] "GET /asd.php HTTP/1.1" 404 1251 "-" "-"
20.9.17.155 - - [17/Jun/2026:14:41:09 -0400] "GET /wp-blogs.php HTTP/1.1" 404 1251 "-" "-"
20.9.17.155 - - [17/Jun/2026:14:41:09 -0400] "GET /666.php HTTP/1.1" 404 1251 "-" "-"
20.9.17.155 - - [17/Jun/2026:14:41:10 -0400] "GET /bgymj.php HTTP/1.1" 404 1251 "-" "-"
20.9.17.155 - - [17/Jun/2026:14:41:10 -0400] "GET /wp-blog-header.php HTTP/1.1" 200 0 "-" "-"
20.9.17.155 - - [17/Jun/2026:14:41:11 -0400] "GET /ajax.php HTTP/1.1" 404 1251 "-" "-"
20.9.17.155 - - [17/Jun/2026:14:41:11 -0400] "GET /uuu.php HTTP/1.1" 404 1251 "-" "-"
20.9.17.155 - - [17/Jun/2026:14:41:11 -0400] "GET /Cap.php HTTP/1.1" 404 1251 "-" "-"
20.9.17.155 - - [17/Jun/2026:14:41:11 -0400] "GET /8573.php HTTP/1.1" 404 1251 "-" "-"
20.9.17.155 - - [17/Jun/2026:14:41:12 -0400] "GET /asasx.php HTTP/1.1" 404 1251 "-" "-"
185.55.229.75 - - [17/Jun/2026:14:40:41 -0400] "GET /wp-login.php HTTP/1.1" 200 1844 "-" "Mozilla/5.0 (X11; Linux x86_64) AppleWebKit/537.36 (KHTML, like Gecko) Chrome/133.0.0.0 Safari/537.36 Edg/133.0.0.0"
20.9.17.155 - - [17/Jun/2026:14:40:58 -0400] "GET /xml.php HTTP/1.1" 404 1251 "-" "-"
20.9.17.155 - - [17/Jun/2026:14:40:58 -0400] "GET /t.php HTTP/1.1" 404 1251 "-" "-"
20.9.17.155 - - [17/Jun/2026:14:40:58 -0400] "GET /BDKR28WP.php HTTP/1.1" 404 1251 "-" "-"
20.9.17.155 - - [17/Jun/2026:14:40:59 -0400] "GET /crgio.php HTTP/1.1" 404 1251 "-" "-"
20.9.17.155 - - [17/Jun/2026:14:40:59 -0400] "GET /gm.php HTTP/1.1" 404 1251 "-" "-"
20.9.17.155 - - [17/Jun/2026:14:40:59 -0400] "GET /gecko.php HTTP/1.1" 404 1251 "-" "-"
20.9.17.155 - - [17/Jun/2026:14:41:00 -0400] "GET /gg.php HTTP/1.1" 404 1251 "-" "-"
20.9.17.155 - - [17/Jun/2026:14:41:00 -0400] "GET /co.php HTTP/1.1" 404 1251 "-" "-"
20.9.17.155 - - [17/Jun/2026:14:41:00 -0400] "GET /bolt.php HTTP/1.1" 404 1251 "-" "-"
20.9.17.155 - - [17/Jun/2026:14:41:01 -0400] "GET /info2.php HTTP/1.1" 404 1251 "-" "-"
20.9.17.155 - - [17/Jun/2026:14:41:01 -0400] "GET /wp-ac.php HTTP/1.1" 404 1251 "-" "-"
20.9.17.155 - - [17/Jun/2026:14:41:02 -0400] "GET /domains.php HTTP/1.1" 404 1251 "-" "-"
20.9.17.155 - - [17/Jun/2026:14:41:03 -0400] "GET /jp.php HTTP/1.1" 404 1251 "-" "-"
20.9.17.155 - - [17/Jun/2026:14:41:03 -0400] "GET /jga.php HTTP/1.1" 404 1251 "-" "-"
20.9.17.155 - - [17/Jun/2026:14:41:03 -0400] "GET /file5.php HTTP/1.1" 404 1251 "-" "-"
20.9.17.155 - - [17/Jun/2026:14:41:04 -0400] "GET /inputs.php HTTP/1.1" 404 1251 "-" "-"
20.9.17.155 - - [17/Jun/2026:14:41:04 -0400] "GET /tool.php HTTP/1.1" 404 1251 "-" "-"
20.9.17.155 - - [17/Jun/2026:14:41:04 -0400] "GET /file.php HTTP/1.1" 404 1251 "-" "-"
20.9.17.155 - - [17/Jun/2026:14:41:04 -0400] "GET /ms-edit.php HTTP/1.1" 404 1251 "-" "-"
20.9.17.155 - - [17/Jun/2026:14:41:05 -0400] "GET /lib.php HTTP/1.1" 404 1251 "-" "-"
20.9.17.155 - - [17/Jun/2026:14:41:05 -0400] "GET /mh.php HTTP/1.1" 404 1251 "-" "-"
20.9.17.155 - - [17/Jun/2026:14:41:05 -0400] "GET /gifclass.php HTTP/1.1" 404 1251 "-" "-"
20.9.17.155 - - [17/Jun/2026:14:41:06 -0400] "GET /edit.php HTTP/1.1" 404 1251 "-" "-"
20.9.17.155 - - [17/Jun/2026:14:41:07 -0400] "GET /ioxi-o.php HTTP/1.1" 404 1251 "-" "-"
20.9.17.155 - - [17/Jun/2026:14:41:07 -0400] "GET /public/vx.php HTTP/1.1" 404 1251 "-" "-"
20.9.17.155 - - [17/Jun/2026:14:41:07 -0400] "GET /fs.php HTTP/1.1" 404 1251 "-" "-"
20.9.17.155 - - [17/Jun/2026:14:41:07 -0400] "GET /lala.php HTTP/1.1" 404 1251 "-" "-"
20.9.17.155 - - [17/Jun/2026:14:41:08 -0400] "GET /wp-the.php HTTP/1.1" 404 1251 "-" "-"
20.9.17.155 - - [17/Jun/2026:14:41:08 -0400] "GET /a4.php HTTP/1.1" 404 1251 "-" "-"
20.9.17.155 - - [17/Jun/2026:14:41:09 -0400] "GET /a5.php HTTP/1.1" 404 1251 "-" "-"
20.9.17.155 - - [17/Jun/2026:14:41:10 -0400] "GET /gettest.php HTTP/1.1" 404 1251 "-" "-"
20.9.17.155 - - [17/Jun/2026:14:41:11 -0400] "GET /l.php HTTP/1.1" 404 1251 "-" "-"
20.9.17.155 - - [17/Jun/2026:14:41:11 -0400] "GET /wp-png.php HTTP/1.1" 404 1251 "-" "-"
20.9.17.155 - - [17/Jun/2026:14:41:11 -0400] "GET /levi.php HTTP/1.1" 404 1251 "-" "-"
20.9.17.155 - - [17/Jun/2026:14:41:12 -0400] "GET /SrHD3odefault.php HTTP/1.1" 404 1251 "-" "-"
20.9.17.155 - - [17/Jun/2026:14:41:12 -0400] "GET /tfm.php HTTP/1.1" 404 1251 "-" "-"
20.9.17.155 - - [17/Jun/2026:14:41:13 -0400] "GET /144.php HTTP/1.1" 404 1251 "-" "-"
20.9.17.155 - - [17/Jun/2026:14:41:13 -0400] "GET /ppp.php HTTP/1.1" 404 1251 "-" "-"
20.9.17.155 - - [17/Jun/2026:14:41:13 -0400] "GET /hehe.php HTTP/1.1" 404 1251 "-" "-"
20.9.17.155 - - [17/Jun/2026:14:41:13 -0400] "GET /166.php HTTP/1.1" 404 1251 "-" "-"
20.9.17.155 - - [17/Jun/2026:14:41:13 -0400] "GET /333.php HTTP/1.1" 404 1251 "-" "-"
20.9.17.155 - - [17/Jun/2026:14:41:14 -0400] "GET /amax.php HTTP/1.1" 404 1251 "-" "-"
20.9.17.155 - - [17/Jun/2026:14:41:14 -0400] "GET /wp-act.php HTTP/1.1" 404 1251 "-" "-"
20.9.17.155 - - [17/Jun/2026:14:41:15 -0400] "GET /albin.php HTTP/1.1" 404 1251 "-" "-"
20.9.17.155 - - [17/Jun/2026:14:41:13 -0400] "GET /ws77.php HTTP/1.1" 404 1251 "-" "-"
20.9.17.155 - - [17/Jun/2026:14:41:14 -0400] "GET /bootstrap.php HTTP/1.1" 404 1251 "-" "-"
20.9.17.155 - - [17/Jun/2026:14:41:14 -0400] "GET /wp-content/radio.php HTTP/1.1" 404 1251 "-" "-"
20.9.17.155 - - [17/Jun/2026:14:41:14 -0400] "GET /wp-good.php HTTP/1.1" 404 1251 "-" "-"
20.9.17.155 - - [17/Jun/2026:14:41:14 -0400] "GET /kj.php HTTP/1.1" 404 1251 "-" "-"
20.9.17.155 - - [17/Jun/2026:14:41:17 -0400] "GET /rithin.php HTTP/1.1" 404 1251 "-" "-"
20.9.17.155 - - [17/Jun/2026:14:41:17 -0400] "GET /bnm.php HTTP/1.1" 404 1251 "-" "-"
20.9.17.155 - - [17/Jun/2026:14:41:15 -0400] "GET /csv.php HTTP/1.1" 404 1251 "-" "-"
20.9.17.155 - - [17/Jun/2026:14:41:15 -0400] "GET /sg.php HTTP/1.1" 404 1251 "-" "-"
20.9.17.155 - - [17/Jun/2026:14:41:15 -0400] "GET /d12.php HTTP/1.1" 404 1251 "-" "-"
20.9.17.155 - - [17/Jun/2026:14:41:16 -0400] "GET /tx78.php HTTP/1.1" 404 1251 "-" "-"
20.9.17.155 - - [17/Jun/2026:14:41:17 -0400] "GET /8.php HTTP/1.1" 404 1251 "-" "-"
20.9.17.155 - - [17/Jun/2026:14:41:17 -0400] "GET /hplfuns.php HTTP/1.1" 404 1251 "-" "-"
20.9.17.155 - - [17/Jun/2026:14:41:18 -0400] "GET /sid3.php HTTP/1.1" 404 1251 "-" "-"
199.188.200.224 - - [17/Jun/2026:14:47:48 -0400] "POST /wp-cron.php?doing_wp_cron=1781722067.9581210613250732421875 HTTP/1.1" 200 0 "-" "WordPress/7.0; https://arominayurveda.lk"
66.249.77.33 - - [17/Jun/2026:14:48:27 -0400] "GET /wp-content/plugins/elementskit-lite/widgets/init/assets/css/responsive.css?ver=3.9.8 HTTP/1.1" 200 2707 "https://arominayurveda.lk/?post_type=product&add-to-cart=307" "Mozilla/5.0 (Linux; Android 6.0.1; Nexus 5X Build/MMB29P) AppleWebKit/537.36 (KHTML, like Gecko) Chrome/148.0.7778.96 Mobile Safari/537.36 (compatible; Googlebot/2.1; +http://www.google.com/bot.html)"
78.142.18.172 - - [17/Jun/2026:14:58:03 -0400] "GET /wp-login.php HTTP/1.1" 200 1844 "-" "Mozilla/5.0 (Windows NT 10.0; Win64; x64; rv:133.0) Gecko/20100101 Firefox/133.0"
152.53.111.131 - - [17/Jun/2026:14:58:06 -0400] "POST /wp-login.php HTTP/1.1" 200 1946 "https://arominayurveda.lk/wp-login.php" "Mozilla/5.0 (Macintosh; Intel Mac OS X 10_15_7) AppleWebKit/537.36 (KHTML, like Gecko) Chrome/133.0.0.0 Safari/537.36"
199.188.200.224 - - [17/Jun/2026:14:58:07 -0400] "POST /wp-cron.php?doing_wp_cron=1781722687.1350450515747070312500 HTTP/1.1" 200 0 "-" "WordPress/7.0; https://arominayurveda.lk"
78.142.18.172 - - [17/Jun/2026:14:58:05 -0400] "POST /wp-login.php HTTP/1.1" 200 1932 "https://arominayurveda.lk/wp-login.php" "Mozilla/5.0 (Windows NT 10.0; Win64; x64; rv:133.0) Gecko/20100101 Firefox/133.0"
66.249.77.43 - - [17/Jun/2026:14:47:45 -0400] "GET /robots.txt HTTP/1.1" 404 1251 "-" "Mozilla/5.0 (compatible; Googlebot/2.1; +http://www.google.com/bot.html)"
66.249.77.32 - - [17/Jun/2026:14:47:45 -0400] "GET /?post_type=product&add-to-cart=307 HTTP/1.1" 200 37189 "-" "Mozilla/5.0 (Linux; Android 6.0.1; Nexus 5X Build/MMB29P) AppleWebKit/537.36 (KHTML, like Gecko) Chrome/148.0.7778.96 Mobile Safari/537.36 (compatible; Googlebot/2.1; +http://www.google.com/bot.html)"
152.53.111.131 - - [17/Jun/2026:14:58:04 -0400] "GET /wp-login.php HTTP/1.1" 200 1844 "-" "Mozilla/5.0 (Macintosh; Intel Mac OS X 10_15_7) AppleWebKit/537.36 (KHTML, like Gecko) Chrome/133.0.0.0 Safari/537.36"
162.254.36.150 - - [17/Jun/2026:15:05:39 -0400] "GET /wp-login.php HTTP/1.1" 200 1844 "-" "Mozilla/5.0 (Macintosh; Intel Mac OS X 10_15_7) AppleWebKit/537.36 (KHTML, like Gecko) Chrome/133.0.0.0 Safari/537.36 Edg/133.0.0.0"
213.171.208.62 - - [17/Jun/2026:15:05:39 -0400] "GET /wp-login.php HTTP/1.1" 200 1844 "-" "Mozilla/5.0 (Macintosh; Intel Mac OS X 10_15_7) AppleWebKit/537.36 (KHTML, like Gecko) Chrome/133.0.0.0 Safari/537.36"
66.249.77.32 - - [17/Jun/2026:15:05:48 -0400] "GET /?paged=2&post_type=product&add-to-cart=260 HTTP/1.1" 200 35148 "-" "Mozilla/5.0 (Linux; Android 6.0.1; Nexus 5X Build/MMB29P) AppleWebKit/537.36 (KHTML, like Gecko) Chrome/148.0.7778.96 Mobile Safari/537.36 (compatible; Googlebot/2.1; +http://www.google.com/bot.html)"
162.254.36.150 - - [17/Jun/2026:15:05:39 -0400] "POST /wp-login.php HTTP/1.1" 200 1946 "https://arominayurveda.lk/wp-login.php" "Mozilla/5.0 (Macintosh; Intel Mac OS X 10_15_7) AppleWebKit/537.36 (KHTML, like Gecko) Chrome/133.0.0.0 Safari/537.36 Edg/133.0.0.0"
199.188.200.224 - - [17/Jun/2026:15:05:41 -0400] "POST /wp-cron.php?doing_wp_cron=1781723141.2935290336608886718750 HTTP/1.1" 200 0 "-" "WordPress/7.0; https://arominayurveda.lk"
213.171.208.62 - - [17/Jun/2026:15:05:40 -0400] "POST /wp-login.php HTTP/1.1" 200 1939 "https://arominayurveda.lk/wp-login.php" "Mozilla/5.0 (Macintosh; Intel Mac OS X 10_15_7) AppleWebKit/537.36 (KHTML, like Gecko) Chrome/133.0.0.0 Safari/537.36"
216.73.216.68 - - [17/Jun/2026:15:07:46 -0400] "GET /robots.txt HTTP/1.1" 404 1251 "-" "Mozilla/5.0 AppleWebKit/537.36 (KHTML, like Gecko; compatible; ClaudeBot/1.0; +claudebot@anthropic.com)"
216.73.216.55 - - [17/Jun/2026:15:17:27 -0400] "GET /sitemap.xml HTTP/1.1" 404 1251 "-" "Mozilla/5.0 AppleWebKit/537.36 (KHTML, like Gecko; compatible; Claude-SearchBot/1.0; +searchbot@anthropic.com)"
152.53.111.131 - - [17/Jun/2026:15:22:36 -0400] "GET /wp-login.php HTTP/1.1" 200 1844 "-" "Mozilla/5.0 (X11; Fedora; Linux x86_64) AppleWebKit/537.36 (KHTML, like Gecko) Chrome/133.0.0.0 Safari/537.36"
20.219.17.202 - - [17/Jun/2026:15:22:36 -0400] "POST /wp-login.php HTTP/1.1" 200 1946 "https://arominayurveda.lk/wp-login.php" "Mozilla/5.0 (X11; Ubuntu; Linux x86_64) AppleWebKit/537.36 (KHTML, like Gecko) Chrome/133.0.0.0 Safari/537.36"
179.60.149.105 - - [17/Jun/2026:15:28:49 -0400] "POST /wp-content/plugins/w3-total-cache/vendor/aws/aws-sdk-php/src/S3/RegionalEndpoint/Exception/tahomab.php HTTP/1.1" 200 33 "-" "Mozilla/5.0 (Macintosh; Intel Mac OS X 10_15_7) AppleWebKit/537.36 (KHTML, like Gecko) Chrome/120.0.0.0 Safari/537.36"
