74.125.218.43 - - [18/Jun/2026:00:03:54 -0400] "GET /wp-content/plugins/woocommerce/assets/js/jquery-blockui/jquery.blockUI.min.js?ver=2.7.0-wc.10.8.1 HTTP/1.1" 304 0 "https://arominayurveda.lk/?product=neeri-tablet" "Mozilla/5.0 (X11; Linux x86_64) AppleWebKit/537.36 (KHTML, like Gecko) Chrome/148.0.7778.96 Safari/537.36"
74.125.218.43 - - [18/Jun/2026:00:03:54 -0400] "GET /wp-content/plugins/woocommerce/assets/js/frontend/woocommerce.min.js?ver=10.8.1 HTTP/1.1" 304 0 "https://arominayurveda.lk/?product=neeri-tablet" "Mozilla/5.0 (X11; Linux x86_64) AppleWebKit/537.36 (KHTML, like Gecko) Chrome/148.0.7778.96 Safari/537.36"
74.125.218.43 - - [18/Jun/2026:00:03:55 -0400] "GET /wp-content/plugins/woocommerce/assets/js/photoswipe/photoswipe.min.js?ver=4.1.1-wc.10.8.1 HTTP/1.1" 304 0 "https://arominayurveda.lk/?product=neeri-tablet" "Mozilla/5.0 (X11; Linux x86_64) AppleWebKit/537.36 (KHTML, like Gecko) Chrome/148.0.7778.96 Safari/537.36"
74.125.218.32 - - [18/Jun/2026:00:03:56 -0400] "GET /index.php?rest_route=/wc/store/v1/cart HTTP/1.1" 200 1021 "https://arominayurveda.lk/?product=neeri-tablet" "Mozilla/5.0 (X11; Linux x86_64) AppleWebKit/537.36 (KHTML, like Gecko) Chrome/148.0.7778.96 Safari/537.36"
91.92.42.63 - - [18/Jun/2026:00:07:25 -0400] "GET /appsettings.json HTTP/1.1" 404 1251 "http://arominayurveda.lk/appsettings.json" "Mozilla/5.0 (Macintosh; Intel Mac OS X 10_15_7) AppleWebKit/605.1.15 (KHTML, like Gecko) Version/17.6 Safari/605.1.15"
91.92.42.63 - - [18/Jun/2026:00:07:25 -0400] "GET /info.php HTTP/1.1" 404 1251 "http://arominayurveda.lk/info.php" "Mozilla/5.0 (Macintosh; Intel Mac OS X 10_15_7) AppleWebKit/537.36 (KHTML, like Gecko) Chrome/131.0.0.0 Safari/537.36"
91.92.42.63 - - [18/Jun/2026:00:09:38 -0400] "GET /composer.json HTTP/1.1" 404 1251 "http://arominayurveda.lk/composer.json" "Mozilla/5.0 (Windows NT 10.0; Win64; x64; rv:133.0) Gecko/20100101 Firefox/133.0"
91.92.42.63 - - [18/Jun/2026:00:09:38 -0400] "GET /.env.bak HTTP/1.1" 404 1251 "http://arominayurveda.lk/.env.bak" "Mozilla/5.0 (Macintosh; Intel Mac OS X 10_15_7) AppleWebKit/605.1.15 (KHTML, like Gecko) Version/17.6 Safari/605.1.15"
91.92.42.63 - - [18/Jun/2026:00:09:38 -0400] "GET /database.php HTTP/1.1" 404 1251 "http://arominayurveda.lk/database.php" "Mozilla/5.0 (X11; Linux x86_64; rv:133.0) Gecko/20100101 Firefox/133.0"
91.92.42.63 - - [18/Jun/2026:00:09:38 -0400] "GET /db.php HTTP/1.1" 404 1251 "http://arominayurveda.lk/db.php" "Mozilla/5.0 (Linux; Android 14; Pixel 8) AppleWebKit/537.36 (KHTML, like Gecko) Chrome/131.0.0.0 Mobile Safari/537.36"
91.92.42.63 - - [18/Jun/2026:00:09:38 -0400] "GET /settings.php HTTP/1.1" 404 1251 "http://arominayurveda.lk/settings.php" "Mozilla/5.0 (Windows NT 10.0; Win64; x64) AppleWebKit/537.36 (KHTML, like Gecko) Chrome/131.0.0.0 Safari/537.36 Edg/131.0.0.0"
91.92.42.63 - - [18/Jun/2026:00:09:39 -0400] "GET /docker-compose.yml HTTP/1.1" 404 1251 "http://arominayurveda.lk/docker-compose.yml" "Mozilla/5.0 (X11; Linux x86_64; rv:133.0) Gecko/20100101 Firefox/133.0"
91.92.42.63 - - [18/Jun/2026:00:10:59 -0400] "GET /test.php HTTP/1.1" 404 1251 "http://arominayurveda.lk/test.php" "Mozilla/5.0 (Linux; Android 14; Pixel 8) AppleWebKit/537.36 (KHTML, like Gecko) Chrome/131.0.0.0 Mobile Safari/537.36"
91.92.42.63 - - [18/Jun/2026:00:10:59 -0400] "GET /config/parameters.yml HTTP/1.1" 404 1251 "http://arominayurveda.lk/config/parameters.yml" "Mozilla/5.0 (Windows NT 10.0; Win64; x64) AppleWebKit/537.36 (KHTML, like Gecko) Chrome/130.0.0.0 Safari/537.36"
91.92.42.63 - - [18/Jun/2026:00:10:59 -0400] "GET /phpinfo/info.php HTTP/1.1" 404 1251 "http://arominayurveda.lk/phpinfo/info.php" "Mozilla/5.0 (Windows NT 10.0; Win64; x64) AppleWebKit/537.36 (KHTML, like Gecko) Chrome/130.0.0.0 Safari/537.36"
91.92.42.63 - - [18/Jun/2026:00:10:59 -0400] "GET /server_info.php HTTP/1.1" 404 1251 "http://arominayurveda.lk/server_info.php" "Mozilla/5.0 (X11; Linux x86_64; rv:133.0) Gecko/20100101 Firefox/133.0"
74.125.218.43 - - [18/Jun/2026:00:03:54 -0400] "GET /wp-content/plugins/woocommerce/assets/js/flexslider/jquery.flexslider.min.js?ver=2.7.2-wc.10.8.1 HTTP/1.1" 304 0 "https://arominayurveda.lk/?product=neeri-tablet" "Mozilla/5.0 (X11; Linux x86_64) AppleWebKit/537.36 (KHTML, like Gecko) Chrome/148.0.7778.96 Safari/537.36"
74.125.218.43 - - [18/Jun/2026:00:03:55 -0400] "GET /wp-content/plugins/woocommerce/assets/js/photoswipe/photoswipe-ui-default.min.js?ver=4.1.1-wc.10.8.1 HTTP/1.1" 304 0 "https://arominayurveda.lk/?product=neeri-tablet" "Mozilla/5.0 (X11; Linux x86_64) AppleWebKit/537.36 (KHTML, like Gecko) Chrome/148.0.7778.96 Safari/537.36"
74.125.218.32 - - [18/Jun/2026:00:03:55 -0400] "GET /wp-content/plugins/woocommerce/assets/js/frontend/single-product.min.js?ver=10.8.1 HTTP/1.1" 304 0 "https://arominayurveda.lk/?product=neeri-tablet" "Mozilla/5.0 (X11; Linux x86_64) AppleWebKit/537.36 (KHTML, like Gecko) Chrome/148.0.7778.96 Safari/537.36"
74.125.218.32 - - [18/Jun/2026:00:03:55 -0400] "GET /wp-includes/js/dist/script-modules/block-library/navigation/view.min.js?ver=96a846e1d7b789c39ab9 HTTP/1.1" 304 0 "https://arominayurveda.lk/?product=neeri-tablet" "Mozilla/5.0 (X11; Linux x86_64) AppleWebKit/537.36 (KHTML, like Gecko) Chrome/148.0.7778.96 Safari/537.36"
91.92.42.63 - - [18/Jun/2026:00:07:25 -0400] "GET /.env HTTP/1.1" 404 1251 "http://arominayurveda.lk/.env" "Mozilla/5.0 (Linux; Android 14; Pixel 8) AppleWebKit/537.36 (KHTML, like Gecko) Chrome/131.0.0.0 Mobile Safari/537.36"
91.92.42.63 - - [18/Jun/2026:00:07:25 -0400] "GET /config.php HTTP/1.1" 404 1251 "http://arominayurveda.lk/config.php" "Mozilla/5.0 (Macintosh; Intel Mac OS X 10.15; rv:133.0) Gecko/20100101 Firefox/133.0"
91.92.42.63 - - [18/Jun/2026:00:07:25 -0400] "GET /app.js HTTP/1.1" 404 1251 "http://arominayurveda.lk/app.js" "Mozilla/5.0 (Macintosh; Intel Mac OS X 10.15; rv:133.0) Gecko/20100101 Firefox/133.0"
91.92.42.63 - - [18/Jun/2026:00:07:25 -0400] "GET /phpinfo.php HTTP/1.1" 404 1251 "http://arominayurveda.lk/phpinfo.php" "Mozilla/5.0 (Macintosh; Intel Mac OS X 10.15; rv:133.0) Gecko/20100101 Firefox/133.0"
91.92.42.63 - - [18/Jun/2026:00:09:38 -0400] "GET /application.yml HTTP/1.1" 404 1251 "http://arominayurveda.lk/application.yml" "Mozilla/5.0 (X11; Linux x86_64; rv:133.0) Gecko/20100101 Firefox/133.0"
91.92.42.63 - - [18/Jun/2026:00:09:38 -0400] "GET /.gitconfig HTTP/1.1" 404 1251 "http://arominayurveda.lk/.gitconfig" "Mozilla/5.0 (Windows NT 10.0; Win64; x64; rv:133.0) Gecko/20100101 Firefox/133.0"
91.92.42.63 - - [18/Jun/2026:00:09:38 -0400] "GET /web.config HTTP/1.1" 404 1251 "http://arominayurveda.lk/web.config" "Mozilla/5.0 (Windows NT 10.0; Win64; x64) AppleWebKit/537.36 (KHTML, like Gecko) Chrome/131.0.0.0 Safari/537.36 Edg/131.0.0.0"
91.92.42.63 - - [18/Jun/2026:00:10:59 -0400] "GET /app/config/parameters.yml HTTP/1.1" 404 1251 "http://arominayurveda.lk/app/config/parameters.yml" "Mozilla/5.0 (X11; Linux x86_64; rv:133.0) Gecko/20100101 Firefox/133.0"
91.92.42.63 - - [18/Jun/2026:00:11:00 -0400] "GET /settings.py HTTP/1.1" 404 1251 "http://arominayurveda.lk/settings.py" "Mozilla/5.0 (Macintosh; Intel Mac OS X 10_15_7) AppleWebKit/537.36 (KHTML, like Gecko) Chrome/131.0.0.0 Safari/537.36"
91.92.42.63 - - [18/Jun/2026:00:11:00 -0400] "GET /config/application.yml HTTP/1.1" 404 1251 "http://arominayurveda.lk/config/application.yml" "Mozilla/5.0 (X11; Linux x86_64) AppleWebKit/537.36 (KHTML, like Gecko) Chrome/131.0.0.0 Safari/537.36"
91.92.42.63 - - [18/Jun/2026:00:11:00 -0400] "GET /pinfo.php HTTP/1.1" 404 1251 "http://arominayurveda.lk/pinfo.php" "Mozilla/5.0 (X11; Linux x86_64) AppleWebKit/537.36 (KHTML, like Gecko) Chrome/131.0.0.0 Safari/537.36"
91.92.42.63 - - [18/Jun/2026:00:11:00 -0400] "GET /.aws/credentials HTTP/1.1" 404 1251 "http://arominayurveda.lk/.aws/credentials" "Mozilla/5.0 (Windows NT 10.0; Win64; x64) AppleWebKit/537.36 (KHTML, like Gecko) Chrome/131.0.0.0 Safari/537.36 Edg/131.0.0.0"
91.92.42.63 - - [18/Jun/2026:00:11:00 -0400] "GET /configuration.php HTTP/1.1" 404 1251 "http://arominayurveda.lk/configuration.php" "Mozilla/5.0 (X11; Linux x86_64) AppleWebKit/537.36 (KHTML, like Gecko) Chrome/131.0.0.0 Safari/537.36"
91.92.42.63 - - [18/Jun/2026:00:11:00 -0400] "GET /config.json HTTP/1.1" 404 1251 "http://arominayurveda.lk/config.json" "Mozilla/5.0 (Macintosh; Intel Mac OS X 10_15_7) AppleWebKit/537.36 (KHTML, like Gecko) Chrome/131.0.0.0 Safari/537.36"
91.92.42.63 - - [18/Jun/2026:00:11:00 -0400] "GET /functions.php HTTP/1.1" 404 1251 "http://arominayurveda.lk/functions.php" "Mozilla/5.0 (Linux; Android 14; Pixel 8) AppleWebKit/537.36 (KHTML, like Gecko) Chrome/131.0.0.0 Mobile Safari/537.36"
104.37.86.14 - - [18/Jun/2026:00:11:16 -0400] "GET /wp-login.php HTTP/1.1" 200 1844 "-" "Mozilla/5.0 (Macintosh; Intel Mac OS X 10_15_7) AppleWebKit/537.36 (KHTML, like Gecko) Chrome/133.0.0.0 Safari/537.36 Edg/133.0.0.0"
104.37.86.14 - - [18/Jun/2026:00:11:16 -0400] "POST /wp-login.php HTTP/1.1" 200 1944 "https://arominayurveda.lk/wp-login.php" "Mozilla/5.0 (Macintosh; Intel Mac OS X 10_15_7) AppleWebKit/537.36 (KHTML, like Gecko) Chrome/133.0.0.0 Safari/537.36 Edg/133.0.0.0"
168.63.79.147 - - [18/Jun/2026:00:11:21 -0400] "GET /wp-login.php HTTP/1.1" 200 1844 "-" "Mozilla/5.0 (Macintosh; Intel Mac OS X 10_15_7) AppleWebKit/537.36 (KHTML, like Gecko) Chrome/133.0.0.0 Safari/537.36"
168.63.79.147 - - [18/Jun/2026:00:11:23 -0400] "POST /wp-login.php HTTP/1.1" 200 1944 "https://arominayurveda.lk/wp-login.php" "Mozilla/5.0 (Macintosh; Intel Mac OS X 10_15_7) AppleWebKit/537.36 (KHTML, like Gecko) Chrome/133.0.0.0 Safari/537.36"
91.92.42.63 - - [18/Jun/2026:00:11:00 -0400] "GET /php_info.php HTTP/1.1" 404 1251 "http://arominayurveda.lk/php_info.php" "Mozilla/5.0 (Macintosh; Intel Mac OS X 10_15_7) AppleWebKit/537.36 (KHTML, like Gecko) Chrome/131.0.0.0 Safari/537.36"
91.92.42.63 - - [18/Jun/2026:00:11:00 -0400] "GET /.env.js HTTP/1.1" 404 1251 "http://arominayurveda.lk/.env.js" "Mozilla/5.0 (Linux; Android 14; Pixel 8) AppleWebKit/537.36 (KHTML, like Gecko) Chrome/131.0.0.0 Mobile Safari/537.36"
91.92.42.63 - - [18/Jun/2026:00:11:00 -0400] "GET /portal/phpinfo.php HTTP/1.1" 404 1251 "http://arominayurveda.lk/portal/phpinfo.php" "Mozilla/5.0 (Windows NT 10.0; Win64; x64) AppleWebKit/537.36 (KHTML, like Gecko) Chrome/131.0.0.0 Safari/537.36 Edg/131.0.0.0"
91.92.42.63 - - [18/Jun/2026:00:11:00 -0400] "GET /.env-config.js HTTP/1.1" 404 1251 "http://arominayurveda.lk/.env-config.js" "Mozilla/5.0 (Macintosh; Intel Mac OS X 10_15_7) AppleWebKit/605.1.15 (KHTML, like Gecko) Version/17.6 Safari/605.1.15"
199.188.200.224 - - [18/Jun/2026:00:11:02 -0400] "POST /wp-cron.php?doing_wp_cron=1781755862.3844170570373535156250 HTTP/1.1" 200 0 "-" "WordPress/7.0; https://arominayurveda.lk"
91.92.42.63 - - [18/Jun/2026:00:11:00 -0400] "GET /index.php HTTP/1.1" 301 0 "http://arominayurveda.lk/index.php" "Mozilla/5.0 (X11; Linux x86_64; rv:133.0) Gecko/20100101 Firefox/133.0"
199.188.200.224 - - [18/Jun/2026:00:11:24 -0400] "POST /wp-cron.php?doing_wp_cron=1781755884.3799560070037841796875 HTTP/1.1" 200 0 "-" "WordPress/7.0; https://arominayurveda.lk"
143.198.203.76 - - [18/Jun/2026:00:26:13 -0400] "GET /wp-login.php HTTP/1.1" 200 1844 "-" "Mozilla/5.0 (X11; Ubuntu; Linux x86_64) AppleWebKit/537.36 (KHTML, like Gecko) Chrome/133.0.0.0 Safari/537.36"
199.188.200.224 - - [18/Jun/2026:00:32:20 -0400] "POST /wp-cron.php?doing_wp_cron=1781757140.0437669754028320312500 HTTP/1.1" 200 0 "-" "WordPress/7.0; https://arominayurveda.lk"
199.188.200.224 - - [18/Jun/2026:00:26:16 -0400] "POST /wp-cron.php?doing_wp_cron=1781756776.7175209522247314453125 HTTP/1.1" 200 0 "-" "WordPress/7.0; https://arominayurveda.lk"
143.198.203.76 - - [18/Jun/2026:00:26:14 -0400] "POST /wp-login.php HTTP/1.1" 200 1944 "https://arominayurveda.lk/wp-login.php" "Mozilla/5.0 (X11; Ubuntu; Linux x86_64) AppleWebKit/537.36 (KHTML, like Gecko) Chrome/133.0.0.0 Safari/537.36"
162.254.36.150 - - [18/Jun/2026:00:32:17 -0400] "GET /wp-login.php HTTP/1.1" 200 1844 "-" "Mozilla/5.0 (X11; Fedora; Linux x86_64) AppleWebKit/537.36 (KHTML, like Gecko) Chrome/133.0.0.0 Safari/537.36"
162.254.36.150 - - [18/Jun/2026:00:32:18 -0400] "POST /wp-login.php HTTP/1.1" 200 1931 "https://arominayurveda.lk/wp-login.php" "Mozilla/5.0 (X11; Fedora; Linux x86_64) AppleWebKit/537.36 (KHTML, like Gecko) Chrome/133.0.0.0 Safari/537.36"
199.188.200.224 - - [18/Jun/2026:00:46:17 -0400] "POST /wp-cron.php?doing_wp_cron=1781757977.6158900260925292968750 HTTP/1.1" 200 0 "-" "WordPress/7.0; https://arominayurveda.lk"
199.188.200.224 - - [18/Jun/2026:00:51:09 -0400] "POST /wp-cron.php?doing_wp_cron=1781758269.8265509605407714843750 HTTP/1.1" 200 0 "-" "WordPress/7.0; https://arominayurveda.lk"
152.53.111.131 - - [18/Jun/2026:00:46:14 -0400] "GET /wp-login.php HTTP/1.1" 200 1844 "-" "Mozilla/5.0 (Macintosh; Intel Mac OS X 10_15_7) AppleWebKit/537.36 (KHTML, like Gecko) Chrome/133.0.0.0 Safari/537.36 Edg/133.0.0.0"
152.53.111.131 - - [18/Jun/2026:00:46:15 -0400] "POST /wp-login.php HTTP/1.1" 200 1944 "https://arominayurveda.lk/wp-login.php" "Mozilla/5.0 (Macintosh; Intel Mac OS X 10_15_7) AppleWebKit/537.36 (KHTML, like Gecko) Chrome/133.0.0.0 Safari/537.36 Edg/133.0.0.0"
78.142.18.172 - - [18/Jun/2026:00:51:07 -0400] "GET /wp-login.php HTTP/1.1" 200 1844 "-" "Mozilla/5.0 (Windows NT 10.0; Win64; x64; rv:133.0) Gecko/20100101 Firefox/133.0"
78.142.18.172 - - [18/Jun/2026:00:51:07 -0400] "POST /wp-login.php HTTP/1.1" 200 1931 "https://arominayurveda.lk/wp-login.php" "Mozilla/5.0 (Windows NT 10.0; Win64; x64; rv:133.0) Gecko/20100101 Firefox/133.0"
173.236.215.92 - - [18/Jun/2026:01:06:33 -0400] "GET /wp-login.php HTTP/1.1" 200 1844 "-" "Mozilla/5.0 (Windows NT 10.0; Win64; x64) AppleWebKit/537.36 (KHTML, like Gecko) Chrome/133.0.0.0 Safari/537.36"
143.110.183.208 - - [18/Jun/2026:01:06:33 -0400] "GET /wp-login.php HTTP/1.1" 200 1844 "-" "Mozilla/5.0 (X11; Ubuntu; Linux x86_64; rv:133.0) Gecko/20100101 Firefox/133.0"
199.188.200.224 - - [18/Jun/2026:01:06:35 -0400] "POST /wp-cron.php?doing_wp_cron=1781759195.5033130645751953125000 HTTP/1.1" 200 0 "-" "WordPress/7.0; https://arominayurveda.lk"
173.236.215.92 - - [18/Jun/2026:01:06:33 -0400] "POST /wp-login.php HTTP/1.1" 200 1944 "https://arominayurveda.lk/wp-login.php" "Mozilla/5.0 (Windows NT 10.0; Win64; x64) AppleWebKit/537.36 (KHTML, like Gecko) Chrome/133.0.0.0 Safari/537.36"
143.110.183.208 - - [18/Jun/2026:01:06:34 -0400] "POST /wp-login.php HTTP/1.1" 200 1944 "https://arominayurveda.lk/wp-login.php" "Mozilla/5.0 (X11; Ubuntu; Linux x86_64; rv:133.0) Gecko/20100101 Firefox/133.0"
216.73.216.150 - - [18/Jun/2026:01:12:52 -0400] "GET /sitemap.xml HTTP/1.1" 404 1251 "-" "Mozilla/5.0 AppleWebKit/537.36 (KHTML, like Gecko; compatible; Claude-SearchBot/1.0; +searchbot@anthropic.com)"
216.73.216.68 - - [18/Jun/2026:01:10:29 -0400] "GET /robots.txt HTTP/1.1" 404 1251 "-" "Mozilla/5.0 AppleWebKit/537.36 (KHTML, like Gecko; compatible; ClaudeBot/1.0; +claudebot@anthropic.com)"
199.188.200.224 - - [18/Jun/2026:01:30:43 -0400] "POST /wp-cron.php?doing_wp_cron=1781760643.5434870719909667968750 HTTP/1.1" 200 0 "-" "WordPress/7.0; https://arominayurveda.lk"
103.127.30.137 - - [18/Jun/2026:01:30:40 -0400] "GET /wp-login.php HTTP/1.1" 200 1844 "-" "Mozilla/5.0 (Windows NT 10.0; Win64; x64) AppleWebKit/537.36 (KHTML, like Gecko) Chrome/133.0.0.0 Safari/537.36 Edg/133.0.0.0"
103.127.30.137 - - [18/Jun/2026:01:30:41 -0400] "POST /wp-login.php HTTP/1.1" 200 1944 "https://arominayurveda.lk/wp-login.php" "Mozilla/5.0 (Windows NT 10.0; Win64; x64) AppleWebKit/537.36 (KHTML, like Gecko) Chrome/133.0.0.0 Safari/537.36 Edg/133.0.0.0"
Save File
Cancel