82.102.18.222 - - [17/Jun/2026:21:48:56 -0400] "GET /wp-admin/css/colors/ HTTP/1.1" 403 1242 "-" "-"
82.102.18.222 - - [17/Jun/2026:21:48:57 -0400] "GET /sites/default/files/ HTTP/1.1" 404 1251 "-" "-"
82.102.18.222 - - [17/Jun/2026:21:48:27 -0400] "GET /wp-content/uploads/ HTTP/1.1" 403 1242 "-" "-"
82.102.18.222 - - [17/Jun/2026:21:48:28 -0400] "GET /wp-includes/css/ HTTP/1.1" 403 1242 "-" "-"
82.102.18.222 - - [17/Jun/2026:21:48:29 -0400] "GET /wp-includes/IXR/ HTTP/1.1" 403 1242 "-" "-"
82.102.18.222 - - [17/Jun/2026:21:48:32 -0400] "GET /wp-includes/Text/Diff/Renderer/ HTTP/1.1" 403 1242 "-" "-"
82.102.18.222 - - [17/Jun/2026:21:48:33 -0400] "GET /wp-includes/certificates/ HTTP/1.1" 403 1242 "-" "-"
82.102.18.222 - - [17/Jun/2026:21:48:34 -0400] "GET /wp-includes/fonts/ HTTP/1.1" 403 1242 "-" "-"
82.102.18.222 - - [17/Jun/2026:21:48:34 -0400] "GET /wp-includes/images/ HTTP/1.1" 403 1242 "-" "-"
82.102.18.222 - - [17/Jun/2026:21:48:34 -0400] "GET /.well-known/ HTTP/1.1" 403 1242 "-" "-"
82.102.18.222 - - [17/Jun/2026:21:48:35 -0400] "GET /.well-knownold/ HTTP/1.1" 404 1251 "-" "-"
82.102.18.222 - - [17/Jun/2026:21:48:35 -0400] "GET /.well-known/acme-challenge/ HTTP/1.1" 404 1251 "-" "-"
82.102.18.222 - - [17/Jun/2026:21:48:36 -0400] "GET /index/ HTTP/1.1" 404 1251 "-" "-"
82.102.18.222 - - [17/Jun/2026:21:48:39 -0400] "GET /admin/uploads/ HTTP/1.1" 404 1251 "-" "-"
82.102.18.222 - - [17/Jun/2026:21:48:40 -0400] "GET /images/ HTTP/1.1" 404 1251 "-" "-"
82.102.18.222 - - [17/Jun/2026:21:48:40 -0400] "GET /assets/ HTTP/1.1" 404 1251 "-" "-"
82.102.18.222 - - [17/Jun/2026:21:48:41 -0400] "GET /vendor/phpunit/phpunit/src/Util/PHP/ HTTP/1.1" 404 1251 "-" "-"
82.102.18.222 - - [17/Jun/2026:21:48:43 -0400] "GET /local/ HTTP/1.1" 404 1251 "-" "-"
82.102.18.222 - - [17/Jun/2026:21:48:43 -0400] "GET /modules/ HTTP/1.1" 404 1251 "-" "-"
82.102.18.222 - - [17/Jun/2026:21:48:44 -0400] "GET /system/ HTTP/1.1" 404 1251 "-" "-"
82.102.18.222 - - [17/Jun/2026:21:48:44 -0400] "GET /template/ HTTP/1.1" 404 1251 "-" "-"
82.102.18.222 - - [17/Jun/2026:21:48:45 -0400] "GET /shop/ HTTP/1.1" 404 1251 "-" "-"
82.102.18.222 - - [17/Jun/2026:21:48:46 -0400] "GET /admin/editor/ HTTP/1.1" 404 1251 "-" "-"
82.102.18.222 - - [17/Jun/2026:21:48:46 -0400] "GET /include/ HTTP/1.1" 404 1251 "-" "-"
82.102.18.222 - - [17/Jun/2026:21:48:46 -0400] "GET /Assets/ HTTP/1.1" 404 1251 "-" "-"
82.102.18.222 - - [17/Jun/2026:21:48:47 -0400] "GET /images/stories/ HTTP/1.1" 404 1251 "-" "-"
82.102.18.222 - - [17/Jun/2026:21:48:49 -0400] "GET /wp-admin/maint/ HTTP/1.1" 403 1242 "-" "-"
82.102.18.222 - - [17/Jun/2026:21:48:49 -0400] "GET /wp-content/plugins/akismet/ HTTP/1.1" 403 1242 "-" "-"
82.102.18.222 - - [17/Jun/2026:21:48:51 -0400] "GET /wp-includes/block-supports/ HTTP/1.1" 403 1242 "-" "-"
82.102.18.222 - - [17/Jun/2026:21:48:51 -0400] "GET /wp-includes/js/ HTTP/1.1" 403 1242 "-" "-"
82.102.18.222 - - [17/Jun/2026:21:48:52 -0400] "GET /wp-includes/PHPMailer/ HTTP/1.1" 403 1242 "-" "-"
82.102.18.222 - - [17/Jun/2026:21:48:53 -0400] "GET /wp-includes/pomo/ HTTP/1.1" 403 1242 "-" "-"
82.102.18.222 - - [17/Jun/2026:21:48:53 -0400] "GET /wp-includes/rest-api/ HTTP/1.1" 403 1242 "-" "-"
82.102.18.222 - - [17/Jun/2026:21:48:55 -0400] "GET /wp-includes/style-engine/ HTTP/1.1" 403 1242 "-" "-"
82.102.18.222 - - [17/Jun/2026:21:48:55 -0400] "GET /wp-includes/theme-compat/ HTTP/1.1" 403 1242 "-" "-"
82.102.18.222 - - [17/Jun/2026:21:48:57 -0400] "GET /admin/images/slider/ HTTP/1.1" 404 1251 "-" "-"
82.102.18.222 - - [17/Jun/2026:21:48:57 -0400] "GET /admin/fckeditor/editor/filemanager/ HTTP/1.1" 404 1251 "-" "-"
82.102.18.222 - - [17/Jun/2026:21:48:58 -0400] "GET /admin/controller/extension/extension/ HTTP/1.1" 404 1251 "-" "-"
82.102.18.222 - - [17/Jun/2026:21:48:58 -0400] "GET /components/ HTTP/1.1" 404 1251 "-" "-"
82.102.18.222 - - [17/Jun/2026:21:48:59 -0400] "GET /admin/uploads/images/ HTTP/1.1" 404 1251 "-" "-"
82.102.18.222 - - [17/Jun/2026:21:49:00 -0400] "GET /wp-content/fonts/ HTTP/1.1" 404 1251 "-" "-"
82.102.18.222 - - [17/Jun/2026:21:49:00 -0400] "GET /wp-content/plugins/contact-form-7/ HTTP/1.1" 404 1251 "-" "-"
82.102.18.222 - - [17/Jun/2026:21:49:01 -0400] "GET /wp-admin/images/ HTTP/1.1" 403 1242 "-" "-"
82.102.18.222 - - [17/Jun/2026:21:49:02 -0400] "GET /wp-content/plugins/wordpress-seo/ HTTP/1.1" 404 1251 "-" "-"
199.188.200.224 - - [17/Jun/2026:21:49:06 -0400] "POST /wp-cron.php?doing_wp_cron=1781747346.3932349681854248046875 HTTP/1.1" 200 0 "-" "WordPress/7.0; https://arominayurveda.lk"
82.102.18.222 - - [17/Jun/2026:21:49:07 -0400] "GET /wp-admin/user/ HTTP/1.1" 302 0 "-" "-"
82.102.18.222 - - [17/Jun/2026:21:49:09 -0400] "GET /wp-content/themes/ HTTP/1.1" 200 0 "-" "-"
82.102.18.222 - - [17/Jun/2026:21:49:10 -0400] "GET /wp-admin/includes/ HTTP/1.1" 403 1242 "-" "-"
82.102.18.222 - - [17/Jun/2026:21:49:11 -0400] "GET /wp-content/upgrade/ HTTP/1.1" 403 1242 "-" "-"
78.142.18.172 - - [17/Jun/2026:21:52:10 -0400] "GET /wp-login.php HTTP/1.1" 200 1844 "-" "Mozilla/5.0 (Windows NT 10.0; Win64; x64; rv:133.0) Gecko/20100101 Firefox/133.0"
78.142.18.172 - - [17/Jun/2026:21:52:10 -0400] "POST /wp-login.php HTTP/1.1" 200 1931 "https://arominayurveda.lk/wp-login.php" "Mozilla/5.0 (Windows NT 10.0; Win64; x64; rv:133.0) Gecko/20100101 Firefox/133.0"
88.116.162.103 - - [17/Jun/2026:22:00:09 -0400] "GET /wp-login.php HTTP/1.1" 200 1844 "-" "Mozilla/5.0 (Macintosh; Intel Mac OS X 10_15_7) AppleWebKit/605.1.15 (KHTML, like Gecko) Version/18.3 Safari/605.1.15"
82.102.18.222 - - [17/Jun/2026:21:48:58 -0400] "GET /modules/mod_simplefileuploadv1.3/elements/ HTTP/1.1" 404 1251 "-" "-"
82.102.18.222 - - [17/Jun/2026:21:48:59 -0400] "GET /wp-content/plugins/classic-editor/ HTTP/1.1" 404 1251 "-" "-"
82.102.18.222 - - [17/Jun/2026:21:49:00 -0400] "GET /wp-content/plugins/contact-form-7/admin/js/ HTTP/1.1" 404 1251 "-" "-"
82.102.18.222 - - [17/Jun/2026:21:49:01 -0400] "GET /wordpress/ HTTP/1.1" 404 1251 "-" "-"
82.102.18.222 - - [17/Jun/2026:21:49:01 -0400] "GET /wp-content/plugins/wordpress-seo/js/dist/ HTTP/1.1" 404 1251 "-" "-"
82.102.18.222 - - [17/Jun/2026:21:49:02 -0400] "GET /js/ HTTP/1.1" 404 1251 "-" "-"
82.102.18.222 - - [17/Jun/2026:21:49:03 -0400] "GET /wp-content/plugins/woocommerce/assets/js/ HTTP/1.1" 403 1242 "-" "-"
82.102.18.222 - - [17/Jun/2026:21:49:03 -0400] "GET /wp-content/plugins/woocommerce/ HTTP/1.1" 403 1242 "-" "-"
82.102.18.222 - - [17/Jun/2026:21:49:03 -0400] "GET /wp-admin/meta/ HTTP/1.1" 404 1251 "-" "-"
82.102.18.222 - - [17/Jun/2026:21:49:04 -0400] "GET /wp-admin/network/ HTTP/1.1" 302 0 "-" "-"
82.102.18.222 - - [17/Jun/2026:21:49:06 -0400] "GET /wp-login.php?redirect_to=https%3A%2F%2Farominayurveda.lk%2Fwp-admin%2Fnetwork%2F&reauth=1 HTTP/1.1" 200 1846 "-" "-"
82.102.18.222 - - [17/Jun/2026:21:49:08 -0400] "GET /wp-login.php?redirect_to=https%3A%2F%2Farominayurveda.lk%2Fwp-admin%2Fuser%2F&reauth=1 HTTP/1.1" 200 1844 "-" "-"
82.102.18.222 - - [17/Jun/2026:21:49:08 -0400] "GET /wp-content/ HTTP/1.1" 200 0 "-" "-"
82.102.18.222 - - [17/Jun/2026:21:49:09 -0400] "GET /wp-content/plugins/ HTTP/1.1" 200 0 "-" "-"
82.102.18.222 - - [17/Jun/2026:21:49:10 -0400] "GET /wp-admin/ HTTP/1.1" 302 0 "-" "-"
82.102.18.222 - - [17/Jun/2026:21:49:10 -0400] "GET /wp-login.php?redirect_to=https%3A%2F%2Farominayurveda.lk%2Fwp-admin%2F&reauth=1 HTTP/1.1" 200 1843 "-" "-"
199.188.200.224 - - [17/Jun/2026:21:52:12 -0400] "POST /wp-cron.php?doing_wp_cron=1781747532.4152300357818603515625 HTTP/1.1" 200 0 "-" "WordPress/7.0; https://arominayurveda.lk"
199.188.200.224 - - [17/Jun/2026:22:00:12 -0400] "POST /wp-cron.php?doing_wp_cron=1781748012.3369050025939941406250 HTTP/1.1" 200 0 "-" "WordPress/7.0; https://arominayurveda.lk"
88.116.162.103 - - [17/Jun/2026:22:00:10 -0400] "POST /wp-login.php HTTP/1.1" 200 1944 "https://arominayurveda.lk/wp-login.php" "Mozilla/5.0 (Macintosh; Intel Mac OS X 10_15_7) AppleWebKit/605.1.15 (KHTML, like Gecko) Version/18.3 Safari/605.1.15"
199.188.200.224 - - [17/Jun/2026:22:11:59 -0400] "POST /wp-cron.php?doing_wp_cron=1781748719.1588399410247802734375 HTTP/1.1" 200 0 "-" "WordPress/7.0; https://arominayurveda.lk"
78.142.18.172 - - [17/Jun/2026:22:12:31 -0400] "GET /wp-login.php HTTP/1.1" 200 1844 "-" "Mozilla/5.0 (X11; Linux x86_64) AppleWebKit/537.36 (KHTML, like Gecko) Chrome/133.0.0.0 Safari/537.36 Edg/133.0.0.0"
87.192.224.131 - - [17/Jun/2026:22:12:31 -0400] "GET /wp-login.php HTTP/1.1" 200 1844 "-" "Mozilla/5.0 (X11; Linux i686) AppleWebKit/537.36 (KHTML, like Gecko) Chrome/133.0.0.0 Safari/537.36"
78.142.18.172 - - [17/Jun/2026:22:12:32 -0400] "POST /wp-login.php HTTP/1.1" 200 1931 "https://arominayurveda.lk/wp-login.php" "Mozilla/5.0 (X11; Linux x86_64) AppleWebKit/537.36 (KHTML, like Gecko) Chrome/133.0.0.0 Safari/537.36 Edg/133.0.0.0"
87.192.224.131 - - [17/Jun/2026:22:12:32 -0400] "POST /wp-login.php HTTP/1.1" 200 1944 "https://arominayurveda.lk/wp-login.php" "Mozilla/5.0 (X11; Linux i686) AppleWebKit/537.36 (KHTML, like Gecko) Chrome/133.0.0.0 Safari/537.36"
199.188.200.224 - - [17/Jun/2026:22:19:42 -0400] "POST /wp-cron.php?doing_wp_cron=1781749182.0137739181518554687500 HTTP/1.1" 200 0 "-" "WordPress/7.0; https://arominayurveda.lk"
78.142.18.172 - - [17/Jun/2026:22:19:40 -0400] "POST /wp-login.php HTTP/1.1" 200 1931 "https://arominayurveda.lk/wp-login.php" "Mozilla/5.0 (Windows NT 10.0; Win64; x64) AppleWebKit/537.36 (KHTML, like Gecko) Chrome/133.0.0.0 Safari/537.36 Edg/133.0.0.0"
216.73.216.68 - - [17/Jun/2026:22:08:12 -0400] "GET /robots.txt HTTP/1.1" 404 1251 "-" "Mozilla/5.0 AppleWebKit/537.36 (KHTML, like Gecko; compatible; ClaudeBot/1.0; +claudebot@anthropic.com)"
95.85.238.209 - - [17/Jun/2026:22:11:56 -0400] "GET /wp-login.php HTTP/1.1" 200 1844 "-" "Mozilla/5.0 (Macintosh; Intel Mac OS X 10_9_3) AppleWebKit/537.76.4 (KHTML, like Gecko) Version/7.0.4 Safari/537.76.4"
95.85.238.209 - - [17/Jun/2026:22:11:57 -0400] "POST /wp-login.php HTTP/1.1" 200 1944 "-" "Mozilla/5.0 (Macintosh; Intel Mac OS X 10_9_3) AppleWebKit/537.76.4 (KHTML, like Gecko) Version/7.0.4 Safari/537.76.4"
199.188.200.224 - - [17/Jun/2026:22:12:32 -0400] "POST /wp-cron.php?doing_wp_cron=1781748752.4179649353027343750000 HTTP/1.1" 200 0 "-" "WordPress/7.0; https://arominayurveda.lk"
78.142.18.172 - - [17/Jun/2026:22:19:39 -0400] "GET /wp-login.php HTTP/1.1" 200 1844 "-" "Mozilla/5.0 (Windows NT 10.0; Win64; x64) AppleWebKit/537.36 (KHTML, like Gecko) Chrome/133.0.0.0 Safari/537.36 Edg/133.0.0.0"
104.37.86.14 - - [17/Jun/2026:22:32:46 -0400] "GET /wp-login.php HTTP/1.1" 200 1844 "-" "Mozilla/5.0 (Windows NT 10.0; Win64; x64) AppleWebKit/537.36 (KHTML, like Gecko) Chrome/133.0.0.0 Safari/537.36 Edg/133.0.0.0"
199.188.200.224 - - [17/Jun/2026:22:32:49 -0400] "POST /wp-cron.php?doing_wp_cron=1781749969.3015370368957519531250 HTTP/1.1" 200 0 "-" "WordPress/7.0; https://arominayurveda.lk"
104.37.86.14 - - [17/Jun/2026:22:32:47 -0400] "POST /wp-login.php HTTP/1.1" 200 1944 "https://arominayurveda.lk/wp-login.php" "Mozilla/5.0 (Windows NT 10.0; Win64; x64) AppleWebKit/537.36 (KHTML, like Gecko) Chrome/133.0.0.0 Safari/537.36 Edg/133.0.0.0"
78.142.18.172 - - [17/Jun/2026:22:41:30 -0400] "GET /wp-login.php HTTP/1.1" 200 1844 "-" "Mozilla/5.0 (X11; Linux i686) AppleWebKit/537.36 (KHTML, like Gecko) Chrome/133.0.0.0 Safari/537.36"
199.188.200.224 - - [17/Jun/2026:22:41:32 -0400] "POST /wp-cron.php?doing_wp_cron=1781750492.7212131023406982421875 HTTP/1.1" 200 0 "-" "WordPress/7.0; https://arominayurveda.lk"
78.142.18.172 - - [17/Jun/2026:22:41:30 -0400] "POST /wp-login.php HTTP/1.1" 200 1931 "https://arominayurveda.lk/wp-login.php" "Mozilla/5.0 (X11; Linux i686) AppleWebKit/537.36 (KHTML, like Gecko) Chrome/133.0.0.0 Safari/537.36"
217.160.212.27 - - [17/Jun/2026:22:53:28 -0400] "GET /wp-login.php HTTP/1.1" 200 1844 "-" "Mozilla/5.0 (X11; Linux x86_64) AppleWebKit/537.36 (KHTML, like Gecko) Chrome/133.0.0.0 Safari/537.36"
103.143.207.18 - - [17/Jun/2026:22:53:19 -0400] "GET /wp-login.php HTTP/1.1" 200 1844 "-" "Mozilla/5.0 (Macintosh; Intel Mac OS X 10_15_7) AppleWebKit/605.1.15 (KHTML, like Gecko) Version/18.3 Safari/605.1.15"
199.188.200.224 - - [17/Jun/2026:22:53:22 -0400] "POST /wp-cron.php?doing_wp_cron=1781751202.8069360256195068359375 HTTP/1.1" 200 0 "-" "WordPress/7.0; https://arominayurveda.lk"
103.143.207.18 - - [17/Jun/2026:22:53:20 -0400] "POST /wp-login.php HTTP/1.1" 200 1944 "https://arominayurveda.lk/wp-login.php" "Mozilla/5.0 (Macintosh; Intel Mac OS X 10_15_7) AppleWebKit/605.1.15 (KHTML, like Gecko) Version/18.3 Safari/605.1.15"
199.188.200.224 - - [17/Jun/2026:22:53:35 -0400] "POST /wp-cron.php?doing_wp_cron=1781751214.9954400062561035156250 HTTP/1.1" 200 0 "-" "WordPress/7.0; https://arominayurveda.lk"
217.160.212.27 - - [17/Jun/2026:22:53:34 -0400] "POST /wp-login.php HTTP/1.1" 200 1944 "https://arominayurveda.lk/wp-login.php" "Mozilla/5.0 (X11; Linux x86_64) AppleWebKit/537.36 (KHTML, like Gecko) Chrome/133.0.0.0 Safari/537.36"
162.254.36.150 - - [17/Jun/2026:23:02:26 -0400] "GET /wp-login.php HTTP/1.1" 200 1844 "-" "Mozilla/5.0 (Macintosh; Intel Mac OS X 10_15_7) AppleWebKit/537.36 (KHTML, like Gecko) Chrome/133.0.0.0 Safari/537.36"
199.188.200.224 - - [17/Jun/2026:23:02:28 -0400] "POST /wp-cron.php?doing_wp_cron=1781751748.4144198894500732421875 HTTP/1.1" 200 0 "-" "WordPress/7.0; https://arominayurveda.lk"
2402:4000:1271:4cc3:9b2:c53c:e32b:aba1 - - [17/Jun/2026:23:05:37 -0400] "GET / HTTP/1.1" 200 19934 "-" "Mozilla/5.0 (iPhone; CPU iPhone OS 17_4_1 like Mac OS X) AppleWebKit/605.1.15 (KHTML, like Gecko) CriOS/148.0.7778.166 Mobile/15E148 Safari/604.1"
2402:4000:1271:4cc3:9b2:c53c:e32b:aba1 - - [17/Jun/2026:23:05:37 -0400] "GET /wp-content/plugins/dethemekit-for-elementor/includes/ext/sina/assets/js/de_reveal_animation.preview.js?ver=7.0 HTTP/1.1" 200 6911 "https://arominayurveda.lk/" "Mozilla/5.0 (iPhone; CPU iPhone OS 17_4_1 like Mac OS X) AppleWebKit/605.1.15 (KHTML, like Gecko) CriOS/148.0.7778.166 Mobile/15E148 Safari/604.1"
2402:4000:1271:4cc3:9b2:c53c:e32b:aba1 - - [17/Jun/2026:23:05:38 -0400] "GET /wp-content/plugins/dethemekit-for-elementor/includes/ext/sina/assets/css/de-scroll-animation.css?ver=2.1.10 HTTP/1.1" 200 147 "https://arominayurveda.lk/" "Mozilla/5.0 (iPhone; CPU iPhone OS 17_4_1 like Mac OS X) AppleWebKit/605.1.15 (KHTML, like Gecko) CriOS/148.0.7778.166 Mobile/15E148 Safari/604.1"
2402:4000:1271:4cc3:9b2:c53c:e32b:aba1 - - [17/Jun/2026:23:05:38 -0400] "GET /wp-content/plugins/dethemekit-for-elementor/includes/ext/sina/assets/css/sina-morphing.min.css?ver=2.1.10 HTTP/1.1" 200 206 "https://arominayurveda.lk/" "Mozilla/5.0 (iPhone; CPU iPhone OS 17_4_1 like Mac OS X) AppleWebKit/605.1.15 (KHTML, like Gecko) CriOS/148.0.7778.166 Mobile/15E148 Safari/604.1"
2402:4000:1271:4cc3:9b2:c53c:e32b:aba1 - - [17/Jun/2026:23:05:38 -0400] "GET /wp-content/plugins/elementor/assets/css/widget-image.min.css?ver=4.1.3 HTTP/1.1" 200 214 "https://arominayurveda.lk/" "Mozilla/5.0 (iPhone; CPU iPhone OS 17_4_1 like Mac OS X) AppleWebKit/605.1.15 (KHTML, like Gecko) CriOS/148.0.7778.166 Mobile/15E148 Safari/604.1"
2402:4000:1271:4cc3:9b2:c53c:e32b:aba1 - - [17/Jun/2026:23:05:38 -0400] "GET /wp-content/plugins/elementor/assets/lib/eicons/css/elementor-icons.min.css?ver=5.34.0 HTTP/1.1" 200 4114 "https://arominayurveda.lk/" "Mozilla/5.0 (iPhone; CPU iPhone OS 17_4_1 like Mac OS X) AppleWebKit/605.1.15 (KHTML, like Gecko) CriOS/148.0.7778.166 Mobile/15E148 Safari/604.1"
2402:4000:1271:4cc3:9b2:c53c:e32b:aba1 - - [17/Jun/2026:23:05:38 -0400] "GET /wp-content/plugins/elementor/assets/css/conditionals/e-swiper.min.css?ver=4.1.3 HTTP/1.1" 200 699 "https://arominayurveda.lk/" "Mozilla/5.0 (iPhone; CPU iPhone OS 17_4_1 like Mac OS X) AppleWebKit/605.1.15 (KHTML, like Gecko) CriOS/148.0.7778.166 Mobile/15E148 Safari/604.1"
2402:4000:1271:4cc3:9b2:c53c:e32b:aba1 - - [17/Jun/2026:23:05:38 -0400] "GET /wp-content/plugins/woocommerce/assets/css/woocommerce-smallscreen.css?ver=10.8.1 HTTP/1.1" 200 1282 "https://arominayurveda.lk/" "Mozilla/5.0 (iPhone; CPU iPhone OS 17_4_1 like Mac OS X) AppleWebKit/605.1.15 (KHTML, like Gecko) CriOS/148.0.7778.166 Mobile/15E148 Safari/604.1"
2402:4000:1271:4cc3:9b2:c53c:e32b:aba1 - - [17/Jun/2026:23:05:38 -0400] "GET /wp-content/plugins/elementskit-lite/widgets/init/assets/css/widget-styles.css?ver=3.9.7 HTTP/1.1" 200 49249 "https://arominayurveda.lk/" "Mozilla/5.0 (iPhone; CPU iPhone OS 17_4_1 like Mac OS X) AppleWebKit/605.1.15 (KHTML, like Gecko) CriOS/148.0.7778.166 Mobile/15E148 Safari/604.1"
2402:4000:1271:4cc3:9b2:c53c:e32b:aba1 - - [17/Jun/2026:23:05:38 -0400] "GET /wp-content/plugins/elementor/assets/lib/swiper/v8/css/swiper.min.css?ver=8.4.5 HTTP/1.1" 200 4248 "https://arominayurveda.lk/" "Mozilla/5.0 (iPhone; CPU iPhone OS 17_4_1 like Mac OS X) AppleWebKit/605.1.15 (KHTML, like Gecko) CriOS/148.0.7778.166 Mobile/15E148 Safari/604.1"
162.254.36.150 - - [17/Jun/2026:23:02:26 -0400] "POST /wp-login.php HTTP/1.1" 200 1931 "https://arominayurveda.lk/wp-login.php" "Mozilla/5.0 (Macintosh; Intel Mac OS X 10_15_7) AppleWebKit/537.36 (KHTML, like Gecko) Chrome/133.0.0.0 Safari/537.36"
2402:4000:1271:4cc3:9b2:c53c:e32b:aba1 - - [17/Jun/2026:23:05:38 -0400] "GET /wp-content/plugins/elementor/assets/css/frontend.min.css?ver=4.1.3 HTTP/1.1" 200 6613 "https://arominayurveda.lk/" "Mozilla/5.0 (iPhone; CPU iPhone OS 17_4_1 like Mac OS X) AppleWebKit/605.1.15 (KHTML, like Gecko) CriOS/148.0.7778.166 Mobile/15E148 Safari/604.1"
2402:4000:1271:4cc3:9b2:c53c:e32b:aba1 - - [17/Jun/2026:23:05:38 -0400] "GET /wp-content/plugins/dethemekit-for-elementor/includes/ext/sina/assets/css/letter/lettereffect.css?ver=2.1.10 HTTP/1.1" 200 112 "https://arominayurveda.lk/" "Mozilla/5.0 (iPhone; CPU iPhone OS 17_4_1 like Mac OS X) AppleWebKit/605.1.15 (KHTML, like Gecko) CriOS/148.0.7778.166 Mobile/15E148 Safari/604.1"
2402:4000:1271:4cc3:9b2:c53c:e32b:aba1 - - [17/Jun/2026:23:05:38 -0400] "GET /wp-content/plugins/dethemekit-for-elementor/assets/css/slick.css?ver=2.1.10 HTTP/1.1" 200 473 "https://arominayurveda.lk/" "Mozilla/5.0 (iPhone; CPU iPhone OS 17_4_1 like Mac OS X) AppleWebKit/605.1.15 (KHTML, like Gecko) CriOS/148.0.7778.166 Mobile/15E148 Safari/604.1"
2402:4000:1271:4cc3:9b2:c53c:e32b:aba1 - - [17/Jun/2026:23:05:38 -0400] "GET /wp-content/plugins/elementor/assets/css/widget-image-carousel.min.css?ver=4.1.3 HTTP/1.1" 200 140 "https://arominayurveda.lk/" "Mozilla/5.0 (iPhone; CPU iPhone OS 17_4_1 like Mac OS X) AppleWebKit/605.1.15 (KHTML, like Gecko) CriOS/148.0.7778.166 Mobile/15E148 Safari/604.1"
2402:4000:1271:4cc3:9b2:c53c:e32b:aba1 - - [17/Jun/2026:23:05:38 -0400] "GET /wp-content/plugins/header-footer-elementor/inc/widgets-css/woo-products.css?ver=2.8.8 HTTP/1.1" 200 987 "https://arominayurveda.lk/" "Mozilla/5.0 (iPhone; CPU iPhone OS 17_4_1 like Mac OS X) AppleWebKit/605.1.15 (KHTML, like Gecko) CriOS/148.0.7778.166 Mobile/15E148 Safari/604.1"
2402:4000:1271:4cc3:9b2:c53c:e32b:aba1 - - [17/Jun/2026:23:05:38 -0400] "GET /wp-content/plugins/dethemekit-for-elementor/includes/ext/sina/assets/css/de_staggering/animate.css?ver=2.1.10 HTTP/1.1" 200 5601 "https://arominayurveda.lk/" "Mozilla/5.0 (iPhone; CPU iPhone OS 17_4_1 like Mac OS X) AppleWebKit/605.1.15 (KHTML, like Gecko) CriOS/148.0.7778.166 Mobile/15E148 Safari/604.1"
2402:4000:1271:4cc3:9b2:c53c:e32b:aba1 - - [17/Jun/2026:23:05:38 -0400] "GET /wp-content/plugins/header-footer-elementor/assets/css/header-footer-elementor.css?ver=2.8.8 HTTP/1.1" 200 259 "https://arominayurveda.lk/" "Mozilla/5.0 (iPhone; CPU iPhone OS 17_4_1 like Mac OS X) AppleWebKit/605.1.15 (KHTML, like Gecko) CriOS/148.0.7778.166 Mobile/15E148 Safari/604.1"
2402:4000:1271:4cc3:9b2:c53c:e32b:aba1 - - [17/Jun/2026:23:05:38 -0400] "GET /wp-content/plugins/woocommerce/assets/css/woocommerce-layout.css?ver=10.8.1 HTTP/1.1" 200 3164 "https://arominayurveda.lk/" "Mozilla/5.0 (iPhone; CPU iPhone OS 17_4_1 like Mac OS X) AppleWebKit/605.1.15 (KHTML, like Gecko) CriOS/148.0.7778.166 Mobile/15E148 Safari/604.1"
2402:4000:1271:4cc3:9b2:c53c:e32b:aba1 - - [17/Jun/2026:23:05:38 -0400] "GET /wp-content/plugins/woocommerce/assets/css/twenty-twenty-three.css?ver=10.8.1 HTTP/1.1" 200 5606 "https://arominayurveda.lk/" "Mozilla/5.0 (iPhone; CPU iPhone OS 17_4_1 like Mac OS X) AppleWebKit/605.1.15 (KHTML, like Gecko) CriOS/148.0.7778.166 Mobile/15E148 Safari/604.1"
2402:4000:1271:4cc3:9b2:c53c:e32b:aba1 - - [17/Jun/2026:23:05:38 -0400] "GET /wp-content/uploads/elementor/css/post-52.css?ver=1781194789 HTTP/1.1" 200 1459 "https://arominayurveda.lk/" "Mozilla/5.0 (iPhone; CPU iPhone OS 17_4_1 like Mac OS X) AppleWebKit/605.1.15 (KHTML, like Gecko) CriOS/148.0.7778.166 Mobile/15E148 Safari/604.1"
2402:4000:1271:4cc3:9b2:c53c:e32b:aba1 - - [17/Jun/2026:23:05:38 -0400] "GET /wp-content/plugins/dethemekit-for-elementor/includes/ext/sina/assets/css/letter/normalize.css?ver=2.1.10 HTTP/1.1" 200 634 "https://arominayurveda.lk/" "Mozilla/5.0 (iPhone; CPU iPhone OS 17_4_1 like Mac OS X) AppleWebKit/605.1.15 (KHTML, like Gecko) CriOS/148.0.7778.166 Mobile/15E148 Safari/604.1"
2402:4000:1271:4cc3:9b2:c53c:e32b:aba1 - - [17/Jun/2026:23:05:38 -0400] "GET /wp-content/uploads/elementor/css/post-7.css?ver=1781194790 HTTP/1.1" 200 3643 "https://arominayurveda.lk/" "Mozilla/5.0 (iPhone; CPU iPhone OS 17_4_1 like Mac OS X) AppleWebKit/605.1.15 (KHTML, like Gecko) CriOS/148.0.7778.166 Mobile/15E148 Safari/604.1"
2402:4000:1271:4cc3:9b2:c53c:e32b:aba1 - - [17/Jun/2026:23:05:38 -0400] "GET /wp-content/plugins/elementor/assets/lib/animations/styles/e-animation-float.min.css?ver=4.1.3 HTTP/1.1" 200 244 "https://arominayurveda.lk/" "Mozilla/5.0 (iPhone; CPU iPhone OS 17_4_1 like Mac OS X) AppleWebKit/605.1.15 (KHTML, like Gecko) CriOS/148.0.7778.166 Mobile/15E148 Safari/604.1"
2402:4000:1271:4cc3:9b2:c53c:e32b:aba1 - - [17/Jun/2026:23:05:38 -0400] "GET /wp-content/uploads/elementor/google-fonts/css/montserrat.css?ver=1742228976 HTTP/1.1" 200 755 "https://arominayurveda.lk/" "Mozilla/5.0 (iPhone; CPU iPhone OS 17_4_1 like Mac OS X) AppleWebKit/605.1.15 (KHTML, like Gecko) CriOS/148.0.7778.166 Mobile/15E148 Safari/604.1"
2402:4000:1271:4cc3:9b2:c53c:e32b:aba1 - - [17/Jun/2026:23:05:38 -0400] "GET /wp-content/plugins/woocommerce/assets/js/js-cookie/js.cookie.min.js?ver=2.1.4-wc.10.8.1 HTTP/1.1" 200 760 "https://arominayurveda.lk/" "Mozilla/5.0 (iPhone; CPU iPhone OS 17_4_1 like Mac OS X) AppleWebKit/605.1.15 (KHTML, like Gecko) CriOS/148.0.7778.166 Mobile/15E148 Safari/604.1"
2402:4000:1271:4cc3:9b2:c53c:e32b:aba1 - - [17/Jun/2026:23:05:38 -0400] "GET /wp-content/plugins/dethemekit-for-elementor/assets/css/de-sticky-frontend.css?ver=2.1.10 HTTP/1.1" 200 153 "https://arominayurveda.lk/" "Mozilla/5.0 (iPhone; CPU iPhone OS 17_4_1 like Mac OS X) AppleWebKit/605.1.15 (KHTML, like Gecko) CriOS/148.0.7778.166 Mobile/15E148 Safari/604.1"
2402:4000:1271:4cc3:9b2:c53c:e32b:aba1 - - [17/Jun/2026:23:05:38 -0400] "GET /wp-content/plugins/dethemekit-for-elementor/assets/css/de_loop/ecs-style.css?ver=2.1.10 HTTP/1.1" 200 1619 "https://arominayurveda.lk/" "Mozilla/5.0 (iPhone; CPU iPhone OS 17_4_1 like Mac OS X) AppleWebKit/605.1.15 (KHTML, like Gecko) CriOS/148.0.7778.166 Mobile/15E148 Safari/604.1"
2402:4000:1271:4cc3:9b2:c53c:e32b:aba1 - - [17/Jun/2026:23:05:38 -0400] "GET /wp-content/plugins/dethemekit-for-elementor/assets/css/htflexboxgrid.css?ver=2.1.10 HTTP/1.1" 200 1643 "https://arominayurveda.lk/" "Mozilla/5.0 (iPhone; CPU iPhone OS 17_4_1 like Mac OS X) AppleWebKit/605.1.15 (KHTML, like Gecko) CriOS/148.0.7778.166 Mobile/15E148 Safari/604.1"
2402:4000:1271:4cc3:9b2:c53c:e32b:aba1 - - [17/Jun/2026:23:05:38 -0400] "GET /wp-content/plugins/elementskit-lite/modules/elementskit-icon-pack/assets/css/ekiticons.css?ver=3.9.7 HTTP/1.1" 200 9832 "https://arominayurveda.lk/" "Mozilla/5.0 (iPhone; CPU iPhone OS 17_4_1 like Mac OS X) AppleWebKit/605.1.15 (KHTML, like Gecko) CriOS/148.0.7778.166 Mobile/15E148 Safari/604.1"
2402:4000:1271:4cc3:9b2:c53c:e32b:aba1 - - [17/Jun/2026:23:05:38 -0400] "GET /wp-content/plugins/dethemekit-for-elementor/assets/css/dethemekit-de-carousel.css?ver=2.1.10 HTTP/1.1" 200 276 "https://arominayurveda.lk/" "Mozilla/5.0 (iPhone; CPU iPhone OS 17_4_1 like Mac OS X) AppleWebKit/605.1.15 (KHTML, like Gecko) CriOS/148.0.7778.166 Mobile/15E148 Safari/604.1"
2402:4000:1271:4cc3:9b2:c53c:e32b:aba1 - - [17/Jun/2026:23:05:38 -0400] "GET /wp-content/plugins/dethemekit-for-elementor/assets/js/jquery-migrate-1.4.1-wp.js?ver=7.0 HTTP/1.1" 200 7563 "https://arominayurveda.lk/" "Mozilla/5.0 (iPhone; CPU iPhone OS 17_4_1 like Mac OS X) AppleWebKit/605.1.15 (KHTML, like Gecko) CriOS/148.0.7778.166 Mobile/15E148 Safari/604.1"
2402:4000:1271:4cc3:9b2:c53c:e32b:aba1 - - [17/Jun/2026:23:05:38 -0400] "GET /wp-content/plugins/woocommerce/assets/js/frontend/woocommerce.min.js?ver=10.8.1 HTTP/1.1" 200 1384 "https://arominayurveda.lk/" "Mozilla/5.0 (iPhone; CPU iPhone OS 17_4_1 like Mac OS X) AppleWebKit/605.1.15 (KHTML, like Gecko) CriOS/148.0.7778.166 Mobile/15E148 Safari/604.1"
2402:4000:1271:4cc3:9b2:c53c:e32b:aba1 - - [17/Jun/2026:23:05:38 -0400] "GET /wp-content/plugins/dethemekit-for-elementor/includes/ext/sina/assets/css/de-reveal-animation.css?ver=2.1.10 HTTP/1.1" 200 457 "https://arominayurveda.lk/" "Mozilla/5.0 (iPhone; CPU iPhone OS 17_4_1 like Mac OS X) AppleWebKit/605.1.15 (KHTML, like Gecko) CriOS/148.0.7778.166 Mobile/15E148 Safari/604.1"
2402:4000:1271:4cc3:9b2:c53c:e32b:aba1 - - [17/Jun/2026:23:05:38 -0400] "GET /wp-content/plugins/dethemekit-for-elementor/assets/js/de_loop/ecs_ajax_pagination.js?ver=2.1.10 HTTP/1.1" 304 0 "https://arominayurveda.lk/" "Mozilla/5.0 (iPhone; CPU iPhone OS 17_4_1 like Mac OS X) AppleWebKit/605.1.15 (KHTML, like Gecko) CriOS/148.0.7778.166 Mobile/15E148 Safari/604.1"
2402:4000:1271:4cc3:9b2:c53c:e32b:aba1 - - [17/Jun/2026:23:05:38 -0400] "GET /wp-content/plugins/elementor/assets/css/widget-divider.min.css?ver=4.1.3 HTTP/1.1" 200 678 "https://arominayurveda.lk/" "Mozilla/5.0 (iPhone; CPU iPhone OS 17_4_1 like Mac OS X) AppleWebKit/605.1.15 (KHTML, like Gecko) CriOS/148.0.7778.166 Mobile/15E148 Safari/604.1"
2402:4000:1271:4cc3:9b2:c53c:e32b:aba1 - - [17/Jun/2026:23:05:38 -0400] "GET /wp-content/plugins/elementor/assets/css/widget-icon-list.min.css?ver=3.24.3 HTTP/1.1" 200 928 "https://arominayurveda.lk/" "Mozilla/5.0 (iPhone; CPU iPhone OS 17_4_1 like Mac OS X) AppleWebKit/605.1.15 (KHTML, like Gecko) CriOS/148.0.7778.166 Mobile/15E148 Safari/604.1"
2402:4000:1271:4cc3:9b2:c53c:e32b:aba1 - - [17/Jun/2026:23:05:38 -0400] "GET /wp-content/plugins/dethemekit-for-elementor/assets/css/dethemekit-widgets.css?ver=2.1.10 HTTP/1.1" 200 13455 "https://arominayurveda.lk/" "Mozilla/5.0 (iPhone; CPU iPhone OS 17_4_1 like Mac OS X) AppleWebKit/605.1.15 (KHTML, like Gecko) CriOS/148.0.7778.166 Mobile/15E148 Safari/604.1"
2402:4000:1271:4cc3:9b2:c53c:e32b:aba1 - - [17/Jun/2026:23:05:38 -0400] "GET /wp-content/uploads/elementor/css/post-58.css?ver=1781194789 HTTP/1.1" 200 2332 "https://arominayurveda.lk/" "Mozilla/5.0 (iPhone; CPU iPhone OS 17_4_1 like Mac OS X) AppleWebKit/605.1.15 (KHTML, like Gecko) CriOS/148.0.7778.166 Mobile/15E148 Safari/604.1"
2402:4000:1271:4cc3:9b2:c53c:e32b:aba1 - - [17/Jun/2026:23:05:38 -0400] "GET /wp-content/plugins/elementor/assets/lib/eicons/css/elementor-icons.min.css?ver=5.49.0 HTTP/1.1" 200 4114 "https://arominayurveda.lk/" "Mozilla/5.0 (iPhone; CPU iPhone OS 17_4_1 like Mac OS X) AppleWebKit/605.1.15 (KHTML, like Gecko) CriOS/148.0.7778.166 Mobile/15E148 Safari/604.1"
2402:4000:1271:4cc3:9b2:c53c:e32b:aba1 - - [17/Jun/2026:23:05:38 -0400] "GET /wp-content/plugins/dethemekit-for-elementor/assets/js/jquery-1.12.4-wp.js?ver=7.0 HTTP/1.1" 200 32851 "https://arominayurveda.lk/" "Mozilla/5.0 (iPhone; CPU iPhone OS 17_4_1 like Mac OS X) AppleWebKit/605.1.15 (KHTML, like Gecko) CriOS/148.0.7778.166 Mobile/15E148 Safari/604.1"
2402:4000:1271:4cc3:9b2:c53c:e32b:aba1 - - [17/Jun/2026:23:05:38 -0400] "GET /wp-content/plugins/elementskit-lite/widgets/init/assets/css/responsive.css?ver=3.9.7 HTTP/1.1" 200 2707 "https://arominayurveda.lk/" "Mozilla/5.0 (iPhone; CPU iPhone OS 17_4_1 like Mac OS X) AppleWebKit/605.1.15 (KHTML, like Gecko) CriOS/148.0.7778.166 Mobile/15E148 Safari/604.1"
2402:4000:1271:4cc3:9b2:c53c:e32b:aba1 - - [17/Jun/2026:23:05:38 -0400] "GET /wp-content/uploads/elementor/google-fonts/css/cormorantupright.css?ver=1742228952 HTTP/1.1" 200 534 "https://arominayurveda.lk/" "Mozilla/5.0 (iPhone; CPU iPhone OS 17_4_1 like Mac OS X) AppleWebKit/605.1.15 (KHTML, like Gecko) CriOS/148.0.7778.166 Mobile/15E148 Safari/604.1"
2402:4000:1271:4cc3:9b2:c53c:e32b:aba1 - - [17/Jun/2026:23:05:38 -0400] "GET /wp-content/plugins/woocommerce/assets/js/jquery-blockui/jquery.blockUI.min.js?ver=2.7.0-wc.10.8.1 HTTP/1.1" 200 3277 "https://arominayurveda.lk/" "Mozilla/5.0 (iPhone; CPU iPhone OS 17_4_1 like Mac OS X) AppleWebKit/605.1.15 (KHTML, like Gecko) CriOS/148.0.7778.166 Mobile/15E148 Safari/604.1"
2402:4000:1271:4cc3:9b2:c53c:e32b:aba1 - - [17/Jun/2026:23:05:38 -0400] "GET /wp-content/plugins/elementor/assets/css/widget-social-icons.min.css?ver=3.24.0 HTTP/1.1" 200 1039 "https://arominayurveda.lk/" "Mozilla/5.0 (iPhone; CPU iPhone OS 17_4_1 like Mac OS X) AppleWebKit/605.1.15 (KHTML, like Gecko) CriOS/148.0.7778.166 Mobile/15E148 Safari/604.1"
2402:4000:1271:4cc3:9b2:c53c:e32b:aba1 - - [17/Jun/2026:23:05:38 -0400] "GET /wp-content/plugins/dethemekit-for-elementor/assets/js/de_loop/ecs.js?ver=2.1.10 HTTP/1.1" 200 284 "https://arominayurveda.lk/" "Mozilla/5.0 (iPhone; CPU iPhone OS 17_4_1 like Mac OS X) AppleWebKit/605.1.15 (KHTML, like Gecko) CriOS/148.0.7778.166 Mobile/15E148 Safari/604.1"
2402:4000:1271:4cc3:9b2:c53c:e32b:aba1 - - [17/Jun/2026:23:05:38 -0400] "GET /wp-content/plugins/sticky-header-effects-for-elementor/assets/js/she-header.js?ver=2.1.9 HTTP/1.1" 200 2298 "https://arominayurveda.lk/" "Mozilla/5.0 (iPhone; CPU iPhone OS 17_4_1 like Mac OS X) AppleWebKit/605.1.15 (KHTML, like Gecko) CriOS/148.0.7778.166 Mobile/15E148 Safari/604.1"
2402:4000:1271:4cc3:9b2:c53c:e32b:aba1 - - [17/Jun/2026:23:05:38 -0400] "GET /wp-content/plugins/woocommerce/assets/js/frontend/add-to-cart.min.js?ver=10.8.1 HTTP/1.1" 200 1296 "https://arominayurveda.lk/" "Mozilla/5.0 (iPhone; CPU iPhone OS 17_4_1 like Mac OS X) AppleWebKit/605.1.15 (KHTML, like Gecko) CriOS/148.0.7778.166 Mobile/15E148 Safari/604.1"
2402:4000:1271:4cc3:9b2:c53c:e32b:aba1 - - [17/Jun/2026:23:05:38 -0400] "GET /wp-content/plugins/dethemekit-for-elementor/includes/ext/sina/assets/js/anime.min.js?ver=7.0 HTTP/1.1" 200 6960 "https://arominayurveda.lk/" "Mozilla/5.0 (iPhone; CPU iPhone OS 17_4_1 like Mac OS X) AppleWebKit/605.1.15 (KHTML, like Gecko) CriOS/148.0.7778.166 Mobile/15E148 Safari/604.1"
2402:4000:1271:4cc3:9b2:c53c:e32b:aba1 - - [17/Jun/2026:23:05:38 -0400] "GET /wp-content/plugins/dethemekit-for-elementor/includes/ext/sina/assets/js/de_scroll_animation.preview.js?ver=7.0 HTTP/1.1" 200 2820 "https://arominayurveda.lk/" "Mozilla/5.0 (iPhone; CPU iPhone OS 17_4_1 like Mac OS X) AppleWebKit/605.1.15 (KHTML, like Gecko) CriOS/148.0.7778.166 Mobile/15E148 Safari/604.1"
2402:4000:1271:4cc3:9b2:c53c:e32b:aba1 - - [17/Jun/2026:23:05:38 -0400] "GET /wp-content/plugins/elementor/assets/js/frontend.min.js?ver=4.1.3 HTTP/1.1" 200 10124 "https://arominayurveda.lk/" "Mozilla/5.0 (iPhone; CPU iPhone OS 17_4_1 like Mac OS X) AppleWebKit/605.1.15 (KHTML, like Gecko) CriOS/148.0.7778.166 Mobile/15E148 Safari/604.1"
2402:4000:1271:4cc3:9b2:c53c:e32b:aba1 - - [17/Jun/2026:23:05:38 -0400] "GET /wp-content/plugins/dethemekit-for-elementor/includes/ext/sina/assets/js/scrollMonitor.js?ver=7.0 HTTP/1.1" 200 2425 "https://arominayurveda.lk/" "Mozilla/5.0 (iPhone; CPU iPhone OS 17_4_1 like Mac OS X) AppleWebKit/605.1.15 (KHTML, like Gecko) CriOS/148.0.7778.166 Mobile/15E148 Safari/604.1"
2402:4000:1271:4cc3:9b2:c53c:e32b:aba1 - - [17/Jun/2026:23:05:38 -0400] "GET /wp-content/plugins/elementor/assets/js/webpack.runtime.min.js?ver=4.1.3 HTTP/1.1" 200 2338 "https://arominayurveda.lk/" "Mozilla/5.0 (iPhone; CPU iPhone OS 17_4_1 like Mac OS X) AppleWebKit/605.1.15 (KHTML, like Gecko) CriOS/148.0.7778.166 Mobile/15E148 Safari/604.1"
2402:4000:1271:4cc3:9b2:c53c:e32b:aba1 - - [17/Jun/2026:23:05:38 -0400] "GET /wp-content/plugins/dethemekit-for-elementor/includes/ext/sina/assets/js/intersectionobserver.js?ver=7.0 HTTP/1.1" 304 0 "https://arominayurveda.lk/" "Mozilla/5.0 (iPhone; CPU iPhone OS 17_4_1 like Mac OS X) AppleWebKit/605.1.15 (KHTML, like Gecko) CriOS/148.0.7778.166 Mobile/15E148 Safari/604.1"
2402:4000:1271:4cc3:9b2:c53c:e32b:aba1 - - [17/Jun/2026:23:05:38 -0400] "GET /wp-content/plugins/elementor/assets/lib/font-awesome/css/solid.css?ver=5.15.3 HTTP/1.1" 200 296 "https://arominayurveda.lk/" "Mozilla/5.0 (iPhone; CPU iPhone OS 17_4_1 like Mac OS X) AppleWebKit/605.1.15 (KHTML, like Gecko) CriOS/148.0.7778.166 Mobile/15E148 Safari/604.1"
2402:4000:1271:4cc3:9b2:c53c:e32b:aba1 - - [17/Jun/2026:23:05:38 -0400] "GET /wp-content/uploads/2023/06/2px-border-png.png HTTP/1.1" 200 31505 "https://arominayurveda.lk/" "Mozilla/5.0 (iPhone; CPU iPhone OS 17_4_1 like Mac OS X) AppleWebKit/605.1.15 (KHTML, like Gecko) CriOS/148.0.7778.166 Mobile/15E148 Safari/604.1"
2402:4000:1271:4cc3:9b2:c53c:e32b:aba1 - - [17/Jun/2026:23:05:38 -0400] "GET /wp-includes/js/jquery/ui/core.min.js?ver=1.13.3 HTTP/1.1" 200 6812 "https://arominayurveda.lk/" "Mozilla/5.0 (iPhone; CPU iPhone OS 17_4_1 like Mac OS X) AppleWebKit/605.1.15 (KHTML, like Gecko) CriOS/148.0.7778.166 Mobile/15E148 Safari/604.1"
2402:4000:1271:4cc3:9b2:c53c:e32b:aba1 - - [17/Jun/2026:23:05:38 -0400] "GET /wp-content/plugins/dethemekit-for-elementor/assets/js/de-sticky-frontend.js?ver=2.1.10 HTTP/1.1" 200 1959 "https://arominayurveda.lk/" "Mozilla/5.0 (iPhone; CPU iPhone OS 17_4_1 like Mac OS X) AppleWebKit/605.1.15 (KHTML, like Gecko) CriOS/148.0.7778.166 Mobile/15E148 Safari/604.1"
2402:4000:1271:4cc3:9b2:c53c:e32b:aba1 - - [17/Jun/2026:23:05:38 -0400] "GET /wp-content/plugins/dethemekit-for-elementor/includes/ext/sina/assets/js/letter/lineMaker.js?ver=7.0 HTTP/1.1" 200 2327 "https://arominayurveda.lk/" "Mozilla/5.0 (iPhone; CPU iPhone OS 17_4_1 like Mac OS X) AppleWebKit/605.1.15 (KHTML, like Gecko) CriOS/148.0.7778.166 Mobile/15E148 Safari/604.1"
2402:4000:1271:4cc3:9b2:c53c:e32b:aba1 - - [17/Jun/2026:23:05:38 -0400] "GET /wp-content/plugins/dethemekit-for-elementor/includes/ext/sina/assets/js/letter/imagesloaded.pkgd.min.js?ver=7.0 HTTP/1.1" 200 1670 "https://arominayurveda.lk/" "Mozilla/5.0 (iPhone; CPU iPhone OS 17_4_1 like Mac OS X) AppleWebKit/605.1.15 (KHTML, like Gecko) CriOS/148.0.7778.166 Mobile/15E148 Safari/604.1"
2402:4000:1271:4cc3:9b2:c53c:e32b:aba1 - - [17/Jun/2026:23:05:38 -0400] "GET /wp-content/plugins/dethemekit-for-elementor/includes/ext/sina/assets/js/letter/textfx.js?ver=7.0 HTTP/1.1" 200 2231 "https://arominayurveda.lk/" "Mozilla/5.0 (iPhone; CPU iPhone OS 17_4_1 like Mac OS X) AppleWebKit/605.1.15 (KHTML, like Gecko) CriOS/148.0.7778.166 Mobile/15E148 Safari/604.1"
2402:4000:1271:4cc3:9b2:c53c:e32b:aba1 - - [17/Jun/2026:23:05:38 -0400] "GET /wp-content/plugins/dethemekit-for-elementor/includes/ext/sina/assets/js/letter/charming.min.js?ver=7.0 HTTP/1.1" 200 300 "https://arominayurveda.lk/" "Mozilla/5.0 (iPhone; CPU iPhone OS 17_4_1 like Mac OS X) AppleWebKit/605.1.15 (KHTML, like Gecko) CriOS/148.0.7778.166 Mobile/15E148 Safari/604.1"
2402:4000:1271:4cc3:9b2:c53c:e32b:aba1 - - [17/Jun/2026:23:05:38 -0400] "GET /wp-content/plugins/dethemekit-for-elementor/assets/js/lib/sticky-sidebar/sticky-sidebar.min.js?ver=3.3.1 HTTP/1.1" 304 0 "https://arominayurveda.lk/" "Mozilla/5.0 (iPhone; CPU iPhone OS 17_4_1 like Mac OS X) AppleWebKit/605.1.15 (KHTML, like Gecko) CriOS/148.0.7778.166 Mobile/15E148 Safari/604.1"
2402:4000:1271:4cc3:9b2:c53c:e32b:aba1 - - [17/Jun/2026:23:05:38 -0400] "GET /wp-content/plugins/dethemekit-for-elementor/assets/js/lib/ResizeSensor.min.js?ver=1.7.0 HTTP/1.1" 200 817 "https://arominayurveda.lk/" "Mozilla/5.0 (iPhone; CPU iPhone OS 17_4_1 like Mac OS X) AppleWebKit/605.1.15 (KHTML, like Gecko) CriOS/148.0.7778.166 Mobile/15E148 Safari/604.1"
2402:4000:1271:4cc3:9b2:c53c:e32b:aba1 - - [17/Jun/2026:23:05:38 -0400] "GET /wp-content/plugins/dethemekit-for-elementor/assets/js/de-active-icon-box.js?ver=2.1.10 HTTP/1.1" 200 693 "https://arominayurveda.lk/" "Mozilla/5.0 (iPhone; CPU iPhone OS 17_4_1 like Mac OS X) AppleWebKit/605.1.15 (KHTML, like Gecko) CriOS/148.0.7778.166 Mobile/15E148 Safari/604.1"
2402:4000:1271:4cc3:9b2:c53c:e32b:aba1 - - [17/Jun/2026:23:05:38 -0400] "GET /wp-content/plugins/dethemekit-for-elementor/includes/ext/sina/assets/js/main.js?ver=7.0 HTTP/1.1" 200 2102 "https://arominayurveda.lk/" "Mozilla/5.0 (iPhone; CPU iPhone OS 17_4_1 like Mac OS X) AppleWebKit/605.1.15 (KHTML, like Gecko) CriOS/148.0.7778.166 Mobile/15E148 Safari/604.1"
2402:4000:1271:4cc3:9b2:c53c:e32b:aba1 - - [17/Jun/2026:23:05:38 -0400] "GET /wp-content/plugins/dethemekit-for-elementor/includes/ext/sina/assets/js/de_staggering/de_staggering.js?ver=7.0 HTTP/1.1" 304 0 "https://arominayurveda.lk/" "Mozilla/5.0 (iPhone; CPU iPhone OS 17_4_1 like Mac OS X) AppleWebKit/605.1.15 (KHTML, like Gecko) CriOS/148.0.7778.166 Mobile/15E148 Safari/604.1"
2402:4000:1271:4cc3:9b2:c53c:e32b:aba1 - - [17/Jun/2026:23:05:38 -0400] "GET /wp-content/plugins/elementskit-lite/widgets/init/assets/js/jquery.magnific-popup.min.js?ver=3.9.7 HTTP/1.1" 200 7269 "https://arominayurveda.lk/" "Mozilla/5.0 (iPhone; CPU iPhone OS 17_4_1 like Mac OS X) AppleWebKit/605.1.15 (KHTML, like Gecko) CriOS/148.0.7778.166 Mobile/15E148 Safari/604.1"
2402:4000:1271:4cc3:9b2:c53c:e32b:aba1 - - [17/Jun/2026:23:05:38 -0400] "GET /wp-content/plugins/woocommerce/assets/js/sourcebuster/sourcebuster.min.js?ver=10.8.1 HTTP/1.1" 200 4609 "https://arominayurveda.lk/" "Mozilla/5.0 (iPhone; CPU iPhone OS 17_4_1 like Mac OS X) AppleWebKit/605.1.15 (KHTML, like Gecko) CriOS/148.0.7778.166 Mobile/15E148 Safari/604.1"
2402:4000:1271:4cc3:9b2:c53c:e32b:aba1 - - [17/Jun/2026:23:05:38 -0400] "GET /wp-content/plugins/woocommerce/assets/client/blocks/wc-blocks.css?ver=wc-10.8.1 HTTP/1.1" 200 2391 "https://arominayurveda.lk/" "Mozilla/5.0 (iPhone; CPU iPhone OS 17_4_1 like Mac OS X) AppleWebKit/605.1.15 (KHTML, like Gecko) CriOS/148.0.7778.166 Mobile/15E148 Safari/604.1"
2402:4000:1271:4cc3:9b2:c53c:e32b:aba1 - - [17/Jun/2026:23:05:38 -0400] "GET /wp-content/plugins/elementor/assets/lib/swiper/v8/swiper.min.js?ver=8.4.5 HTTP/1.1" 200 38152 "https://arominayurveda.lk/" "Mozilla/5.0 (iPhone; CPU iPhone OS 17_4_1 like Mac OS X) AppleWebKit/605.1.15 (KHTML, like Gecko) CriOS/148.0.7778.166 Mobile/15E148 Safari/604.1"
103.28.36.122 - - [17/Jun/2026:23:11:28 -0400] "GET /wp-login.php HTTP/1.1" 200 1844 "-" "Mozilla/5.0 (X11; Ubuntu; Linux x86_64; rv:133.0) Gecko/20100101 Firefox/133.0"
64.225.121.94 - - [17/Jun/2026:23:11:29 -0400] "POST /wp-login.php HTTP/1.1" 200 1944 "https://arominayurveda.lk/wp-login.php" "Mozilla/5.0 (Windows NT 10.0; Win64; x64) AppleWebKit/537.36 (KHTML, like Gecko) Chrome/133.0.0.0 Safari/537.36"
64.225.121.94 - - [17/Jun/2026:23:11:29 -0400] "GET /wp-login.php HTTP/1.1" 200 1844 "-" "Mozilla/5.0 (Windows NT 10.0; Win64; x64) AppleWebKit/537.36 (KHTML, like Gecko) Chrome/133.0.0.0 Safari/537.36"
199.188.200.224 - - [17/Jun/2026:23:11:31 -0400] "POST /wp-cron.php?doing_wp_cron=1781752291.7392120361328125000000 HTTP/1.1" 200 0 "-" "WordPress/7.0; https://arominayurveda.lk"
103.28.36.122 - - [17/Jun/2026:23:11:29 -0400] "POST /wp-login.php HTTP/1.1" 200 1944 "https://arominayurveda.lk/wp-login.php" "Mozilla/5.0 (X11; Ubuntu; Linux x86_64; rv:133.0) Gecko/20100101 Firefox/133.0"
78.142.18.172 - - [17/Jun/2026:23:23:17 -0400] "GET /wp-login.php HTTP/1.1" 200 1844 "-" "Mozilla/5.0 (X11; Linux x86_64; rv:133.0) Gecko/20100101 Firefox/133.0"
199.188.200.224 - - [17/Jun/2026:23:23:19 -0400] "POST /wp-cron.php?doing_wp_cron=1781752999.7510809898376464843750 HTTP/1.1" 200 0 "-" "WordPress/7.0; https://arominayurveda.lk"
78.142.18.172 - - [17/Jun/2026:23:23:17 -0400] "POST /wp-login.php HTTP/1.1" 200 1931 "https://arominayurveda.lk/wp-login.php" "Mozilla/5.0 (X11; Linux x86_64; rv:133.0) Gecko/20100101 Firefox/133.0"
95.85.238.209 - - [17/Jun/2026:23:38:08 -0400] "GET /wp-login.php HTTP/1.1" 200 1844 "-" "Mozilla/5.0 (X11; Linux x86_64) AppleWebKit/537.36 (KHTML, like Gecko) Chrome/145.0.0.0 Safari/537.36"
95.85.238.209 - - [17/Jun/2026:23:38:09 -0400] "POST /wp-login.php HTTP/1.1" 200 1944 "-" "Mozilla/5.0 (X11; Linux x86_64) AppleWebKit/537.36 (KHTML, like Gecko) Chrome/145.0.0.0 Safari/537.36"
216.73.216.55 - - [17/Jun/2026:23:40:53 -0400] "GET /sitemap.xml HTTP/1.1" 404 1251 "-" "Mozilla/5.0 AppleWebKit/537.36 (KHTML, like Gecko; compatible; Claude-SearchBot/1.0; +searchbot@anthropic.com)"
199.188.200.224 - - [17/Jun/2026:23:38:11 -0400] "POST /wp-cron.php?doing_wp_cron=1781753891.3646850585937500000000 HTTP/1.1" 200 0 "-" "WordPress/7.0; https://arominayurveda.lk"
216.73.216.55 - - [17/Jun/2026:23:40:53 -0400] "GET /robots.txt HTTP/1.1" 404 1251 "-" "Mozilla/5.0 AppleWebKit/537.36 (KHTML, like Gecko; compatible; Claude-SearchBot/1.0; +searchbot@anthropic.com)"
38.49.217.60 - - [17/Jun/2026:23:43:48 -0400] "GET /wp-login.php HTTP/1.1" 200 1844 "-" "Mozilla/5.0 (Macintosh; Intel Mac OS X 10_15_7) AppleWebKit/605.1.15 (KHTML, like Gecko) Version/18.3 Safari/605.1.15"
199.188.200.224 - - [17/Jun/2026:23:43:56 -0400] "POST /wp-cron.php?doing_wp_cron=1781754236.1287748813629150390625 HTTP/1.1" 200 0 "-" "WordPress/7.0; https://arominayurveda.lk"
38.49.217.60 - - [17/Jun/2026:23:43:54 -0400] "POST /wp-login.php HTTP/1.1" 200 1944 "https://arominayurveda.lk/wp-login.php" "Mozilla/5.0 (Macintosh; Intel Mac OS X 10_15_7) AppleWebKit/605.1.15 (KHTML, like Gecko) Version/18.3 Safari/605.1.15"
179.60.149.105 - - [17/Jun/2026:23:54:14 -0400] "GET / HTTP/1.1" 200 19934 "-" "Mozilla/5.0 (Macintosh; Intel Mac OS X 10_15_7) AppleWebKit/537.36 (KHTML, like Gecko) Chrome/120.0.0.0 Safari/537.36"
74.125.218.43 - - [18/Jun/2026:00:03:46 -0400] "GET /wp-content/plugins/dethemekit-for-elementor/assets/css/de-product-display.css?ver=2.1.10 HTTP/1.1" 200 909 "https://arominayurveda.lk/?product=neeri-tablet" "Mozilla/5.0 (X11; Linux x86_64) AppleWebKit/537.36 (KHTML, like Gecko) Chrome/148.0.7778.96 Safari/537.36"
74.125.218.32 - - [18/Jun/2026:00:03:47 -0400] "GET /wp-content/plugins/dethemekit-for-elementor/assets/css/dethemekit-widgets.css?ver=2.1.10 HTTP/1.1" 200 13455 "https://arominayurveda.lk/?product=neeri-tablet" "Mozilla/5.0 (X11; Linux x86_64) AppleWebKit/537.36 (KHTML, like Gecko) Chrome/148.0.7778.96 Safari/537.36"
74.125.218.43 - - [18/Jun/2026:00:03:50 -0400] "GET /wp-content/plugins/dethemekit-for-elementor/assets/js/de_loop/ecs_ajax_pagination.js?ver=2.1.10 HTTP/1.1" 304 0 "https://arominayurveda.lk/?product=neeri-tablet" "Mozilla/5.0 (X11; Linux x86_64) AppleWebKit/537.36 (KHTML, like Gecko) Chrome/148.0.7778.96 Safari/537.36"
74.125.218.43 - - [18/Jun/2026:00:03:51 -0400] "GET /wp-content/plugins/woocommerce/assets/client/blocks/woocommerce/mini-cart.js?ver=ec65730555df720c19aa HTTP/1.1" 304 0 "https://arominayurveda.lk/?product=neeri-tablet" "Mozilla/5.0 (X11; Linux x86_64) AppleWebKit/537.36 (KHTML, like Gecko) Chrome/148.0.7778.96 Safari/537.36"
74.125.218.43 - - [18/Jun/2026:00:03:51 -0400] "GET /wp-content/plugins/woocommerce/assets/client/blocks/woocommerce/add-to-cart-form.js?ver=dcf179e72164a8ccb158 HTTP/1.1" 304 0 "https://arominayurveda.lk/?product=neeri-tablet" "Mozilla/5.0 (X11; Linux x86_64) AppleWebKit/537.36 (KHTML, like Gecko) Chrome/148.0.7778.96 Safari/537.36"
74.125.218.43 - - [18/Jun/2026:00:03:51 -0400] "GET /wp-content/plugins/woocommerce/assets/client/blocks/woocommerce/product-button.js?ver=1ced8ea5bb9f2b4dbf13 HTTP/1.1" 304 0 "https://arominayurveda.lk/?product=neeri-tablet" "Mozilla/5.0 (X11; Linux x86_64) AppleWebKit/537.36 (KHTML, like Gecko) Chrome/148.0.7778.96 Safari/537.36"
74.125.218.43 - - [18/Jun/2026:00:03:52 -0400] "GET /wp-includes/js/dist/script-modules/interactivity/index.min.js?ver=efaa5193bbad9c60ffd1 HTTP/1.1" 304 0 "https://arominayurveda.lk/?product=neeri-tablet" "Mozilla/5.0 (X11; Linux x86_64) AppleWebKit/537.36 (KHTML, like Gecko) Chrome/148.0.7778.96 Safari/537.36"
74.125.218.43 - - [18/Jun/2026:00:03:52 -0400] "GET /wp-content/plugins/dethemekit-for-elementor/assets/js/jquery-migrate-1.4.1-wp.js?ver=7.0 HTTP/1.1" 304 0 "https://arominayurveda.lk/?product=neeri-tablet" "Mozilla/5.0 (X11; Linux x86_64) AppleWebKit/537.36 (KHTML, like Gecko) Chrome/148.0.7778.96 Safari/537.36"
74.125.218.32 - - [18/Jun/2026:00:03:53 -0400] "GET /wp-content/plugins/elementskit-lite/widgets/init/assets/js/widget-scripts.js?ver=3.9.7 HTTP/1.1" 200 13580 "https://arominayurveda.lk/?product=neeri-tablet" "Mozilla/5.0 (X11; Linux x86_64) AppleWebKit/537.36 (KHTML, like Gecko) Chrome/148.0.7778.96 Safari/537.36"
74.125.218.32 - - [18/Jun/2026:00:03:53 -0400] "GET /wp-content/plugins/woocommerce/assets/client/blocks/@woocommerce/stores/store-notices.js?ver=c1eae8d5e518e3fbcf40 HTTP/1.1" 304 0 "https://arominayurveda.lk/?product=neeri-tablet" "Mozilla/5.0 (X11; Linux x86_64) AppleWebKit/537.36 (KHTML, like Gecko) Chrome/148.0.7778.96 Safari/537.36"
74.125.218.32 - - [18/Jun/2026:00:03:53 -0400] "GET /wp-content/plugins/woocommerce/assets/js/sourcebuster/sourcebuster.min.js?ver=10.8.1 HTTP/1.1" 304 0 "https://arominayurveda.lk/?product=neeri-tablet" "Mozilla/5.0 (X11; Linux x86_64) AppleWebKit/537.36 (KHTML, like Gecko) Chrome/148.0.7778.96 Safari/537.36"
74.125.218.43 - - [18/Jun/2026:00:03:54 -0400] "GET /wp-content/plugins/woocommerce/assets/js/frontend/order-attribution.min.js?ver=10.8.1 HTTP/1.1" 304 0 "https://arominayurveda.lk/?product=neeri-tablet" "Mozilla/5.0 (X11; Linux x86_64) AppleWebKit/537.36 (KHTML, like Gecko) Chrome/148.0.7778.96 Safari/537.36"
74.125.218.33 - - [18/Jun/2026:00:03:40 -0400] "GET /?product=neeri-tablet HTTP/1.1" 200 26367 "-" "Mozilla/5.0 (X11; Linux x86_64) AppleWebKit/537.36 (KHTML, like Gecko) Chrome/148.0.7778.96 Safari/537.36"
74.125.218.33 - - [18/Jun/2026:00:03:42 -0400] "GET /wp-content/plugins/woocommerce/assets/client/blocks/breadcrumbs.css?ver=wc-10.8.1 HTTP/1.1" 304 0 "https://arominayurveda.lk/?product=neeri-tablet" "Mozilla/5.0 (X11; Linux x86_64) AppleWebKit/537.36 (KHTML, like Gecko) Chrome/148.0.7778.96 Safari/537.36"
74.125.218.32 - - [18/Jun/2026:00:03:43 -0400] "GET /wp-content/plugins/woocommerce/assets/client/blocks/product-details.css?ver=wc-10.8.1 HTTP/1.1" 200 411 "https://arominayurveda.lk/?product=neeri-tablet" "Mozilla/5.0 (X11; Linux x86_64) AppleWebKit/537.36 (KHTML, like Gecko) Chrome/148.0.7778.96 Safari/537.36"
74.125.218.43 - - [18/Jun/2026:00:03:45 -0400] "GET /wp-content/plugins/dethemekit-for-elementor/includes/ext/sina/assets/css/letter/lettereffect.css?ver=2.1.10 HTTP/1.1" 304 0 "https://arominayurveda.lk/?product=neeri-tablet" "Mozilla/5.0 (X11; Linux x86_64) AppleWebKit/537.36 (KHTML, like Gecko) Chrome/148.0.7778.96 Safari/537.36"
74.125.218.43 - - [18/Jun/2026:00:03:46 -0400] "GET /wp-content/plugins/header-footer-elementor/assets/css/header-footer-elementor.css?ver=2.8.8 HTTP/1.1" 200 259 "https://arominayurveda.lk/?product=neeri-tablet" "Mozilla/5.0 (X11; Linux x86_64) AppleWebKit/537.36 (KHTML, like Gecko) Chrome/148.0.7778.96 Safari/537.36"
74.125.218.32 - - [18/Jun/2026:00:03:46 -0400] "GET /wp-content/plugins/elementor/assets/lib/eicons/css/elementor-icons.min.css?ver=5.49.0 HTTP/1.1" 200 4114 "https://arominayurveda.lk/?product=neeri-tablet" "Mozilla/5.0 (X11; Linux x86_64) AppleWebKit/537.36 (KHTML, like Gecko) Chrome/148.0.7778.96 Safari/537.36"
74.125.218.43 - - [18/Jun/2026:00:03:50 -0400] "GET /wp-content/plugins/dethemekit-for-elementor/assets/js/de_loop/ecs.js?ver=2.1.10 HTTP/1.1" 304 0 "https://arominayurveda.lk/?product=neeri-tablet" "Mozilla/5.0 (X11; Linux x86_64) AppleWebKit/537.36 (KHTML, like Gecko) Chrome/148.0.7778.96 Safari/537.36"
74.125.218.43 - - [18/Jun/2026:00:03:51 -0400] "GET /wp-content/plugins/woocommerce/assets/client/blocks/@woocommerce/stores/woocommerce/products.js?ver=d2328963c7e9ed84708e HTTP/1.1" 304 0 "https://arominayurveda.lk/?product=neeri-tablet" "Mozilla/5.0 (X11; Linux x86_64) AppleWebKit/537.36 (KHTML, like Gecko) Chrome/148.0.7778.96 Safari/537.36"
74.125.218.43 - - [18/Jun/2026:00:03:51 -0400] "GET /wp-content/plugins/dethemekit-for-elementor/assets/js/jquery-1.12.4-wp.js?ver=7.0 HTTP/1.1" 304 0 "https://arominayurveda.lk/?product=neeri-tablet" "Mozilla/5.0 (X11; Linux x86_64) AppleWebKit/537.36 (KHTML, like Gecko) Chrome/148.0.7778.96 Safari/537.36"
74.125.218.43 - - [18/Jun/2026:00:03:52 -0400] "GET /wp-content/plugins/woocommerce/assets/client/blocks/@woocommerce/stores/woocommerce/cart.js?ver=6ef41e00d2939992b95c HTTP/1.1" 200 3317 "https://arominayurveda.lk/?product=neeri-tablet" "Mozilla/5.0 (X11; Linux x86_64) AppleWebKit/537.36 (KHTML, like Gecko) Chrome/148.0.7778.96 Safari/537.36"
74.125.218.32 - - [18/Jun/2026:00:03:53 -0400] "GET /wp-content/plugins/sticky-header-effects-for-elementor/assets/js/she-header.js?ver=2.1.9 HTTP/1.1" 200 2298 "https://arominayurveda.lk/?product=neeri-tablet" "Mozilla/5.0 (X11; Linux x86_64) AppleWebKit/537.36 (KHTML, like Gecko) Chrome/148.0.7778.96 Safari/537.36"
74.125.218.32 - - [18/Jun/2026:00:03:54 -0400] "GET /wp-content/plugins/woocommerce/assets/js/js-cookie/js.cookie.min.js?ver=2.1.4-wc.10.8.1 HTTP/1.1" 304 0 "https://arominayurveda.lk/?product=neeri-tablet" "Mozilla/5.0 (X11; Linux x86_64) AppleWebKit/537.36 (KHTML, like Gecko) Chrome/148.0.7778.96 Safari/537.36"
74.125.218.43 - - [18/Jun/2026:00:03:54 -0400] "GET /wp-content/plugins/woocommerce/assets/js/zoom/jquery.zoom.min.js?ver=1.7.21-wc.10.8.1 HTTP/1.1" 304 0 "https://arominayurveda.lk/?product=neeri-tablet" "Mozilla/5.0 (X11; Linux x86_64) AppleWebKit/537.36 (KHTML, like Gecko) Chrome/148.0.7778.96 Safari/537.36"
