179.60.149.105 - - [17/Jun/2026:15:28:50 -0400] "POST /wp-content/plugins/w3-total-cache/vendor/aws/aws-sdk-php/src/S3/RegionalEndpoint/Exception/tahomab.php HTTP/1.1" 200 9 "-" "Mozilla/5.0 (Macintosh; Intel Mac OS X 10_15_7) AppleWebKit/537.36 (KHTML, like Gecko) Chrome/120.0.0.0 Safari/537.36"
20.219.17.202 - - [17/Jun/2026:15:22:35 -0400] "GET /wp-login.php HTTP/1.1" 200 1844 "-" "Mozilla/5.0 (X11; Ubuntu; Linux x86_64) AppleWebKit/537.36 (KHTML, like Gecko) Chrome/133.0.0.0 Safari/537.36"
152.53.111.131 - - [17/Jun/2026:15:22:37 -0400] "POST /wp-login.php HTTP/1.1" 200 1946 "https://arominayurveda.lk/wp-login.php" "Mozilla/5.0 (X11; Fedora; Linux x86_64) AppleWebKit/537.36 (KHTML, like Gecko) Chrome/133.0.0.0 Safari/537.36"
199.188.200.224 - - [17/Jun/2026:15:22:38 -0400] "POST /wp-cron.php?doing_wp_cron=1781724158.2502489089965820312500 HTTP/1.1" 200 0 "-" "WordPress/7.0; https://arominayurveda.lk"
209.74.93.184 - - [17/Jun/2026:15:42:13 -0400] "POST /wp-login.php HTTP/1.1" 200 1946 "https://arominayurveda.lk/wp-login.php" "Mozilla/5.0 (Windows NT 10.0) AppleWebKit/537.36 (KHTML, like Gecko) Chrome/133.0.0.0 Safari/537.36"
199.188.200.224 - - [17/Jun/2026:15:43:19 -0400] "POST /wp-cron.php?doing_wp_cron=1781725399.5015430450439453125000 HTTP/1.1" 200 0 "-" "WordPress/7.0; https://arominayurveda.lk"
66.249.77.32 - - [17/Jun/2026:15:43:18 -0400] "GET /?product=trayodashang-guggulu HTTP/1.1" 200 26922 "-" "Mozilla/5.0 (Linux; Android 6.0.1; Nexus 5X Build/MMB29P) AppleWebKit/537.36 (KHTML, like Gecko) Chrome/148.0.7778.96 Mobile Safari/537.36 (compatible; Googlebot/2.1; +http://www.google.com/bot.html)"
78.142.18.172 - - [17/Jun/2026:15:47:05 -0400] "POST /wp-login.php HTTP/1.1" 200 1932 "https://arominayurveda.lk/wp-login.php" "Mozilla/5.0 (Macintosh; Intel Mac OS X 11_7_10) AppleWebKit/537.36 (KHTML, like Gecko) Chrome/133.0.0.0 Safari/537.36"
209.74.93.184 - - [17/Jun/2026:15:42:12 -0400] "GET /wp-login.php HTTP/1.1" 200 1844 "-" "Mozilla/5.0 (Windows NT 10.0) AppleWebKit/537.36 (KHTML, like Gecko) Chrome/133.0.0.0 Safari/537.36"
87.192.224.131 - - [17/Jun/2026:15:46:55 -0400] "GET /wp-login.php HTTP/1.1" 200 1844 "-" "Mozilla/5.0 (Macintosh; Intel Mac OS X 10_15_7) AppleWebKit/605.1.15 (KHTML, like Gecko) Version/18.3 Safari/605.1.15"
199.188.200.224 - - [17/Jun/2026:15:46:58 -0400] "POST /wp-cron.php?doing_wp_cron=1781725618.2778968811035156250000 HTTP/1.1" 200 0 "-" "WordPress/7.0; https://arominayurveda.lk"
87.192.224.131 - - [17/Jun/2026:15:46:56 -0400] "POST /wp-login.php HTTP/1.1" 200 1946 "https://arominayurveda.lk/wp-login.php" "Mozilla/5.0 (Macintosh; Intel Mac OS X 10_15_7) AppleWebKit/605.1.15 (KHTML, like Gecko) Version/18.3 Safari/605.1.15"
78.142.18.172 - - [17/Jun/2026:15:47:04 -0400] "GET /wp-login.php HTTP/1.1" 200 1844 "-" "Mozilla/5.0 (Macintosh; Intel Mac OS X 11_7_10) AppleWebKit/537.36 (KHTML, like Gecko) Chrome/133.0.0.0 Safari/537.36"
66.249.77.37 - - [17/Jun/2026:15:54:50 -0400] "GET /wp-content/plugins/woocommerce/assets/js/photoswipe/photoswipe.min.js?ver=4.1.1-wc.10.8.1 HTTP/1.1" 304 0 "https://arominayurveda.lk/?product=trayodashang-guggulu" "Mozilla/5.0 (Linux; Android 6.0.1; Nexus 5X Build/MMB29P) AppleWebKit/537.36 (KHTML, like Gecko) Chrome/148.0.7778.96 Mobile Safari/537.36 (compatible; Googlebot/2.1; +http://www.google.com/bot.html)"
87.192.224.131 - - [17/Jun/2026:16:01:43 -0400] "POST /wp-login.php HTTP/1.1" 200 1946 "https://arominayurveda.lk/wp-login.php" "Mozilla/5.0 (X11; Linux x86_64) AppleWebKit/537.36 (KHTML, like Gecko) Chrome/133.0.0.0 Safari/537.36 Edg/133.0.0.0"
199.188.200.224 - - [17/Jun/2026:16:01:45 -0400] "POST /wp-cron.php?doing_wp_cron=1781726505.0920538902282714843750 HTTP/1.1" 200 0 "-" "WordPress/7.0; https://arominayurveda.lk"
213.171.208.62 - - [17/Jun/2026:16:01:43 -0400] "POST /wp-login.php HTTP/1.1" 200 1935 "https://arominayurveda.lk/wp-login.php" "Mozilla/5.0 (X11; Linux i686) AppleWebKit/537.36 (KHTML, like Gecko) Chrome/133.0.0.0 Safari/537.36"
66.249.77.33 - - [17/Jun/2026:16:02:45 -0400] "GET / HTTP/1.1" 200 19934 "-" "Mozilla/5.0 (Linux; Android 6.0.1; Nexus 5X Build/MMB29P) AppleWebKit/537.36 (KHTML, like Gecko) Chrome/148.0.7778.96 Mobile Safari/537.36 (compatible; Googlebot/2.1; +http://www.google.com/bot.html)"
66.249.77.32 - - [17/Jun/2026:16:02:48 -0400] "GET /wp-content/plugins/elementor/assets/css/widget-image.min.css?ver=4.1.3 HTTP/1.1" 200 214 "https://arominayurveda.lk/" "Mozilla/5.0 (Linux; Android 6.0.1; Nexus 5X Build/MMB29P) AppleWebKit/537.36 (KHTML, like Gecko) Chrome/148.0.7778.96 Mobile Safari/537.36 (compatible; Googlebot/2.1; +http://www.google.com/bot.html)"
66.249.77.32 - - [17/Jun/2026:16:02:48 -0400] "GET /wp-content/plugins/elementor/assets/js/webpack.runtime.min.js?ver=4.1.3 HTTP/1.1" 304 0 "https://arominayurveda.lk/" "Mozilla/5.0 (Linux; Android 6.0.1; Nexus 5X Build/MMB29P) AppleWebKit/537.36 (KHTML, like Gecko) Chrome/148.0.7778.96 Mobile Safari/537.36 (compatible; Googlebot/2.1; +http://www.google.com/bot.html)"
66.249.77.43 - - [17/Jun/2026:16:02:49 -0400] "GET /wp-content/plugins/elementor/assets/js/frontend-modules.min.js?ver=4.1.3 HTTP/1.1" 304 0 "https://arominayurveda.lk/" "Mozilla/5.0 (Linux; Android 6.0.1; Nexus 5X Build/MMB29P) AppleWebKit/537.36 (KHTML, like Gecko) Chrome/148.0.7778.96 Mobile Safari/537.36 (compatible; Googlebot/2.1; +http://www.google.com/bot.html)"
66.249.77.32 - - [17/Jun/2026:16:02:49 -0400] "GET /wp-content/uploads/elementor/css/post-52.css?ver=1780704000 HTTP/1.1" 200 1459 "https://arominayurveda.lk/" "Mozilla/5.0 (Linux; Android 6.0.1; Nexus 5X Build/MMB29P) AppleWebKit/537.36 (KHTML, like Gecko) Chrome/148.0.7778.96 Mobile Safari/537.36 (compatible; Googlebot/2.1; +http://www.google.com/bot.html)"
66.249.77.43 - - [17/Jun/2026:16:02:49 -0400] "GET /wp-includes/js/jquery/ui/core.min.js?ver=1.13.3 HTTP/1.1" 304 0 "https://arominayurveda.lk/" "Mozilla/5.0 (Linux; Android 6.0.1; Nexus 5X Build/MMB29P) AppleWebKit/537.36 (KHTML, like Gecko) Chrome/148.0.7778.96 Mobile Safari/537.36 (compatible; Googlebot/2.1; +http://www.google.com/bot.html)"
66.249.77.32 - - [17/Jun/2026:16:02:49 -0400] "GET /wp-content/plugins/woocommerce/assets/js/frontend/add-to-cart.min.js?ver=10.8.1 HTTP/1.1" 304 0 "https://arominayurveda.lk/" "Mozilla/5.0 (Linux; Android 6.0.1; Nexus 5X Build/MMB29P) AppleWebKit/537.36 (KHTML, like Gecko) Chrome/148.0.7778.96 Mobile Safari/537.36 (compatible; Googlebot/2.1; +http://www.google.com/bot.html)"
66.249.77.43 - - [17/Jun/2026:16:02:50 -0400] "GET /wp-content/plugins/dethemekit-for-elementor/includes/ext/sina/assets/js/scrollMonitor.js?ver=7.0 HTTP/1.1" 304 0 "https://arominayurveda.lk/" "Mozilla/5.0 (Linux; Android 6.0.1; Nexus 5X Build/MMB29P) AppleWebKit/537.36 (KHTML, like Gecko) Chrome/148.0.7778.96 Mobile Safari/537.36 (compatible; Googlebot/2.1; +http://www.google.com/bot.html)"
179.60.149.105 - - [17/Jun/2026:15:54:06 -0400] "GET / HTTP/1.1" 200 19934 "-" "Mozilla/5.0 (Macintosh; Intel Mac OS X 10_15_7) AppleWebKit/537.36 (KHTML, like Gecko) Chrome/120.0.0.0 Safari/537.36"
216.73.216.55 - - [17/Jun/2026:15:58:52 -0400] "GET /sitemap.xml HTTP/1.1" 404 1251 "-" "Mozilla/5.0 AppleWebKit/537.36 (KHTML, like Gecko; compatible; Claude-SearchBot/1.0; +searchbot@anthropic.com)"
87.192.224.131 - - [17/Jun/2026:16:01:42 -0400] "GET /wp-login.php HTTP/1.1" 200 1844 "-" "Mozilla/5.0 (X11; Linux x86_64) AppleWebKit/537.36 (KHTML, like Gecko) Chrome/133.0.0.0 Safari/537.36 Edg/133.0.0.0"
213.171.208.62 - - [17/Jun/2026:16:01:42 -0400] "GET /wp-login.php HTTP/1.1" 200 1844 "-" "Mozilla/5.0 (X11; Linux i686) AppleWebKit/537.36 (KHTML, like Gecko) Chrome/133.0.0.0 Safari/537.36"
199.188.200.224 - - [17/Jun/2026:16:01:46 -0400] "POST /wp-admin/admin-ajax.php?action=wp_1_wc_privacy_cleanup&nonce=d856155e40 HTTP/1.1" 200 0 "-" "WordPress/7.0; https://arominayurveda.lk"
66.249.77.33 - - [17/Jun/2026:16:02:47 -0400] "GET /wp-content/plugins/elementor/assets/lib/animations/styles/fadeIn.min.css?ver=4.1.3 HTTP/1.1" 200 77 "https://arominayurveda.lk/" "Mozilla/5.0 (Linux; Android 6.0.1; Nexus 5X Build/MMB29P) AppleWebKit/537.36 (KHTML, like Gecko) Chrome/148.0.7778.96 Mobile Safari/537.36 (compatible; Googlebot/2.1; +http://www.google.com/bot.html)"
66.249.77.32 - - [17/Jun/2026:16:02:48 -0400] "GET /wp-content/uploads/elementor/css/post-7.css?ver=1780704000 HTTP/1.1" 200 3643 "https://arominayurveda.lk/" "Mozilla/5.0 (Linux; Android 6.0.1; Nexus 5X Build/MMB29P) AppleWebKit/537.36 (KHTML, like Gecko) Chrome/148.0.7778.96 Mobile Safari/537.36 (compatible; Googlebot/2.1; +http://www.google.com/bot.html)"
66.249.77.32 - - [17/Jun/2026:16:02:49 -0400] "GET /wp-content/plugins/elementor/assets/lib/swiper/v8/swiper.min.js?ver=8.4.5 HTTP/1.1" 304 0 "https://arominayurveda.lk/" "Mozilla/5.0 (Linux; Android 6.0.1; Nexus 5X Build/MMB29P) AppleWebKit/537.36 (KHTML, like Gecko) Chrome/148.0.7778.96 Mobile Safari/537.36 (compatible; Googlebot/2.1; +http://www.google.com/bot.html)"
66.249.77.32 - - [17/Jun/2026:16:02:49 -0400] "GET /wp-content/plugins/dethemekit-for-elementor/assets/js/lib/ResizeSensor.min.js?ver=1.7.0 HTTP/1.1" 304 0 "https://arominayurveda.lk/" "Mozilla/5.0 (Linux; Android 6.0.1; Nexus 5X Build/MMB29P) AppleWebKit/537.36 (KHTML, like Gecko) Chrome/148.0.7778.96 Mobile Safari/537.36 (compatible; Googlebot/2.1; +http://www.google.com/bot.html)"
66.249.77.43 - - [17/Jun/2026:16:02:50 -0400] "GET /wp-content/plugins/dethemekit-for-elementor/assets/js/de-sticky-frontend.js?ver=2.1.10 HTTP/1.1" 304 0 "https://arominayurveda.lk/" "Mozilla/5.0 (Linux; Android 6.0.1; Nexus 5X Build/MMB29P) AppleWebKit/537.36 (KHTML, like Gecko) Chrome/148.0.7778.96 Mobile Safari/537.36 (compatible; Googlebot/2.1; +http://www.google.com/bot.html)"
66.249.77.32 - - [17/Jun/2026:16:02:51 -0400] "GET /wp-content/plugins/dethemekit-for-elementor/includes/ext/sina/assets/js/intersectionobserver.js?ver=7.0 HTTP/1.1" 304 0 "https://arominayurveda.lk/" "Mozilla/5.0 (Linux; Android 6.0.1; Nexus 5X Build/MMB29P) AppleWebKit/537.36 (KHTML, like Gecko) Chrome/148.0.7778.96 Mobile Safari/537.36 (compatible; Googlebot/2.1; +http://www.google.com/bot.html)"
66.249.77.43 - - [17/Jun/2026:16:02:51 -0400] "GET /wp-content/plugins/dethemekit-for-elementor/includes/ext/sina/assets/js/anime.min.js?ver=7.0 HTTP/1.1" 304 0 "https://arominayurveda.lk/" "Mozilla/5.0 (Linux; Android 6.0.1; Nexus 5X Build/MMB29P) AppleWebKit/537.36 (KHTML, like Gecko) Chrome/148.0.7778.96 Mobile Safari/537.36 (compatible; Googlebot/2.1; +http://www.google.com/bot.html)"
66.249.77.43 - - [17/Jun/2026:16:02:51 -0400] "GET /wp-content/plugins/elementor/assets/js/section-frontend-handlers.d85ab872da118940910d.bundle.min.js HTTP/1.1" 304 0 "https://arominayurveda.lk/" "Mozilla/5.0 (Linux; Android 6.0.1; Nexus 5X Build/MMB29P) AppleWebKit/537.36 (KHTML, like Gecko) Chrome/148.0.7778.96 Mobile Safari/537.36 (compatible; Googlebot/2.1; +http://www.google.com/bot.html)"
66.249.77.32 - - [17/Jun/2026:16:02:50 -0400] "GET /wp-content/plugins/dethemekit-for-elementor/includes/ext/sina/assets/js/letter/lineMaker.js?ver=7.0 HTTP/1.1" 304 0 "https://arominayurveda.lk/" "Mozilla/5.0 (Linux; Android 6.0.1; Nexus 5X Build/MMB29P) AppleWebKit/537.36 (KHTML, like Gecko) Chrome/148.0.7778.96 Mobile Safari/537.36 (compatible; Googlebot/2.1; +http://www.google.com/bot.html)"
66.249.77.43 - - [17/Jun/2026:16:02:50 -0400] "GET /wp-content/plugins/elementskit-lite/widgets/init/assets/js/elementor.js?ver=3.9.7 HTTP/1.1" 404 1251 "https://arominayurveda.lk/" "Mozilla/5.0 (Linux; Android 6.0.1; Nexus 5X Build/MMB29P) AppleWebKit/537.36 (KHTML, like Gecko) Chrome/148.0.7778.96 Mobile Safari/537.36 (compatible; Googlebot/2.1; +http://www.google.com/bot.html)"
66.249.77.32 - - [17/Jun/2026:16:02:50 -0400] "GET /wp-content/plugins/dethemekit-for-elementor/includes/ext/sina/assets/js/letter/charming.min.js?ver=7.0 HTTP/1.1" 304 0 "https://arominayurveda.lk/" "Mozilla/5.0 (Linux; Android 6.0.1; Nexus 5X Build/MMB29P) AppleWebKit/537.36 (KHTML, like Gecko) Chrome/148.0.7778.96 Mobile Safari/537.36 (compatible; Googlebot/2.1; +http://www.google.com/bot.html)"
66.249.77.43 - - [17/Jun/2026:16:02:51 -0400] "GET /wp-content/plugins/dethemekit-for-elementor/includes/ext/sina/assets/js/de_reveal_animation.preview.js?ver=7.0 HTTP/1.1" 304 0 "https://arominayurveda.lk/" "Mozilla/5.0 (Linux; Android 6.0.1; Nexus 5X Build/MMB29P) AppleWebKit/537.36 (KHTML, like Gecko) Chrome/148.0.7778.96 Mobile Safari/537.36 (compatible; Googlebot/2.1; +http://www.google.com/bot.html)"
66.249.77.32 - - [17/Jun/2026:16:02:51 -0400] "GET /wp-content/plugins/dethemekit-for-elementor/assets/js/lib/sticky-sidebar/sticky-sidebar.min.js?ver=3.3.1 HTTP/1.1" 304 0 "https://arominayurveda.lk/" "Mozilla/5.0 (Linux; Android 6.0.1; Nexus 5X Build/MMB29P) AppleWebKit/537.36 (KHTML, like Gecko) Chrome/148.0.7778.96 Mobile Safari/537.36 (compatible; Googlebot/2.1; +http://www.google.com/bot.html)"
159.203.25.248 - - [17/Jun/2026:16:05:21 -0400] "GET /wp-login.php HTTP/1.1" 200 1844 "-" "Mozilla/5.0 (Windows NT 10.0; WOW64) AppleWebKit/537.36 (KHTML, like Gecko) Chrome/133.0.0.0 Safari/537.36"
199.188.200.224 - - [17/Jun/2026:16:05:24 -0400] "POST /wp-cron.php?doing_wp_cron=1781726724.1524989604949951171875 HTTP/1.1" 200 0 "-" "WordPress/7.0; https://arominayurveda.lk"
159.203.25.248 - - [17/Jun/2026:16:05:22 -0400] "POST /wp-login.php HTTP/1.1" 200 1946 "https://arominayurveda.lk/wp-login.php" "Mozilla/5.0 (Windows NT 10.0; WOW64) AppleWebKit/537.36 (KHTML, like Gecko) Chrome/133.0.0.0 Safari/537.36"
103.127.30.137 - - [17/Jun/2026:16:05:24 -0400] "POST /wp-login.php HTTP/1.1" 200 1946 "https://arominayurveda.lk/wp-login.php" "Mozilla/5.0 (Windows NT 10.0; Win64; x64) AppleWebKit/537.36 (KHTML, like Gecko) Chrome/133.0.0.0 Safari/537.36 Edg/133.0.0.0"
66.249.77.43 - - [17/Jun/2026:16:02:52 -0400] "GET /wp-content/plugins/elementor/assets/js/image-carousel.6167d20b95b33386757b.bundle.min.js HTTP/1.1" 304 0 "https://arominayurveda.lk/" "Mozilla/5.0 (Linux; Android 6.0.1; Nexus 5X Build/MMB29P) AppleWebKit/537.36 (KHTML, like Gecko) Chrome/148.0.7778.96 Mobile Safari/537.36 (compatible; Googlebot/2.1; +http://www.google.com/bot.html)"
103.127.30.137 - - [17/Jun/2026:16:05:22 -0400] "GET /wp-login.php HTTP/1.1" 200 1844 "-" "Mozilla/5.0 (Windows NT 10.0; Win64; x64) AppleWebKit/537.36 (KHTML, like Gecko) Chrome/133.0.0.0 Safari/537.36 Edg/133.0.0.0"
66.249.75.69 - - [17/Jun/2026:16:20:48 -0400] "GET /robots.txt HTTP/1.1" 404 1251 "-" "Mozilla/5.0 (compatible; Googlebot/2.1; +http://www.google.com/bot.html)"
66.249.75.69 - - [17/Jun/2026:16:20:48 -0400] "GET / HTTP/1.1" 301 0 "-" "Mozilla/5.0 (Linux; Android 6.0.1; Nexus 5X Build/MMB29P) AppleWebKit/537.36 (KHTML, like Gecko) Chrome/148.0.7778.96 Mobile Safari/537.36 (compatible; Googlebot/2.1; +http://www.google.com/bot.html)"
190.92.141.186 - - [17/Jun/2026:16:21:27 -0400] "GET /wp-login.php HTTP/1.1" 200 1844 "-" "Mozilla/5.0 (Windows NT 10.0; Win64; x64) AppleWebKit/537.36 (KHTML, like Gecko) Chrome/133.0.0.0 Safari/537.36 Edg/133.0.0.0"
159.253.39.62 - - [17/Jun/2026:16:21:28 -0400] "POST /wp-login.php HTTP/1.1" 200 1946 "https://arominayurveda.lk/wp-login.php" "Mozilla/5.0 (Windows NT 10.0; WOW64) AppleWebKit/537.36 (KHTML, like Gecko) Chrome/133.0.0.0 Safari/537.36"
199.188.200.224 - - [17/Jun/2026:16:24:31 -0400] "POST /wp-cron.php?doing_wp_cron=1781727871.0855998992919921875000 HTTP/1.1" 200 0 "-" "WordPress/7.0; https://arominayurveda.lk"
78.142.18.172 - - [17/Jun/2026:16:24:28 -0400] "POST /wp-login.php HTTP/1.1" 200 1932 "https://arominayurveda.lk/wp-login.php" "Mozilla/5.0 (X11; Linux i686) AppleWebKit/537.36 (KHTML, like Gecko) Chrome/133.0.0.0 Safari/537.36"
199.188.200.224 - - [17/Jun/2026:16:20:51 -0400] "POST /wp-cron.php?doing_wp_cron=1781727651.2161068916320800781250 HTTP/1.1" 200 0 "-" "WordPress/7.0; https://arominayurveda.lk"
66.249.77.35 - - [17/Jun/2026:16:20:57 -0400] "GET /wp-content/plugins/dethemekit-for-elementor/includes/ext/sina/assets/js/letter/imagesloaded.pkgd.min.js?ver=7.0 HTTP/1.1" 304 0 "https://arominayurveda.lk/" "Mozilla/5.0 (Linux; Android 6.0.1; Nexus 5X Build/MMB29P) AppleWebKit/537.36 (KHTML, like Gecko) Chrome/148.0.7778.96 Mobile Safari/537.36 (compatible; Googlebot/2.1; +http://www.google.com/bot.html)"
66.249.77.35 - - [17/Jun/2026:16:20:57 -0400] "GET /wp-content/plugins/dethemekit-for-elementor/includes/ext/sina/assets/js/de_staggering/de_staggering.js?ver=7.0 HTTP/1.1" 304 0 "https://arominayurveda.lk/" "Mozilla/5.0 (Linux; Android 6.0.1; Nexus 5X Build/MMB29P) AppleWebKit/537.36 (KHTML, like Gecko) Chrome/148.0.7778.96 Mobile Safari/537.36 (compatible; Googlebot/2.1; +http://www.google.com/bot.html)"
66.249.77.35 - - [17/Jun/2026:16:20:59 -0400] "GET /wp-content/plugins/woocommerce/assets/js/frontend/woocommerce.min.js?ver=10.8.1 HTTP/1.1" 304 0 "https://arominayurveda.lk/" "Mozilla/5.0 (Linux; Android 6.0.1; Nexus 5X Build/MMB29P) AppleWebKit/537.36 (KHTML, like Gecko) Chrome/148.0.7778.96 Mobile Safari/537.36 (compatible; Googlebot/2.1; +http://www.google.com/bot.html)"
159.253.39.62 - - [17/Jun/2026:16:21:27 -0400] "GET /wp-login.php HTTP/1.1" 200 1844 "-" "Mozilla/5.0 (Windows NT 10.0; WOW64) AppleWebKit/537.36 (KHTML, like Gecko) Chrome/133.0.0.0 Safari/537.36"
190.92.141.186 - - [17/Jun/2026:16:21:28 -0400] "POST /wp-login.php HTTP/1.1" 200 1946 "https://arominayurveda.lk/wp-login.php" "Mozilla/5.0 (Windows NT 10.0; Win64; x64) AppleWebKit/537.36 (KHTML, like Gecko) Chrome/133.0.0.0 Safari/537.36 Edg/133.0.0.0"
78.142.18.172 - - [17/Jun/2026:16:24:27 -0400] "GET /wp-login.php HTTP/1.1" 200 1844 "-" "Mozilla/5.0 (X11; Linux i686) AppleWebKit/537.36 (KHTML, like Gecko) Chrome/133.0.0.0 Safari/537.36"
159.203.25.248 - - [17/Jun/2026:16:40:56 -0400] "GET /wp-login.php HTTP/1.1" 200 1844 "-" "Mozilla/5.0 (X11; Linux x86_64) AppleWebKit/537.36 (KHTML, like Gecko) Chrome/133.0.0.0 Safari/537.36"
199.188.200.224 - - [17/Jun/2026:16:40:59 -0400] "POST /wp-cron.php?doing_wp_cron=1781728858.9547460079193115234375 HTTP/1.1" 200 0 "-" "WordPress/7.0; https://arominayurveda.lk"
159.203.25.248 - - [17/Jun/2026:16:40:57 -0400] "POST /wp-login.php HTTP/1.1" 200 1946 "https://arominayurveda.lk/wp-login.php" "Mozilla/5.0 (X11; Linux x86_64) AppleWebKit/537.36 (KHTML, like Gecko) Chrome/133.0.0.0 Safari/537.36"
103.211.202.195 - - [17/Jun/2026:16:40:56 -0400] "GET /wp-login.php HTTP/1.1" 200 1844 "-" "Mozilla/5.0 (Macintosh; Intel Mac OS X 10_15_7) AppleWebKit/605.1.15 (KHTML, like Gecko) Version/18.3 Safari/605.1.15"
103.211.202.195 - - [17/Jun/2026:16:40:57 -0400] "POST /wp-login.php HTTP/1.1" 200 1946 "https://arominayurveda.lk/wp-login.php" "Mozilla/5.0 (Macintosh; Intel Mac OS X 10_15_7) AppleWebKit/605.1.15 (KHTML, like Gecko) Version/18.3 Safari/605.1.15"
199.188.200.224 - - [17/Jun/2026:16:42:45 -0400] "POST /wp-cron.php?doing_wp_cron=1781728965.2972149848937988281250 HTTP/1.1" 200 0 "-" "WordPress/7.0; https://arominayurveda.lk"
78.142.18.172 - - [17/Jun/2026:16:42:44 -0400] "POST /wp-login.php HTTP/1.1" 200 1932 "https://arominayurveda.lk/wp-login.php" "Mozilla/5.0 (Macintosh; Intel Mac OS X 10_15_7) AppleWebKit/537.36 (KHTML, like Gecko) Chrome/133.0.0.0 Safari/537.36 Edg/133.0.0.0"
162.254.36.150 - - [17/Jun/2026:16:42:43 -0400] "GET /wp-login.php HTTP/1.1" 200 1844 "-" "Mozilla/5.0 (Macintosh; Intel Mac OS X 10_15_7) AppleWebKit/537.36 (KHTML, like Gecko) Chrome/133.0.0.0 Safari/537.36"
78.142.18.172 - - [17/Jun/2026:16:42:43 -0400] "GET /wp-login.php HTTP/1.1" 200 1844 "-" "Mozilla/5.0 (Macintosh; Intel Mac OS X 10_15_7) AppleWebKit/537.36 (KHTML, like Gecko) Chrome/133.0.0.0 Safari/537.36 Edg/133.0.0.0"
162.254.36.150 - - [17/Jun/2026:16:42:43 -0400] "POST /wp-login.php HTTP/1.1" 200 1932 "https://arominayurveda.lk/wp-login.php" "Mozilla/5.0 (Macintosh; Intel Mac OS X 10_15_7) AppleWebKit/537.36 (KHTML, like Gecko) Chrome/133.0.0.0 Safari/537.36"
85.208.96.212 - - [17/Jun/2026:16:51:24 -0400] "GET /robots.txt HTTP/1.1" 404 1251 "-" "Mozilla/5.0 (compatible; SemrushBot/7~bl; +http://www.semrush.com/bot.html)"
185.191.171.6 - - [17/Jun/2026:16:51:32 -0400] "GET /sitemap.xml HTTP/1.1" 404 1251 "-" "Mozilla/5.0 (compatible; SemrushBot/7~bl; +http://www.semrush.com/bot.html)"
66.249.77.37 - - [17/Jun/2026:16:58:18 -0400] "GET /?paged=2&post_type=product&add-to-cart=309 HTTP/1.1" 200 35223 "-" "Mozilla/5.0 (Linux; Android 6.0.1; Nexus 5X Build/MMB29P) AppleWebKit/537.36 (KHTML, like Gecko) Chrome/148.0.7778.96 Mobile Safari/537.36 (compatible; Googlebot/2.1; +http://www.google.com/bot.html)"
185.191.171.3 - - [17/Jun/2026:16:51:24 -0400] "GET / HTTP/1.1" 200 19934 "-" "Mozilla/5.0 (compatible; SemrushBot/7~bl; +http://www.semrush.com/bot.html)"
199.188.200.224 - - [17/Jun/2026:16:58:21 -0400] "POST /wp-cron.php?doing_wp_cron=1781729901.2625529766082763671875 HTTP/1.1" 200 0 "-" "WordPress/7.0; https://arominayurveda.lk"
66.249.77.35 - - [17/Jun/2026:16:58:25 -0400] "GET /wp-content/plugins/elementskit-lite/widgets/init/assets/js/widget-scripts.js?ver=3.9.8 HTTP/1.1" 304 0 "https://arominayurveda.lk/?paged=2&post_type=product&add-to-cart=309" "Mozilla/5.0 (Linux; Android 6.0.1; Nexus 5X Build/MMB29P) AppleWebKit/537.36 (KHTML, like Gecko) Chrome/148.0.7778.96 Mobile Safari/537.36 (compatible; Googlebot/2.1; +http://www.google.com/bot.html)"
66.249.77.36 - - [17/Jun/2026:16:58:26 -0400] "GET /index.php?rest_route=/wc/store/v1/cart HTTP/1.1" 200 1021 "https://arominayurveda.lk/?paged=2&post_type=product&add-to-cart=309" "Mozilla/5.0 (Linux; Android 6.0.1; Nexus 5X Build/MMB29P) AppleWebKit/537.36 (KHTML, like Gecko) Chrome/148.0.7778.96 Mobile Safari/537.36 (compatible; Googlebot/2.1; +http://www.google.com/bot.html)"
78.142.18.172 - - [17/Jun/2026:17:00:07 -0400] "GET /wp-login.php HTTP/1.1" 200 1844 "-" "Mozilla/5.0 (Windows NT 10.0; Win64; x64) AppleWebKit/537.36 (KHTML, like Gecko) Chrome/133.0.0.0 Safari/537.36"
78.142.18.172 - - [17/Jun/2026:17:00:19 -0400] "POST /wp-login.php HTTP/1.1" 200 1932 "https://arominayurveda.lk/wp-login.php" "Mozilla/5.0 (X11; Ubuntu; Linux x86_64; rv:133.0) Gecko/20100101 Firefox/133.0"
217.160.212.27 - - [17/Jun/2026:17:00:49 -0400] "GET /wp-login.php HTTP/1.1" 200 1844 "-" "Mozilla/5.0 (X11; Ubuntu; Linux x86_64; rv:133.0) Gecko/20100101 Firefox/133.0"
185.176.8.77 - - [17/Jun/2026:17:00:50 -0400] "GET /wp-login.php HTTP/1.1" 200 1844 "-" "Mozilla/5.0 (X11; Linux x86_64; rv:133.0) Gecko/20100101 Firefox/133.0"
217.160.212.27 - - [17/Jun/2026:17:00:50 -0400] "POST /wp-login.php HTTP/1.1" 200 1946 "https://arominayurveda.lk/wp-login.php" "Mozilla/5.0 (X11; Ubuntu; Linux x86_64; rv:133.0) Gecko/20100101 Firefox/133.0"
185.176.8.77 - - [17/Jun/2026:17:00:51 -0400] "POST /wp-login.php HTTP/1.1" 200 1946 "https://arominayurveda.lk/wp-login.php" "Mozilla/5.0 (X11; Linux x86_64; rv:133.0) Gecko/20100101 Firefox/133.0"
193.32.162.60 - - [17/Jun/2026:17:15:49 -0400] "GET /wp-json/gravitysmtp/v1/tests/mock-data?page=gravitysmtp-settings HTTP/1.1" 404 1251 "http://arominayurveda.lk/wp-json/gravitysmtp/v1/tests/mock-data?page=gravitysmtp-settings" "Mozilla/5.0 (compatible; SecurityResearch/1.0; )"
199.188.200.224 - - [17/Jun/2026:17:00:10 -0400] "POST /wp-cron.php?doing_wp_cron=1781730010.3559389114379882812500 HTTP/1.1" 200 0 "-" "WordPress/7.0; https://arominayurveda.lk"
78.142.18.172 - - [17/Jun/2026:17:00:08 -0400] "POST /wp-login.php HTTP/1.1" 200 1932 "https://arominayurveda.lk/wp-login.php" "Mozilla/5.0 (Windows NT 10.0; Win64; x64) AppleWebKit/537.36 (KHTML, like Gecko) Chrome/133.0.0.0 Safari/537.36"
78.142.18.172 - - [17/Jun/2026:17:00:15 -0400] "GET /wp-login.php HTTP/1.1" 200 1844 "-" "Mozilla/5.0 (X11; Ubuntu; Linux x86_64; rv:133.0) Gecko/20100101 Firefox/133.0"
199.188.200.224 - - [17/Jun/2026:17:00:51 -0400] "POST /wp-cron.php?doing_wp_cron=1781730051.2341248989105224609375 HTTP/1.1" 200 0 "-" "WordPress/7.0; https://arominayurveda.lk"
216.73.216.55 - - [17/Jun/2026:17:17:26 -0400] "GET /sitemap.xml HTTP/1.1" 404 1251 "-" "Mozilla/5.0 AppleWebKit/537.36 (KHTML, like Gecko; compatible; Claude-SearchBot/1.0; +searchbot@anthropic.com)"
66.249.77.43 - - [17/Jun/2026:17:17:45 -0400] "GET / HTTP/1.1" 200 19934 "-" "Mozilla/5.0 (Linux; Android 6.0.1; Nexus 5X Build/MMB29P) AppleWebKit/537.36 (KHTML, like Gecko) Chrome/148.0.7778.96 Mobile Safari/537.36 (compatible; Googlebot/2.1; +http://www.google.com/bot.html)"
103.127.30.137 - - [17/Jun/2026:17:19:14 -0400] "GET /wp-login.php HTTP/1.1" 200 1844 "-" "Mozilla/5.0 (Macintosh; Intel Mac OS X 11_7_10) AppleWebKit/537.36 (KHTML, like Gecko) Chrome/133.0.0.0 Safari/537.36"
199.188.200.224 - - [17/Jun/2026:17:19:48 -0400] "POST /wp-cron.php?doing_wp_cron=1781731188.6160190105438232421875 HTTP/1.1" 200 0 "-" "WordPress/7.0; https://arominayurveda.lk"
78.142.18.172 - - [17/Jun/2026:17:19:48 -0400] "POST /wp-login.php HTTP/1.1" 200 1932 "https://arominayurveda.lk/wp-login.php" "Mozilla/5.0 (X11; Linux x86_64) AppleWebKit/537.36 (KHTML, like Gecko) Chrome/133.0.0.0 Safari/537.36"
216.73.216.55 - - [17/Jun/2026:17:17:26 -0400] "GET /robots.txt HTTP/1.1" 404 1251 "-" "Mozilla/5.0 AppleWebKit/537.36 (KHTML, like Gecko; compatible; Claude-SearchBot/1.0; +searchbot@anthropic.com)"
199.188.200.224 - - [17/Jun/2026:17:19:17 -0400] "POST /wp-cron.php?doing_wp_cron=1781731157.6605401039123535156250 HTTP/1.1" 200 0 "-" "WordPress/7.0; https://arominayurveda.lk"
103.127.30.137 - - [17/Jun/2026:17:19:15 -0400] "POST /wp-login.php HTTP/1.1" 200 1946 "https://arominayurveda.lk/wp-login.php" "Mozilla/5.0 (Macintosh; Intel Mac OS X 11_7_10) AppleWebKit/537.36 (KHTML, like Gecko) Chrome/133.0.0.0 Safari/537.36"
78.142.18.172 - - [17/Jun/2026:17:19:47 -0400] "GET /wp-login.php HTTP/1.1" 200 1844 "-" "Mozilla/5.0 (X11; Linux x86_64) AppleWebKit/537.36 (KHTML, like Gecko) Chrome/133.0.0.0 Safari/537.36"
78.142.18.172 - - [17/Jun/2026:17:38:30 -0400] "GET /wp-login.php HTTP/1.1" 200 1844 "-" "Mozilla/5.0 (Windows NT 10.0; WOW64) AppleWebKit/537.36 (KHTML, like Gecko) Chrome/133.0.0.0 Safari/537.36"
78.142.18.172 - - [17/Jun/2026:17:38:31 -0400] "POST /wp-login.php HTTP/1.1" 200 1932 "https://arominayurveda.lk/wp-login.php" "Mozilla/5.0 (Windows NT 10.0; WOW64) AppleWebKit/537.36 (KHTML, like Gecko) Chrome/133.0.0.0 Safari/537.36"
78.142.18.172 - - [17/Jun/2026:17:38:30 -0400] "POST /wp-login.php HTTP/1.1" 200 1932 "https://arominayurveda.lk/wp-login.php" "Mozilla/5.0 (Windows NT 10.0) AppleWebKit/537.36 (KHTML, like Gecko) Chrome/133.0.0.0 Safari/537.36"
51.79.65.194 - - [17/Jun/2026:17:38:44 -0400] "GET /wp-login.php HTTP/1.1" 200 1844 "-" "Mozilla/5.0 (X11; CrOS x86_64 14541.0.0) AppleWebKit/537.36 (KHTML, like Gecko) Chrome/133.0.0.0 Safari/537.36"
51.79.65.194 - - [17/Jun/2026:17:38:44 -0400] "POST /wp-login.php HTTP/1.1" 200 1946 "https://arominayurveda.lk/wp-login.php" "Mozilla/5.0 (X11; CrOS x86_64 14541.0.0) AppleWebKit/537.36 (KHTML, like Gecko) Chrome/133.0.0.0 Safari/537.36"
213.128.70.19 - - [17/Jun/2026:17:38:47 -0400] "POST /wp-login.php HTTP/1.1" 200 1946 "https://arominayurveda.lk/wp-login.php" "Mozilla/5.0 (X11; Linux x86_64; rv:133.0) Gecko/20100101 Firefox/133.0"
66.249.77.35 - - [17/Jun/2026:17:43:57 -0400] "GET /wp-content/plugins/elementskit-lite/widgets/init/assets/js/jquery.magnific-popup.min.js?ver=3.9.7 HTTP/1.1" 304 0 "https://arominayurveda.lk/" "Mozilla/5.0 (Linux; Android 6.0.1; Nexus 5X Build/MMB29P) AppleWebKit/537.36 (KHTML, like Gecko) Chrome/148.0.7778.96 Mobile Safari/537.36 (compatible; Googlebot/2.1; +http://www.google.com/bot.html)"
78.142.18.172 - - [17/Jun/2026:17:38:29 -0400] "GET /wp-login.php HTTP/1.1" 200 1844 "-" "Mozilla/5.0 (Windows NT 10.0) AppleWebKit/537.36 (KHTML, like Gecko) Chrome/133.0.0.0 Safari/537.36"
199.188.200.224 - - [17/Jun/2026:17:38:33 -0400] "POST /wp-cron.php?doing_wp_cron=1781732312.9655530452728271484375 HTTP/1.1" 200 0 "-" "WordPress/7.0; https://arominayurveda.lk"
213.128.70.19 - - [17/Jun/2026:17:38:46 -0400] "GET /wp-login.php HTTP/1.1" 200 1844 "-" "Mozilla/5.0 (X11; Linux x86_64; rv:133.0) Gecko/20100101 Firefox/133.0"
213.128.70.19 - - [17/Jun/2026:17:57:14 -0400] "GET /wp-login.php HTTP/1.1" 200 1844 "-" "Mozilla/5.0 (Macintosh; Intel Mac OS X 10_15_7) AppleWebKit/537.36 (KHTML, like Gecko) Chrome/133.0.0.0 Safari/537.36"
199.188.200.224 - - [17/Jun/2026:17:57:17 -0400] "POST /wp-cron.php?doing_wp_cron=1781733437.0755939483642578125000 HTTP/1.1" 200 0 "-" "WordPress/7.0; https://arominayurveda.lk"
20.219.17.202 - - [17/Jun/2026:17:57:35 -0400] "GET /wp-login.php HTTP/1.1" 200 1844 "-" "Mozilla/5.0 (X11; Fedora; Linux x86_64) AppleWebKit/537.36 (KHTML, like Gecko) Chrome/133.0.0.0 Safari/537.36"
20.219.17.202 - - [17/Jun/2026:17:57:36 -0400] "POST /wp-login.php HTTP/1.1" 200 1946 "https://arominayurveda.lk/wp-login.php" "Mozilla/5.0 (X11; Fedora; Linux x86_64) AppleWebKit/537.36 (KHTML, like Gecko) Chrome/133.0.0.0 Safari/537.36"
78.142.18.172 - - [17/Jun/2026:17:57:37 -0400] "POST /wp-login.php HTTP/1.1" 200 1932 "https://arominayurveda.lk/wp-login.php" "Mozilla/5.0 (X11; Ubuntu; Linux x86_64) AppleWebKit/537.36 (KHTML, like Gecko) Chrome/133.0.0.0 Safari/537.36"
158.247.200.150 - - [17/Jun/2026:17:57:15 -0400] "GET /wp-login.php HTTP/1.1" 200 1844 "-" "Mozilla/5.0 (Macintosh; Intel Mac OS X 10_15_7) AppleWebKit/537.36 (KHTML, like Gecko) Chrome/133.0.0.0 Safari/537.36 Edg/133.0.0.0"
213.128.70.19 - - [17/Jun/2026:17:57:15 -0400] "POST /wp-login.php HTTP/1.1" 200 1946 "https://arominayurveda.lk/wp-login.php" "Mozilla/5.0 (Macintosh; Intel Mac OS X 10_15_7) AppleWebKit/537.36 (KHTML, like Gecko) Chrome/133.0.0.0 Safari/537.36"
158.247.200.150 - - [17/Jun/2026:17:57:15 -0400] "POST /wp-login.php HTTP/1.1" 200 1946 "https://arominayurveda.lk/wp-login.php" "Mozilla/5.0 (Macintosh; Intel Mac OS X 10_15_7) AppleWebKit/537.36 (KHTML, like Gecko) Chrome/133.0.0.0 Safari/537.36 Edg/133.0.0.0"
78.142.18.172 - - [17/Jun/2026:17:57:36 -0400] "GET /wp-login.php HTTP/1.1" 200 1844 "-" "Mozilla/5.0 (X11; Ubuntu; Linux x86_64) AppleWebKit/537.36 (KHTML, like Gecko) Chrome/133.0.0.0 Safari/537.36"
199.188.200.224 - - [17/Jun/2026:17:57:36 -0400] "POST /wp-cron.php?doing_wp_cron=1781733456.6179330348968505859375 HTTP/1.1" 200 0 "-" "WordPress/7.0; https://arominayurveda.lk"
199.188.200.224 - - [17/Jun/2026:18:03:23 -0400] "POST /wp-cron.php?doing_wp_cron=1781733803.3262329101562500000000 HTTP/1.1" 200 0 "-" "WordPress/7.0; https://arominayurveda.lk"
66.249.77.37 - - [17/Jun/2026:18:03:20 -0400] "GET /?post_type=product&add-to-cart=301 HTTP/1.1" 200 37034 "-" "Mozilla/5.0 (Linux; Android 6.0.1; Nexus 5X Build/MMB29P) AppleWebKit/537.36 (KHTML, like Gecko) Chrome/148.0.7778.96 Mobile Safari/537.36 (compatible; Googlebot/2.1; +http://www.google.com/bot.html)"
103.82.21.169 - - [17/Jun/2026:18:16:31 -0400] "GET /wp-login.php HTTP/1.1" 200 1844 "-" "Mozilla/5.0 (X11; Ubuntu; Linux x86_64) AppleWebKit/537.36 (KHTML, like Gecko) Chrome/133.0.0.0 Safari/537.36"
199.188.200.224 - - [17/Jun/2026:18:16:33 -0400] "POST /wp-cron.php?doing_wp_cron=1781734593.4410650730133056640625 HTTP/1.1" 200 0 "-" "WordPress/7.0; https://arominayurveda.lk"
51.79.254.190 - - [17/Jun/2026:18:17:54 -0400] "GET /wp-login.php HTTP/1.1" 200 1844 "-" "Mozilla/5.0 (Macintosh; Intel Mac OS X 10_15_7) AppleWebKit/537.36 (KHTML, like Gecko) Chrome/133.0.0.0 Safari/537.36 Edg/133.0.0.0"
199.188.200.224 - - [17/Jun/2026:18:18:00 -0400] "POST /wp-cron.php?doing_wp_cron=1781734680.4772551059722900390625 HTTP/1.1" 200 0 "-" "WordPress/7.0; https://arominayurveda.lk"
51.79.254.190 - - [17/Jun/2026:18:17:58 -0400] "POST /wp-login.php HTTP/1.1" 200 1946 "https://arominayurveda.lk/wp-login.php" "Mozilla/5.0 (Macintosh; Intel Mac OS X 10_15_7) AppleWebKit/537.36 (KHTML, like Gecko) Chrome/133.0.0.0 Safari/537.36 Edg/133.0.0.0"
5.56.58.49 - - [17/Jun/2026:18:18:00 -0400] "POST /wp-login.php HTTP/1.1" 200 1946 "https://arominayurveda.lk/wp-login.php" "Mozilla/5.0 (Macintosh; Intel Mac OS X 14_7_4) AppleWebKit/537.36 (KHTML, like Gecko) Chrome/133.0.0.0 Safari/537.36"
216.73.216.55 - - [17/Jun/2026:18:14:19 -0400] "GET /sitemap.xml HTTP/1.1" 404 1251 "-" "Mozilla/5.0 AppleWebKit/537.36 (KHTML, like Gecko; compatible; Claude-SearchBot/1.0; +searchbot@anthropic.com)"
213.171.208.62 - - [17/Jun/2026:18:16:30 -0400] "GET /wp-login.php HTTP/1.1" 200 1844 "-" "Mozilla/5.0 (X11; Fedora; Linux x86_64) AppleWebKit/537.36 (KHTML, like Gecko) Chrome/133.0.0.0 Safari/537.36"
103.82.21.169 - - [17/Jun/2026:18:16:33 -0400] "POST /wp-login.php HTTP/1.1" 200 1946 "https://arominayurveda.lk/wp-login.php" "Mozilla/5.0 (X11; Ubuntu; Linux x86_64) AppleWebKit/537.36 (KHTML, like Gecko) Chrome/133.0.0.0 Safari/537.36"
213.171.208.62 - - [17/Jun/2026:18:16:31 -0400] "POST /wp-login.php HTTP/1.1" 200 1946 "https://arominayurveda.lk/wp-login.php" "Mozilla/5.0 (X11; Fedora; Linux x86_64) AppleWebKit/537.36 (KHTML, like Gecko) Chrome/133.0.0.0 Safari/537.36"
5.56.58.49 - - [17/Jun/2026:18:17:57 -0400] "GET /wp-login.php HTTP/1.1" 200 1844 "-" "Mozilla/5.0 (Macintosh; Intel Mac OS X 14_7_4) AppleWebKit/537.36 (KHTML, like Gecko) Chrome/133.0.0.0 Safari/537.36"
78.142.18.172 - - [17/Jun/2026:18:35:44 -0400] "GET /wp-login.php HTTP/1.1" 200 1844 "-" "Mozilla/5.0 (Windows NT 10.0; Win64; x64; rv:133.0) Gecko/20100101 Firefox/133.0"
199.188.200.224 - - [17/Jun/2026:18:35:51 -0400] "POST /wp-cron.php?doing_wp_cron=1781735751.5138928890228271484375 HTTP/1.1" 200 0 "-" "WordPress/7.0; https://arominayurveda.lk"
78.142.18.172 - - [17/Jun/2026:18:35:49 -0400] "POST /wp-login.php HTTP/1.1" 200 1932 "https://arominayurveda.lk/wp-login.php" "Mozilla/5.0 (Windows NT 10.0; Win64; x64; rv:133.0) Gecko/20100101 Firefox/133.0"
103.28.36.106 - - [17/Jun/2026:18:57:32 -0400] "POST /wp-login.php HTTP/1.1" 200 1946 "https://arominayurveda.lk/wp-login.php" "Mozilla/5.0 (X11; Linux i686) AppleWebKit/537.36 (KHTML, like Gecko) Chrome/133.0.0.0 Safari/537.36"
103.28.36.106 - - [17/Jun/2026:18:57:31 -0400] "GET /wp-login.php HTTP/1.1" 200 1844 "-" "Mozilla/5.0 (X11; Linux i686) AppleWebKit/537.36 (KHTML, like Gecko) Chrome/133.0.0.0 Safari/537.36"
199.188.200.224 - - [17/Jun/2026:18:57:34 -0400] "POST /wp-cron.php?doing_wp_cron=1781737054.0909020900726318359375 HTTP/1.1" 200 0 "-" "WordPress/7.0; https://arominayurveda.lk"
107.189.29.12 - - [17/Jun/2026:19:13:59 -0400] "POST / HTTP/1.1" 200 19899 "-" "python-requests/2.33.1"
199.188.200.224 - - [17/Jun/2026:19:14:02 -0400] "POST /wp-cron.php?doing_wp_cron=1781738042.4603040218353271484375 HTTP/1.1" 200 0 "-" "WordPress/7.0; https://arominayurveda.lk"
167.71.136.93 - - [17/Jun/2026:19:18:18 -0400] "GET /wp-login.php HTTP/1.1" 200 1844 "-" "Mozilla/5.0 (Windows NT 10.0; WOW64) AppleWebKit/537.36 (KHTML, like Gecko) Chrome/133.0.0.0 Safari/537.36"
199.188.200.224 - - [17/Jun/2026:19:18:21 -0400] "POST /wp-cron.php?doing_wp_cron=1781738301.3020410537719726562500 HTTP/1.1" 200 0 "-" "WordPress/7.0; https://arominayurveda.lk"
167.71.136.93 - - [17/Jun/2026:19:18:19 -0400] "POST /wp-login.php HTTP/1.1" 200 1946 "https://arominayurveda.lk/wp-login.php" "Mozilla/5.0 (Windows NT 10.0; WOW64) AppleWebKit/537.36 (KHTML, like Gecko) Chrome/133.0.0.0 Safari/537.36"
103.124.95.33 - - [17/Jun/2026:19:21:05 -0400] "POST /wp-login.php HTTP/1.1" 200 1946 "https://arominayurveda.lk/wp-login.php" "Mozilla/5.0 (Windows NT 10.0; Win64; x64; rv:133.0) Gecko/20100101 Firefox/133.0"
78.142.18.172 - - [17/Jun/2026:19:18:22 -0400] "GET /wp-login.php HTTP/1.1" 200 1844 "-" "Mozilla/5.0 (Windows NT 10.0; Win64; x64) AppleWebKit/537.36 (KHTML, like Gecko) Chrome/133.0.0.0 Safari/537.36 Edg/133.0.0.0"
78.142.18.172 - - [17/Jun/2026:19:18:23 -0400] "POST /wp-login.php HTTP/1.1" 200 1932 "https://arominayurveda.lk/wp-login.php" "Mozilla/5.0 (Windows NT 10.0; Win64; x64) AppleWebKit/537.36 (KHTML, like Gecko) Chrome/133.0.0.0 Safari/537.36 Edg/133.0.0.0"
103.124.95.33 - - [17/Jun/2026:19:21:04 -0400] "GET /wp-login.php HTTP/1.1" 200 1844 "-" "Mozilla/5.0 (Windows NT 10.0; Win64; x64; rv:133.0) Gecko/20100101 Firefox/133.0"
199.188.200.224 - - [17/Jun/2026:19:21:08 -0400] "POST /wp-cron.php?doing_wp_cron=1781738467.8951630592346191406250 HTTP/1.1" 200 0 "-" "WordPress/7.0; https://arominayurveda.lk"
74.7.230.14 - - [17/Jun/2026:19:31:47 -0400] "GET /robots.txt HTTP/1.1" 404 1251 "-" "Mozilla/5.0 (Macintosh; Intel Mac OS X 10_15_7) AppleWebKit/537.36 (KHTML, like Gecko) Chrome/131.0.0.0 Safari/537.36; compatible; OAI-SearchBot/1.4; robots.txt; +https://openai.com/searchbot"
199.188.200.224 - - [17/Jun/2026:19:38:27 -0400] "POST /wp-cron.php?doing_wp_cron=1781739507.5135018825531005859375 HTTP/1.1" 200 0 "-" "WordPress/7.0; https://arominayurveda.lk"
103.127.30.137 - - [17/Jun/2026:19:38:25 -0400] "POST /wp-login.php HTTP/1.1" 200 1946 "https://arominayurveda.lk/wp-login.php" "Mozilla/5.0 (Macintosh; Intel Mac OS X 10_15_7) AppleWebKit/605.1.15 (KHTML, like Gecko) Version/18.3 Safari/605.1.15"
72.167.38.37 - - [17/Jun/2026:19:41:42 -0400] "POST /wp-login.php HTTP/1.1" 200 1946 "https://arominayurveda.lk/wp-login.php" "Mozilla/5.0 (X11; Fedora; Linux x86_64) AppleWebKit/537.36 (KHTML, like Gecko) Chrome/133.0.0.0 Safari/537.36"
104.210.140.136 - - [17/Jun/2026:19:35:24 -0400] "GET /robots.txt HTTP/1.1" 404 1251 "-" "Mozilla/5.0 (Macintosh; Intel Mac OS X 10_15_7) AppleWebKit/537.36 (KHTML, like Gecko) Chrome/131.0.0.0 Safari/537.36; compatible; OAI-SearchBot/1.0; +https://openai.com/searchbot"
103.127.30.137 - - [17/Jun/2026:19:38:24 -0400] "GET /wp-login.php HTTP/1.1" 200 1844 "-" "Mozilla/5.0 (Macintosh; Intel Mac OS X 10_15_7) AppleWebKit/605.1.15 (KHTML, like Gecko) Version/18.3 Safari/605.1.15"
72.167.38.37 - - [17/Jun/2026:19:41:42 -0400] "GET /wp-login.php HTTP/1.1" 200 1844 "-" "Mozilla/5.0 (X11; Fedora; Linux x86_64) AppleWebKit/537.36 (KHTML, like Gecko) Chrome/133.0.0.0 Safari/537.36"
216.73.216.68 - - [17/Jun/2026:19:54:04 -0400] "GET /robots.txt HTTP/1.1" 404 1251 "-" "Mozilla/5.0 AppleWebKit/537.36 (KHTML, like Gecko; compatible; ClaudeBot/1.0; +claudebot@anthropic.com)"
179.60.149.105 - - [17/Jun/2026:19:54:14 -0400] "GET / HTTP/1.1" 200 19934 "-" "Mozilla/5.0 (Macintosh; Intel Mac OS X 10_15_7) AppleWebKit/537.36 (KHTML, like Gecko) Chrome/120.0.0.0 Safari/537.36"
103.127.30.137 - - [17/Jun/2026:19:58:31 -0400] "GET /wp-login.php HTTP/1.1" 200 1844 "-" "Mozilla/5.0 (Windows NT 10.0; Win64; x64) AppleWebKit/537.36 (KHTML, like Gecko) Chrome/133.0.0.0 Safari/537.36"
103.127.30.137 - - [17/Jun/2026:19:58:32 -0400] "POST /wp-login.php HTTP/1.1" 200 1946 "https://arominayurveda.lk/wp-login.php" "Mozilla/5.0 (Windows NT 10.0; Win64; x64) AppleWebKit/537.36 (KHTML, like Gecko) Chrome/133.0.0.0 Safari/537.36"
199.188.200.224 - - [17/Jun/2026:19:58:34 -0400] "POST /wp-cron.php?doing_wp_cron=1781740714.2089951038360595703125 HTTP/1.1" 200 0 "-" "WordPress/7.0; https://arominayurveda.lk"
158.173.67.184 - - [17/Jun/2026:20:20:26 -0400] "GET /wp-content/plugins/fix/up.php HTTP/1.1" 404 1251 "-" "Mozilla/5.0"
78.142.18.172 - - [17/Jun/2026:20:13:16 -0400] "GET /wp-login.php HTTP/1.1" 200 1844 "-" "Mozilla/5.0 (Macintosh; Intel Mac OS X 11_7_10) AppleWebKit/537.36 (KHTML, like Gecko) Chrome/133.0.0.0 Safari/537.36"
199.188.200.224 - - [17/Jun/2026:20:13:19 -0400] "POST /wp-cron.php?doing_wp_cron=1781741599.5865719318389892578125 HTTP/1.1" 200 0 "-" "WordPress/7.0; https://arominayurveda.lk"
78.142.18.172 - - [17/Jun/2026:20:13:17 -0400] "POST /wp-login.php HTTP/1.1" 200 1930 "https://arominayurveda.lk/wp-login.php" "Mozilla/5.0 (Macintosh; Intel Mac OS X 11_7_10) AppleWebKit/537.36 (KHTML, like Gecko) Chrome/133.0.0.0 Safari/537.36"
158.173.67.90 - - [17/Jun/2026:20:20:25 -0400] "GET /wp-content/plugins/fix/up.php HTTP/1.1" 404 1251 "http://arominayurveda.lk/wp-content/plugins/fix/up.php" "Mozilla/5.0"
199.188.200.224 - - [17/Jun/2026:20:29:44 -0400] "POST /wp-cron.php?doing_wp_cron=1781742584.4286119937896728515625 HTTP/1.1" 200 0 "-" "WordPress/7.0; https://arominayurveda.lk"
162.254.36.150 - - [17/Jun/2026:20:33:37 -0400] "POST /wp-login.php HTTP/1.1" 200 1931 "https://arominayurveda.lk/wp-login.php" "Mozilla/5.0 (Windows NT 10.0; Win64; x64) AppleWebKit/537.36 (KHTML, like Gecko) Chrome/133.0.0.0 Safari/537.36 Edg/133.0.0.0"
78.142.18.172 - - [17/Jun/2026:20:29:38 -0400] "GET /wp-login.php HTTP/1.1" 200 1844 "-" "Mozilla/5.0 (Macintosh; Intel Mac OS X 14_7_4) AppleWebKit/537.36 (KHTML, like Gecko) Chrome/133.0.0.0 Safari/537.36"
78.142.18.172 - - [17/Jun/2026:20:29:43 -0400] "GET /wp-login.php HTTP/1.1" 200 1844 "-" "Mozilla/5.0 (Macintosh; Intel Mac OS X 11_7_10) AppleWebKit/537.36 (KHTML, like Gecko) Chrome/133.0.0.0 Safari/537.36"
78.142.18.172 - - [17/Jun/2026:20:29:42 -0400] "POST /wp-login.php HTTP/1.1" 200 1930 "https://arominayurveda.lk/wp-login.php" "Mozilla/5.0 (Macintosh; Intel Mac OS X 14_7_4) AppleWebKit/537.36 (KHTML, like Gecko) Chrome/133.0.0.0 Safari/537.36"
78.142.18.172 - - [17/Jun/2026:20:29:52 -0400] "POST /wp-login.php HTTP/1.1" 200 1930 "https://arominayurveda.lk/wp-login.php" "Mozilla/5.0 (Macintosh; Intel Mac OS X 11_7_10) AppleWebKit/537.36 (KHTML, like Gecko) Chrome/133.0.0.0 Safari/537.36"
162.254.36.150 - - [17/Jun/2026:20:33:35 -0400] "GET /wp-login.php HTTP/1.1" 200 1844 "-" "Mozilla/5.0 (Windows NT 10.0; Win64; x64) AppleWebKit/537.36 (KHTML, like Gecko) Chrome/133.0.0.0 Safari/537.36 Edg/133.0.0.0"
199.188.200.224 - - [17/Jun/2026:20:33:39 -0400] "POST /wp-cron.php?doing_wp_cron=1781742819.3208870887756347656250 HTTP/1.1" 200 0 "-" "WordPress/7.0; https://arominayurveda.lk"
216.73.216.55 - - [17/Jun/2026:20:37:10 -0400] "GET /sitemap.xml HTTP/1.1" 404 1251 "-" "Mozilla/5.0 AppleWebKit/537.36 (KHTML, like Gecko; compatible; Claude-SearchBot/1.0; +searchbot@anthropic.com)"
103.127.30.137 - - [17/Jun/2026:20:50:48 -0400] "GET /wp-login.php HTTP/1.1" 200 1844 "-" "Mozilla/5.0 (X11; Linux x86_64; rv:133.0) Gecko/20100101 Firefox/133.0"
199.188.200.224 - - [17/Jun/2026:20:50:51 -0400] "POST /wp-cron.php?doing_wp_cron=1781743851.5076639652252197265625 HTTP/1.1" 200 0 "-" "WordPress/7.0; https://arominayurveda.lk"
103.127.30.137 - - [17/Jun/2026:20:50:49 -0400] "POST /wp-login.php HTTP/1.1" 200 1944 "https://arominayurveda.lk/wp-login.php" "Mozilla/5.0 (X11; Linux x86_64; rv:133.0) Gecko/20100101 Firefox/133.0"
152.53.111.131 - - [17/Jun/2026:20:56:07 -0400] "GET /wp-login.php HTTP/1.1" 200 1844 "-" "Mozilla/5.0 (X11; Linux i686) AppleWebKit/537.36 (KHTML, like Gecko) Chrome/133.0.0.0 Safari/537.36"
199.188.200.224 - - [17/Jun/2026:20:56:13 -0400] "POST /wp-cron.php?doing_wp_cron=1781744173.0480520725250244140625 HTTP/1.1" 200 0 "-" "WordPress/7.0; https://arominayurveda.lk"
152.53.111.131 - - [17/Jun/2026:20:56:11 -0400] "POST /wp-login.php HTTP/1.1" 200 1944 "https://arominayurveda.lk/wp-login.php" "Mozilla/5.0 (X11; Linux i686) AppleWebKit/537.36 (KHTML, like Gecko) Chrome/133.0.0.0 Safari/537.36"
162.254.36.150 - - [17/Jun/2026:21:11:46 -0400] "GET /wp-login.php HTTP/1.1" 200 1844 "-" "Mozilla/5.0 (Macintosh; Intel Mac OS X 10_15_7) AppleWebKit/537.36 (KHTML, like Gecko) Chrome/133.0.0.0 Safari/537.36"
199.188.200.224 - - [17/Jun/2026:21:11:48 -0400] "POST /wp-cron.php?doing_wp_cron=1781745108.7931759357452392578125 HTTP/1.1" 200 0 "-" "WordPress/7.0; https://arominayurveda.lk"
162.254.36.150 - - [17/Jun/2026:21:11:46 -0400] "POST /wp-login.php HTTP/1.1" 200 1930 "https://arominayurveda.lk/wp-login.php" "Mozilla/5.0 (Macintosh; Intel Mac OS X 10_15_7) AppleWebKit/537.36 (KHTML, like Gecko) Chrome/133.0.0.0 Safari/537.36"
176.65.139.233 - - [17/Jun/2026:21:05:23 -0400] "GET / HTTP/1.1" 200 19934 "-" "Mozilla/5.0 (Windows NT 10.0; Win64; x64) AppleWebKit/537.36 (KHTML, like Gecko) Chrome/147.0.0.0 Safari/537.36"
78.142.18.172 - - [17/Jun/2026:21:18:01 -0400] "GET /wp-login.php HTTP/1.1" 200 1844 "-" "Mozilla/5.0 (Windows NT 10.0; Win64; x64; rv:133.0) Gecko/20100101 Firefox/133.0"
199.188.200.224 - - [17/Jun/2026:21:18:03 -0400] "POST /wp-cron.php?doing_wp_cron=1781745483.5100970268249511718750 HTTP/1.1" 200 0 "-" "WordPress/7.0; https://arominayurveda.lk"
78.142.18.172 - - [17/Jun/2026:21:18:01 -0400] "POST /wp-login.php HTTP/1.1" 200 1931 "https://arominayurveda.lk/wp-login.php" "Mozilla/5.0 (Windows NT 10.0; Win64; x64; rv:133.0) Gecko/20100101 Firefox/133.0"
78.128.43.246 - - [17/Jun/2026:21:31:19 -0400] "GET /wp-login.php HTTP/1.1" 200 1844 "-" "Mozilla/5.0 (X11; Fedora; Linux x86_64) AppleWebKit/537.36 (KHTML, like Gecko) Chrome/133.0.0.0 Safari/537.36"
199.188.200.224 - - [17/Jun/2026:21:31:25 -0400] "POST /wp-cron.php?doing_wp_cron=1781746285.1075520515441894531250 HTTP/1.1" 200 0 "-" "WordPress/7.0; https://arominayurveda.lk"
78.128.43.246 - - [17/Jun/2026:21:31:23 -0400] "POST /wp-login.php HTTP/1.1" 200 1944 "https://arominayurveda.lk/wp-login.php" "Mozilla/5.0 (X11; Fedora; Linux x86_64) AppleWebKit/537.36 (KHTML, like Gecko) Chrome/133.0.0.0 Safari/537.36"
199.188.200.224 - - [17/Jun/2026:21:38:34 -0400] "POST /wp-cron.php?doing_wp_cron=1781746713.5792369842529296875000 HTTP/1.1" 200 0 "-" "WordPress/7.0; https://arominayurveda.lk"
168.63.79.147 - - [17/Jun/2026:21:38:31 -0400] "POST /wp-login.php HTTP/1.1" 200 1944 "https://arominayurveda.lk/wp-login.php" "Mozilla/5.0 (X11; Linux x86_64; rv:133.0) Gecko/20100101 Firefox/133.0"
179.60.149.105 - - [17/Jun/2026:21:29:50 -0400] "POST /wp-content/plugins/w3-total-cache/vendor/aws/aws-sdk-php/src/data/iotfleethub/2020-11-03/endpoint.2.json.php HTTP/1.1" 200 38 "-" "Mozilla/5.0 (Macintosh; Intel Mac OS X 10_15_7) AppleWebKit/537.36 (KHTML, like Gecko) Chrome/120.0.0.0 Safari/537.36"
179.60.149.105 - - [17/Jun/2026:21:29:50 -0400] "POST /wp-content/plugins/w3-total-cache/vendor/aws/aws-sdk-php/src/data/iotfleethub/2020-11-03/endpoint.2.json.php HTTP/1.1" 200 9 "-" "Mozilla/5.0 (Macintosh; Intel Mac OS X 10_15_7) AppleWebKit/537.36 (KHTML, like Gecko) Chrome/120.0.0.0 Safari/537.36"
168.63.79.147 - - [17/Jun/2026:21:38:30 -0400] "GET /wp-login.php HTTP/1.1" 200 1844 "-" "Mozilla/5.0 (X11; Linux x86_64; rv:133.0) Gecko/20100101 Firefox/133.0"
82.102.18.222 - - [17/Jun/2026:21:48:28 -0400] "GET /wp-includes/ HTTP/1.1" 403 1242 "-" "-"
82.102.18.222 - - [17/Jun/2026:21:48:28 -0400] "GET /wp-includes/ID3/ HTTP/1.1" 403 1242 "-" "-"
82.102.18.222 - - [17/Jun/2026:21:48:29 -0400] "GET /wp-includes/Requests/ HTTP/1.1" 403 1242 "-" "-"
82.102.18.222 - - [17/Jun/2026:21:48:30 -0400] "GET /wp-includes/SimplePie/ HTTP/1.1" 403 1242 "-" "-"
82.102.18.222 - - [17/Jun/2026:21:48:30 -0400] "GET /wp-includes/Text/ HTTP/1.1" 403 1242 "-" "-"
82.102.18.222 - - [17/Jun/2026:21:48:31 -0400] "GET /wp-content/mu-plugins-old/ HTTP/1.1" 404 1251 "-" "-"
82.102.18.222 - - [17/Jun/2026:21:48:31 -0400] "GET /wp-content/themes/classic/inc/ HTTP/1.1" 404 1251 "-" "-"
82.102.18.222 - - [17/Jun/2026:21:48:31 -0400] "GET /wp-content/plugins/ninja-forms/ HTTP/1.1" 404 1251 "-" "-"
82.102.18.222 - - [17/Jun/2026:21:48:32 -0400] "GET /wp-content/mu-plugins/ HTTP/1.1" 403 1242 "-" "-"
82.102.18.222 - - [17/Jun/2026:21:48:33 -0400] "GET /wp-includes/blocks/ HTTP/1.1" 200 6 "-" "-"
82.102.18.222 - - [17/Jun/2026:21:48:33 -0400] "GET /wp-includes/customize/ HTTP/1.1" 403 1242 "-" "-"
82.102.18.222 - - [17/Jun/2026:21:48:35 -0400] "GET /ALFA_DATA/ HTTP/1.1" 404 1251 "-" "-"
82.102.18.222 - - [17/Jun/2026:21:48:36 -0400] "GET /cgi-bin/ HTTP/1.1" 403 1242 "-" "-"
82.102.18.222 - - [17/Jun/2026:21:48:37 -0400] "GET /id/ HTTP/1.1" 404 1251 "-" "-"
82.102.18.222 - - [17/Jun/2026:21:48:37 -0400] "GET /www/ HTTP/1.1" 404 1251 "-" "-"
82.102.18.222 - - [17/Jun/2026:21:48:38 -0400] "GET /web/ HTTP/1.1" 404 1251 "-" "-"
82.102.18.222 - - [17/Jun/2026:21:48:38 -0400] "GET /uploads/ HTTP/1.1" 404 1251 "-" "-"
82.102.18.222 - - [17/Jun/2026:21:48:39 -0400] "GET /upload/ HTTP/1.1" 404 1251 "-" "-"
82.102.18.222 - - [17/Jun/2026:21:48:39 -0400] "GET /Admin/uploads/ HTTP/1.1" 404 1251 "-" "-"
82.102.18.222 - - [17/Jun/2026:21:48:40 -0400] "GET /admin/ HTTP/1.1" 404 1251 "-" "-"
82.102.18.222 - - [17/Jun/2026:21:48:41 -0400] "GET /upload/image/ HTTP/1.1" 404 1251 "-" "-"
82.102.18.222 - - [17/Jun/2026:21:48:42 -0400] "GET /assets/images/ HTTP/1.1" 404 1251 "-" "-"
82.102.18.222 - - [17/Jun/2026:21:48:42 -0400] "GET /Public/ HTTP/1.1" 404 1251 "-" "-"
82.102.18.222 - - [17/Jun/2026:21:48:42 -0400] "GET /vendor/ HTTP/1.1" 404 1251 "-" "-"
82.102.18.222 - - [17/Jun/2026:21:48:44 -0400] "GET /Site/ HTTP/1.1" 404 1251 "-" "-"
82.102.18.222 - - [17/Jun/2026:21:48:45 -0400] "GET /files/ HTTP/1.1" 404 1251 "-" "-"
82.102.18.222 - - [17/Jun/2026:21:48:47 -0400] "GET /plugins/ HTTP/1.1" 404 1251 "-" "-"
82.102.18.222 - - [17/Jun/2026:21:48:47 -0400] "GET /php/ HTTP/1.1" 404 1251 "-" "-"
82.102.18.222 - - [17/Jun/2026:21:48:48 -0400] "GET /wp-admin/css/ HTTP/1.1" 403 1242 "-" "-"
82.102.18.222 - - [17/Jun/2026:21:48:48 -0400] "GET /wp-content/themes/twentytwenty/ HTTP/1.1" 404 1251 "-" "-"
82.102.18.222 - - [17/Jun/2026:21:48:49 -0400] "GET /wp-content/cache/ HTTP/1.1" 200 0 "-" "-"
82.102.18.222 - - [17/Jun/2026:21:48:50 -0400] "GET /wp-includes/assets/ HTTP/1.1" 403 1242 "-" "-"
82.102.18.222 - - [17/Jun/2026:21:48:50 -0400] "GET /wp-includes/block-patterns/ HTTP/1.1" 403 1242 "-" "-"
82.102.18.222 - - [17/Jun/2026:21:48:51 -0400] "GET /wp-includes/html-api/ HTTP/1.1" 403 1242 "-" "-"
82.102.18.222 - - [17/Jun/2026:21:48:52 -0400] "GET /wp-includes/php-compat/ HTTP/1.1" 403 1242 "-" "-"
82.102.18.222 - - [17/Jun/2026:21:48:53 -0400] "GET /wp-includes/random_compat/ HTTP/1.1" 404 1251 "-" "-"
82.102.18.222 - - [17/Jun/2026:21:48:54 -0400] "GET /wp-includes/sitemaps/ HTTP/1.1" 403 1242 "-" "-"
82.102.18.222 - - [17/Jun/2026:21:48:54 -0400] "GET /wp-includes/sodium_compat/ HTTP/1.1" 403 1242 "-" "-"
82.102.18.222 - - [17/Jun/2026:21:48:55 -0400] "GET /wp-includes/widgets/ HTTP/1.1" 403 1242 "-" "-"
82.102.18.222 - - [17/Jun/2026:21:48:56 -0400] "GET /wp-admin/css/colors/ectoplasm/ HTTP/1.1" 403 1242 "-" "-"
