203.172.89.21 - - [17/Jun/2026:17:16:50 -0400] "GET /wp-login.php HTTP/1.1" 200 1736 "-" "Mozilla/5.0 (Windows NT 10.0; Win64; x64) AppleWebKit/537.36 (KHTML, like Gecko) Chrome/120.0.0.0 Safari/537.36"
203.172.89.21 - - [17/Jun/2026:17:16:51 -0400] "GET /wp-login.php HTTP/1.1" 200 1736 "-" "Mozilla/5.0 (Windows NT 10.0; Win64; x64) AppleWebKit/537.36 (KHTML, like Gecko) Chrome/120.0.0.0 Safari/537.36"
203.172.89.21 - - [17/Jun/2026:17:16:51 -0400] "POST /wp-login.php HTTP/1.1" 200 1837 "https://jayamagagroup.com/wp-login.php" "Mozilla/5.0 (Windows NT 10.0; Win64; x64) AppleWebKit/537.36 (KHTML, like Gecko) Chrome/120.0.0.0 Safari/537.36"
172.98.32.23 - - [17/Jun/2026:17:17:56 -0400] "POST /wp-login.php HTTP/1.1" 200 2029 "-" "Mozilla/5.0 (Windows NT 10.0; Win64; rv:143.0) Gecko/20100101 Firefox/143.0"
199.188.200.237 - - [17/Jun/2026:17:26:13 -0400] "POST /wp-cron.php?doing_wp_cron=1781731573.5608389377593994140625 HTTP/1.1" 200 0 "-" "WordPress/7.0; https://jayamagagroup.com"
134.199.161.94 - - [17/Jun/2026:17:26:14 -0400] "GET /wp/wp-admin/install.php HTTP/1.1" 200 1344 "-" "Mozilla/5.0 (Macintosh; Intel Mac OS X 10_10_1) AppleWebKit/537.36 (KHTML, like Gecko) Chrome/39.0.2171.95 Safari/537.36"
134.199.161.94 - - [17/Jun/2026:17:26:15 -0400] "GET /new/wp-admin/install.php HTTP/1.1" 200 1346 "-" "Mozilla/5.0 (Macintosh; Intel Mac OS X 10_10_1) AppleWebKit/537.36 (KHTML, like Gecko) Chrome/39.0.2171.95 Safari/537.36"
134.199.161.94 - - [17/Jun/2026:17:26:16 -0400] "GET /old/wp-admin/install.php HTTP/1.1" 200 1345 "-" "Mozilla/5.0 (Macintosh; Intel Mac OS X 10_10_1) AppleWebKit/537.36 (KHTML, like Gecko) Chrome/39.0.2171.95 Safari/537.36"
134.199.161.94 - - [17/Jun/2026:17:26:18 -0400] "GET /test/wp-admin/install.php HTTP/1.1" 200 1346 "-" "Mozilla/5.0 (Macintosh; Intel Mac OS X 10_10_1) AppleWebKit/537.36 (KHTML, like Gecko) Chrome/39.0.2171.95 Safari/537.36"
134.199.161.94 - - [17/Jun/2026:17:26:19 -0400] "GET /cms/wp-admin/install.php HTTP/1.1" 200 1345 "-" "Mozilla/5.0 (Macintosh; Intel Mac OS X 10_10_1) AppleWebKit/537.36 (KHTML, like Gecko) Chrome/39.0.2171.95 Safari/537.36"
134.199.161.94 - - [17/Jun/2026:17:26:21 -0400] "GET /backup/wp-admin/install.php HTTP/1.1" 200 1347 "-" "Mozilla/5.0 (Macintosh; Intel Mac OS X 10_10_1) AppleWebKit/537.36 (KHTML, like Gecko) Chrome/39.0.2171.95 Safari/537.36"
134.199.161.94 - - [17/Jun/2026:17:26:22 -0400] "GET /site/wp-admin/install.php HTTP/1.1" 200 1345 "-" "Mozilla/5.0 (Macintosh; Intel Mac OS X 10_10_1) AppleWebKit/537.36 (KHTML, like Gecko) Chrome/39.0.2171.95 Safari/537.36"
136.144.42.39 - - [17/Jun/2026:17:28:53 -0400] "POST /wp-login.php HTTP/1.1" 200 2029 "-" "Mozilla/5.0 (Macintosh; Intel Mac OS X 10_15_7) AppleWebKit/605.1.15 Version/17.0 Safari/605.1.15"
34.186.66.231 - - [17/Jun/2026:17:32:44 -0400] "HEAD /backup/ HTTP/1.1" 301 0 "http://www.jayamagagroup.com/backup/" "Mozilla/5.0 (Linux; U; Android 10; en-US; CPH2015) AppleWebKit/537.36 (KHTML, like Gecko) UCBrowser/13.5.8.1311 Mobile Safari/537.36"
34.186.66.231 - - [17/Jun/2026:17:32:44 -0400] "HEAD /backup/ HTTP/1.1" 200 0 "https://www.jayamagagroup.com/backup/" "Mozilla/5.0 (Linux; U; Android 10; en-US; CPH2015) AppleWebKit/537.36 (KHTML, like Gecko) UCBrowser/13.5.8.1311 Mobile Safari/537.36"
34.186.66.231 - - [17/Jun/2026:17:32:45 -0400] "HEAD /wp/ HTTP/1.1" 200 0 "https://www.jayamagagroup.com/wp/" "Mozilla/5.0 (Windows NT 11.0; Win64; x64) AppleWebKit/537.36 (KHTML, like Gecko) Edg/128.0.2790.25 Chrome/128.0.6540.22 Safari/537.36"
34.186.66.231 - - [17/Jun/2026:17:32:45 -0400] "HEAD /old/ HTTP/1.1" 301 0 "http://www.jayamagagroup.com/old/" "Mozilla/5.0 (Windows NT 11.0; Win64; x64) AppleWebKit/537.36 (KHTML, like Gecko) Chrome/128.0.6540.18 Safari/537.36"
34.186.66.231 - - [17/Jun/2026:17:32:45 -0400] "HEAD / HTTP/1.1" 301 0 "http://www.jayamagagroup.com/" "Mozilla/5.0 (Linux; Android 14; SM-A146P) AppleWebKit/537.36 (KHTML, like Gecko) SamsungBrowser/25.0 Chrome/123.0.6312.120 Mobile Safari/537.36"
34.186.66.231 - - [17/Jun/2026:17:32:46 -0400] "HEAD /new/ HTTP/1.1" 301 0 "http://www.jayamagagroup.com/new/" "Mozilla/5.0 (Windows NT 11.0; Win64; x64) AppleWebKit/537.36 (KHTML, like Gecko) Edg/128.0.2790.25 Chrome/128.0.6540.22 Safari/537.36"
34.186.66.231 - - [17/Jun/2026:17:32:46 -0400] "HEAD /new/ HTTP/1.1" 200 0 "https://www.jayamagagroup.com/new/" "Mozilla/5.0 (Windows NT 11.0; Win64; x64) AppleWebKit/537.36 (KHTML, like Gecko) Edg/128.0.2790.25 Chrome/128.0.6540.22 Safari/537.36"
134.199.161.94 - - [17/Jun/2026:17:26:12 -0400] "GET /wp-admin/install.php HTTP/1.1" 200 550 "-" "Mozilla/5.0 (Macintosh; Intel Mac OS X 10_10_1) AppleWebKit/537.36 (KHTML, like Gecko) Chrome/39.0.2171.95 Safari/537.36"
199.188.200.237 - - [17/Jun/2026:17:26:14 -0400] "POST /wp-cron.php?doing_wp_cron=1781731574.4456660747528076171875 HTTP/1.1" 200 0 "-" "WordPress/7.0; https://jayamagagroup.com"
134.199.161.94 - - [17/Jun/2026:17:26:17 -0400] "GET /wordpress/wp-admin/install.php HTTP/1.1" 200 1349 "-" "Mozilla/5.0 (Macintosh; Intel Mac OS X 10_10_1) AppleWebKit/537.36 (KHTML, like Gecko) Chrome/39.0.2171.95 Safari/537.36"
134.199.161.94 - - [17/Jun/2026:17:26:18 -0400] "GET /blog/wp-admin/install.php HTTP/1.1" 200 1346 "-" "Mozilla/5.0 (Macintosh; Intel Mac OS X 10_10_1) AppleWebKit/537.36 (KHTML, like Gecko) Chrome/39.0.2171.95 Safari/537.36"
134.199.161.94 - - [17/Jun/2026:17:26:20 -0400] "GET /web/wp-admin/install.php HTTP/1.1" 200 1345 "-" "Mozilla/5.0 (Macintosh; Intel Mac OS X 10_10_1) AppleWebKit/537.36 (KHTML, like Gecko) Chrome/39.0.2171.95 Safari/537.36"
134.199.161.94 - - [17/Jun/2026:17:26:23 -0400] "GET /oldsite/wp-admin/install.php HTTP/1.1" 200 1347 "-" "Mozilla/5.0 (Macintosh; Intel Mac OS X 10_10_1) AppleWebKit/537.36 (KHTML, like Gecko) Chrome/39.0.2171.95 Safari/537.36"
134.199.161.94 - - [17/Jun/2026:17:26:24 -0400] "GET /shop/wp-admin/install.php HTTP/1.1" 200 1346 "-" "Mozilla/5.0 (Macintosh; Intel Mac OS X 10_10_1) AppleWebKit/537.36 (KHTML, like Gecko) Chrome/39.0.2171.95 Safari/537.36"
185.68.18.52 - - [17/Jun/2026:17:29:11 -0400] "GET /wp-login.php HTTP/1.1" 200 1736 "-" "Mozilla/5.0 (Windows NT 10.0; Win64; x64) AppleWebKit/537.36 (KHTML, like Gecko) Chrome/120.0.0.0 Safari/537.36"
34.186.66.231 - - [17/Jun/2026:17:32:45 -0400] "HEAD /wp/ HTTP/1.1" 301 0 "http://www.jayamagagroup.com/wp/" "Mozilla/5.0 (Windows NT 11.0; Win64; x64) AppleWebKit/537.36 (KHTML, like Gecko) Edg/128.0.2790.25 Chrome/128.0.6540.22 Safari/537.36"
34.186.66.231 - - [17/Jun/2026:17:32:45 -0400] "HEAD /old/ HTTP/1.1" 200 0 "https://www.jayamagagroup.com/old/" "Mozilla/5.0 (Windows NT 11.0; Win64; x64) AppleWebKit/537.36 (KHTML, like Gecko) Chrome/128.0.6540.18 Safari/537.36"
34.186.66.231 - - [17/Jun/2026:17:32:45 -0400] "HEAD / HTTP/1.1" 200 0 "https://www.jayamagagroup.com/" "Mozilla/5.0 (Linux; Android 14; SM-A146P) AppleWebKit/537.36 (KHTML, like Gecko) SamsungBrowser/25.0 Chrome/123.0.6312.120 Mobile Safari/537.36"
34.186.66.231 - - [17/Jun/2026:17:32:45 -0400] "HEAD /blog/ HTTP/1.1" 301 0 "http://www.jayamagagroup.com/blog/" "Mozilla/5.0 (Linux; Android 14; OnePlus 12) AppleWebKit/537.36 (KHTML, like Gecko) Chrome/125.0.6422.102 Mobile Safari/537.36"
34.186.66.231 - - [17/Jun/2026:17:32:46 -0400] "HEAD /blog/ HTTP/1.1" 200 0 "https://www.jayamagagroup.com/blog/" "Mozilla/5.0 (Linux; Android 14; OnePlus 12) AppleWebKit/537.36 (KHTML, like Gecko) Chrome/125.0.6422.102 Mobile Safari/537.36"
34.186.66.231 - - [17/Jun/2026:17:32:46 -0400] "HEAD /wordpress/ HTTP/1.1" 301 0 "http://www.jayamagagroup.com/wordpress/" "Mozilla/5.0 (iPhone; CPU iPhone OS 16_7 like Mac OS X) AppleWebKit/605.1.15 (KHTML, like Gecko) Version/16.7 Mobile/15E148 Safari/604.1"
34.186.66.231 - - [17/Jun/2026:17:32:46 -0400] "HEAD /wordpress/ HTTP/1.1" 200 0 "https://www.jayamagagroup.com/wordpress/" "Mozilla/5.0 (iPhone; CPU iPhone OS 16_7 like Mac OS X) AppleWebKit/605.1.15 (KHTML, like Gecko) Version/16.7 Mobile/15E148 Safari/604.1"
199.188.200.237 - - [17/Jun/2026:17:39:57 -0400] "POST /wp-cron.php?doing_wp_cron=1781732397.0916590690612792968750 HTTP/1.1" 200 0 "-" "WordPress/7.0; https://jayamagagroup.com"
119.195.102.159 - - [17/Jun/2026:17:33:15 -0400] "GET /wp-login.php HTTP/1.1" 200 1736 "-" "Mozilla/5.0 (Windows NT 10.0; Win64; x64) AppleWebKit/537.36 (KHTML, like Gecko) Chrome/120.0.0.0 Safari/537.36"
45.132.227.9 - - [17/Jun/2026:17:39:56 -0400] "POST /wp-login.php HTTP/1.1" 200 2029 "-" "Mozilla/5.0 (Windows NT 10.0; Win64; rv:143.0) Gecko/20100101 Firefox/143.0"
162.144.12.37 - - [17/Jun/2026:17:51:35 -0400] "GET /wp-login.php HTTP/1.1" 200 1736 "-" "Mozilla/5.0 (Windows NT 10.0; Win64; x64) AppleWebKit/537.36 (KHTML, like Gecko) Chrome/120.0.0.0 Safari/537.36"
199.188.200.237 - - [17/Jun/2026:18:01:37 -0400] "POST /wp-cron.php?doing_wp_cron=1781733697.3105709552764892578125 HTTP/1.1" 200 0 "-" "WordPress/7.0; https://jayamagagroup.com"
45.132.227.4 - - [17/Jun/2026:18:01:36 -0400] "POST /wp-login.php HTTP/1.1" 200 2029 "-" "Mozilla/5.0 (Windows NT 10.0; Win64; x64) AppleWebKit/537.36 Chrome/129.0.0.0 Safari/537.36"
45.61.185.32 - - [17/Jun/2026:18:08:07 -0400] "POST /wp-login.php HTTP/1.1" 200 4966 "-" "Mozilla/5.0 (Windows NT 6.1; Trident/7.0; rv:11.0) like Gecko"
158.173.77.225 - - [17/Jun/2026:18:08:22 -0400] "GET /wp-content/plugins/fix/up.php HTTP/1.1" 200 1338 "http://jayamagagroup.com/wp-content/plugins/fix/up.php" "Mozilla/5.0"
172.98.32.13 - - [17/Jun/2026:18:12:32 -0400] "POST /wp-login.php HTTP/1.1" 200 2029 "-" "Mozilla/5.0 (Windows NT 10.0; Win64; x64) AppleWebKit/537.36 Chrome/129.0.0.0 Safari/537.36"
172.173.67.22 - - [17/Jun/2026:18:14:11 -0400] "GET /wp-content/plugins/hellopress/wp_filemanager.php HTTP/1.1" 200 3305 "-" "-"
172.173.67.22 - - [17/Jun/2026:18:14:12 -0400] "GET /this_is_a_new_hello_world.php HTTP/1.1" 200 3286 "-" "-"
172.173.67.22 - - [17/Jun/2026:18:14:12 -0400] "GET /by.php HTTP/1.1" 200 3263 "-" "-"
172.173.67.22 - - [17/Jun/2026:18:14:13 -0400] "GET /coffexium.php HTTP/1.1" 200 3270 "-" "-"
172.173.67.22 - - [17/Jun/2026:18:14:13 -0400] "GET /asdf.php HTTP/1.1" 200 3265 "-" "-"
172.173.67.22 - - [17/Jun/2026:18:14:13 -0400] "GET /red.php HTTP/1.1" 200 3264 "-" "-"
172.173.67.22 - - [17/Jun/2026:18:14:13 -0400] "GET /wp-includes/sodium_compat/ HTTP/1.1" 403 1242 "-" "-"
172.173.67.22 - - [17/Jun/2026:18:14:13 -0400] "GET /wp-admin/css/colors/coffee/wp-adochan.php HTTP/1.1" 200 3298 "-" "-"
172.173.67.22 - - [17/Jun/2026:18:14:14 -0400] "GET /footer.php HTTP/1.1" 200 3267 "-" "-"
172.173.67.22 - - [17/Jun/2026:18:14:14 -0400] "GET /images/ HTTP/1.1" 200 3264 "-" "-"
172.173.67.22 - - [17/Jun/2026:18:14:15 -0400] "GET /bajah.php HTTP/1.1" 200 3266 "-" "-"
172.173.67.22 - - [17/Jun/2026:18:14:15 -0400] "GET /cream1.php HTTP/1.1" 200 3267 "-" "-"
172.173.67.22 - - [17/Jun/2026:18:14:15 -0400] "GET /lim.php HTTP/1.1" 200 3264 "-" "-"
172.173.67.22 - - [17/Jun/2026:18:14:16 -0400] "GET /greap.php HTTP/1.1" 200 3266 "-" "-"
172.173.67.22 - - [17/Jun/2026:18:14:17 -0400] "GET /122.php HTTP/1.1" 200 3264 "-" "-"
172.173.67.22 - - [17/Jun/2026:18:14:17 -0400] "GET /green1.php HTTP/1.1" 200 3267 "-" "-"
172.173.67.22 - - [17/Jun/2026:18:14:18 -0400] "GET /biufile.php HTTP/1.1" 200 3268 "-" "-"
172.173.67.22 - - [17/Jun/2026:18:14:18 -0400] "GET /dejavu.php HTTP/1.1" 200 3267 "-" "-"
172.173.67.22 - - [17/Jun/2026:18:14:18 -0400] "GET /aaf.php HTTP/1.1" 200 3264 "-" "-"
172.173.67.22 - - [17/Jun/2026:18:14:20 -0400] "GET /ha.php HTTP/1.1" 200 3263 "-" "-"
172.173.67.22 - - [17/Jun/2026:18:14:20 -0400] "GET /hur.php HTTP/1.1" 200 3264 "-" "-"
172.173.67.22 - - [17/Jun/2026:18:14:20 -0400] "GET /2222.php HTTP/1.1" 200 3265 "-" "-"
172.173.67.22 - - [17/Jun/2026:18:14:20 -0400] "GET /h02ugyh.php HTTP/1.1" 200 3268 "-" "-"
172.173.67.22 - - [17/Jun/2026:18:14:21 -0400] "GET /seiso.php HTTP/1.1" 200 3266 "-" "-"
172.173.67.22 - - [17/Jun/2026:18:14:21 -0400] "GET /155.php HTTP/1.1" 200 3264 "-" "-"
172.173.67.22 - - [17/Jun/2026:18:14:21 -0400] "GET /ops.php HTTP/1.1" 200 3264 "-" "-"
172.173.67.22 - - [17/Jun/2026:18:14:21 -0400] "GET /samll.php HTTP/1.1" 200 3266 "-" "-"
172.173.67.22 - - [17/Jun/2026:18:14:21 -0400] "GET /ingfo.php HTTP/1.1" 200 3266 "-" "-"
172.173.67.22 - - [17/Jun/2026:18:14:21 -0400] "GET /error_log.php HTTP/1.1" 200 3270 "-" "-"
172.173.67.22 - - [17/Jun/2026:18:14:22 -0400] "GET /test11.php HTTP/1.1" 200 3267 "-" "-"
172.173.67.22 - - [17/Jun/2026:18:14:22 -0400] "GET /mac.php HTTP/1.1" 200 3264 "-" "-"
172.173.67.22 - - [17/Jun/2026:18:14:22 -0400] "GET /25d653587fdfd1.php HTTP/1.1" 200 3275 "-" "-"
172.173.67.22 - - [17/Jun/2026:18:14:23 -0400] "GET /modules/mod_simplefileuploadv1.3/elements/filemanager.php HTTP/1.1" 200 3314 "-" "-"
172.173.67.22 - - [17/Jun/2026:18:14:23 -0400] "GET /wp-includes/blocks/post-comments-form/ HTTP/1.1" 403 1242 "-" "-"
172.173.67.22 - - [17/Jun/2026:18:14:24 -0400] "GET /wp-admin/css/colour.php HTTP/1.1" 200 3280 "-" "-"
172.173.67.22 - - [17/Jun/2026:18:14:24 -0400] "GET /wordpress/wp-admin/maint/ HTTP/1.1" 200 3282 "-" "-"
172.173.67.22 - - [17/Jun/2026:18:14:24 -0400] "GET /wp-includes/ID3/about.php HTTP/1.1" 200 3282 "-" "-"
45.61.185.32 - - [17/Jun/2026:18:07:40 -0400] "GET /wp-login.php HTTP/1.1" 200 4705 "-" "Mozilla/5.0 (Windows NT 6.1; Trident/7.0; rv:11.0) like Gecko"
199.188.200.237 - - [17/Jun/2026:18:08:07 -0400] "POST /wp-cron.php?doing_wp_cron=1781734087.7812950611114501953125 HTTP/1.1" 200 0 "-" "WordPress/7.0; https://jayamagagroup.com"
158.173.77.225 - - [17/Jun/2026:18:08:22 -0400] "GET /wp-content/plugins/fix/up.php HTTP/1.1" 200 1338 "-" "Mozilla/5.0"
172.173.67.22 - - [17/Jun/2026:18:14:12 -0400] "GET /x.php HTTP/1.1" 200 3262 "-" "-"
172.173.67.22 - - [17/Jun/2026:18:14:13 -0400] "GET /cxs.php HTTP/1.1" 200 3264 "-" "-"
172.173.67.22 - - [17/Jun/2026:18:14:14 -0400] "GET /wp-includes/Text/ HTTP/1.1" 403 1242 "-" "-"
172.173.67.22 - - [17/Jun/2026:18:14:14 -0400] "GET /wp-content/uploads/ HTTP/1.1" 403 1242 "-" "-"
172.173.67.22 - - [17/Jun/2026:18:14:14 -0400] "GET /wp-content/index.php HTTP/1.1" 200 0 "-" "-"
172.173.67.22 - - [17/Jun/2026:18:14:15 -0400] "GET /zoro.php HTTP/1.1" 200 3265 "-" "-"
172.173.67.22 - - [17/Jun/2026:18:14:15 -0400] "GET /wm.php HTTP/1.1" 200 3263 "-" "-"
172.173.67.22 - - [17/Jun/2026:18:14:16 -0400] "GET /heat3.php HTTP/1.1" 200 3266 "-" "-"
172.173.67.22 - - [17/Jun/2026:18:14:16 -0400] "GET /177.php HTTP/1.1" 200 3264 "-" "-"
172.173.67.22 - - [17/Jun/2026:18:14:16 -0400] "GET /199.php HTTP/1.1" 200 3264 "-" "-"
172.173.67.22 - - [17/Jun/2026:18:14:16 -0400] "GET /file52.php HTTP/1.1" 200 3267 "-" "-"
172.173.67.22 - - [17/Jun/2026:18:14:17 -0400] "GET /sukce.php HTTP/1.1" 200 3266 "-" "-"
172.173.67.22 - - [17/Jun/2026:18:14:18 -0400] "GET /xb.php HTTP/1.1" 200 3263 "-" "-"
172.173.67.22 - - [17/Jun/2026:18:14:18 -0400] "GET /wpconf.php HTTP/1.1" 200 3267 "-" "-"
172.173.67.22 - - [17/Jun/2026:18:14:18 -0400] "GET /ultradybbuks.php HTTP/1.1" 200 3273 "-" "-"
172.173.67.22 - - [17/Jun/2026:18:14:18 -0400] "GET /novax.php HTTP/1.1" 200 3266 "-" "-"
172.173.67.22 - - [17/Jun/2026:18:14:18 -0400] "GET /mosty.php HTTP/1.1" 200 3266 "-" "-"
172.173.67.22 - - [17/Jun/2026:18:14:19 -0400] "GET /b00869ae6e.php HTTP/1.1" 200 3271 "-" "-"
172.173.67.22 - - [17/Jun/2026:18:14:19 -0400] "GET /term.php HTTP/1.1" 200 3265 "-" "-"
172.173.67.22 - - [17/Jun/2026:18:14:19 -0400] "GET /wander.php HTTP/1.1" 200 3267 "-" "-"
172.173.67.22 - - [17/Jun/2026:18:14:21 -0400] "GET /ppp.php HTTP/1.1" 200 3264 "-" "-"
172.173.67.22 - - [17/Jun/2026:18:14:21 -0400] "GET /201.php HTTP/1.1" 200 3264 "-" "-"
172.173.67.22 - - [17/Jun/2026:18:14:22 -0400] "GET /xenon1337.php HTTP/1.1" 200 3270 "-" "-"
172.173.67.22 - - [17/Jun/2026:18:14:22 -0400] "GET /koala.php HTTP/1.1" 200 3266 "-" "-"
172.173.67.22 - - [17/Jun/2026:18:14:23 -0400] "GET /wefile.php HTTP/1.1" 200 3267 "-" "-"
172.173.67.22 - - [17/Jun/2026:18:14:23 -0400] "GET /modules/mod_simplefileuploadv1.3/elements/filemanager.php?p= HTTP/1.1" 301 0 "-" "-"
172.173.67.22 - - [17/Jun/2026:18:14:23 -0400] "GET /wp-admin/js/ HTTP/1.1" 403 1242 "-" "-"
172.173.67.22 - - [17/Jun/2026:18:14:24 -0400] "GET /2P.php HTTP/1.1" 200 3263 "-" "-"
172.173.67.22 - - [17/Jun/2026:18:14:24 -0400] "GET /tires.php HTTP/1.1" 200 3266 "-" "-"
172.173.67.22 - - [17/Jun/2026:18:14:24 -0400] "GET /.well-known/about.php HTTP/1.1" 200 3278 "-" "-"
172.173.67.22 - - [17/Jun/2026:18:14:25 -0400] "GET /t3s.php HTTP/1.1" 200 3264 "-" "-"
172.173.67.22 - - [17/Jun/2026:18:14:26 -0400] "GET /uwu.php HTTP/1.1" 200 3264 "-" "-"
172.173.67.22 - - [17/Jun/2026:18:14:26 -0400] "GET /uwa.php HTTP/1.1" 200 3264 "-" "-"
172.173.67.22 - - [17/Jun/2026:18:14:27 -0400] "GET /wp-includes/blocks/details/ HTTP/1.1" 403 1242 "-" "-"
172.173.67.22 - - [17/Jun/2026:18:14:27 -0400] "GET /wp-includes/blocks/audio/ HTTP/1.1" 403 1242 "-" "-"
172.173.67.22 - - [17/Jun/2026:18:14:27 -0400] "GET /wp-temp.php HTTP/1.1" 200 3268 "-" "-"
172.173.67.22 - - [17/Jun/2026:18:14:27 -0400] "GET /mode.php HTTP/1.1" 200 3265 "-" "-"
172.173.67.22 - - [17/Jun/2026:18:14:28 -0400] "GET /wp-admin/js/index.php HTTP/1.1" 301 0 "-" "-"
172.173.67.22 - - [17/Jun/2026:18:14:28 -0400] "GET /dx.php HTTP/1.1" 200 3263 "-" "-"
172.173.67.22 - - [17/Jun/2026:18:14:25 -0400] "GET /bob.php HTTP/1.1" 200 3264 "-" "-"
172.173.67.22 - - [17/Jun/2026:18:14:25 -0400] "GET /wp-admin/css/ HTTP/1.1" 403 1242 "-" "-"
172.173.67.22 - - [17/Jun/2026:18:14:25 -0400] "GET /wp-admin/css/colors/modern/ HTTP/1.1" 403 1242 "-" "-"
172.173.67.22 - - [17/Jun/2026:18:14:26 -0400] "GET /crgio.php HTTP/1.1" 200 3266 "-" "-"
172.173.67.22 - - [17/Jun/2026:18:14:26 -0400] "GET /geforce.php HTTP/1.1" 200 3268 "-" "-"
172.173.67.22 - - [17/Jun/2026:18:14:27 -0400] "GET /pucci.php HTTP/1.1" 200 3266 "-" "-"
172.173.67.22 - - [17/Jun/2026:18:14:27 -0400] "GET /wp-includes/blocks/buttons/ HTTP/1.1" 403 1242 "-" "-"
172.173.67.22 - - [17/Jun/2026:18:14:28 -0400] "GET /wp-admin/js/ HTTP/1.1" 403 1242 "-" "-"
172.173.67.22 - - [17/Jun/2026:18:14:28 -0400] "GET /dx.php HTTP/1.1" 200 3263 "-" "-"
172.173.67.22 - - [17/Jun/2026:18:14:28 -0400] "GET /11.php HTTP/1.1" 200 3263 "-" "-"
172.173.67.22 - - [17/Jun/2026:18:14:29 -0400] "GET /p.php HTTP/1.1" 200 3262 "-" "-"
172.173.67.22 - - [17/Jun/2026:18:14:29 -0400] "GET /wp-includes/Requests/ HTTP/1.1" 403 1242 "-" "-"
172.173.67.22 - - [17/Jun/2026:18:14:29 -0400] "GET /bthil.php HTTP/1.1" 200 3266 "-" "-"
172.173.67.22 - - [17/Jun/2026:18:14:29 -0400] "GET /8.php HTTP/1.1" 200 3262 "-" "-"
172.173.67.22 - - [17/Jun/2026:18:14:29 -0400] "GET /1.php HTTP/1.1" 200 3262 "-" "-"
172.173.67.22 - - [17/Jun/2026:18:14:30 -0400] "GET /admin.php HTTP/1.1" 200 3266 "-" "-"
172.173.67.22 - - [17/Jun/2026:18:14:31 -0400] "GET /inputs.php HTTP/1.1" 200 3267 "-" "-"
172.173.67.22 - - [17/Jun/2026:18:14:31 -0400] "GET /av.php HTTP/1.1" 200 3263 "-" "-"
172.173.67.22 - - [17/Jun/2026:18:14:31 -0400] "GET /classwithtostring.php?p= HTTP/1.1" 301 0 "-" "-"
172.173.67.22 - - [17/Jun/2026:18:14:31 -0400] "GET /classwithtostring.php HTTP/1.1" 200 3278 "-" "-"
172.173.67.22 - - [17/Jun/2026:18:14:31 -0400] "GET /wp-content/themes/index.php HTTP/1.1" 200 0 "-" "-"
172.173.67.22 - - [17/Jun/2026:18:14:31 -0400] "GET /wp-blog.php HTTP/1.1" 200 3268 "-" "-"
172.173.67.22 - - [17/Jun/2026:18:14:32 -0400] "GET /ms-edit.php HTTP/1.1" 200 3268 "-" "-"
172.173.67.22 - - [17/Jun/2026:18:14:33 -0400] "GET /222.php HTTP/1.1" 200 3264 "-" "-"
172.173.67.22 - - [17/Jun/2026:18:14:33 -0400] "GET /cgi-bin/index.php HTTP/1.1" 404 1251 "-" "-"
172.173.67.22 - - [17/Jun/2026:18:14:34 -0400] "GET /wp-includes/l10n/ HTTP/1.1" 403 1242 "-" "-"
172.173.67.22 - - [17/Jun/2026:18:14:34 -0400] "GET /wp-content/uploads/ HTTP/1.1" 403 1242 "-" "-"
172.173.67.22 - - [17/Jun/2026:18:14:34 -0400] "GET /wp.php HTTP/1.1" 200 3263 "-" "-"
172.173.67.22 - - [17/Jun/2026:18:14:34 -0400] "GET /abcd.php HTTP/1.1" 200 3265 "-" "-"
172.173.67.22 - - [17/Jun/2026:18:14:35 -0400] "GET /bal.php HTTP/1.1" 200 3264 "-" "-"
172.173.67.22 - - [17/Jun/2026:18:14:36 -0400] "GET /gettest.php HTTP/1.1" 200 3268 "-" "-"
172.173.67.22 - - [17/Jun/2026:18:14:36 -0400] "GET /wp-content/BypassBest.php HTTP/1.1" 200 3282 "-" "-"
172.173.67.22 - - [17/Jun/2026:18:14:36 -0400] "GET /wp-content/ HTTP/1.1" 200 0 "-" "-"
172.173.67.22 - - [17/Jun/2026:18:14:36 -0400] "GET /kj.php HTTP/1.1" 200 3263 "-" "-"
172.173.67.22 - - [17/Jun/2026:18:14:37 -0400] "GET /hypo.php HTTP/1.1" 200 3265 "-" "-"
172.173.67.22 - - [17/Jun/2026:18:14:37 -0400] "GET /wp-admin/css/colors/blue/ HTTP/1.1" 403 1242 "-" "-"
172.173.67.22 - - [17/Jun/2026:18:14:37 -0400] "GET /gg.php HTTP/1.1" 200 3263 "-" "-"
172.173.67.22 - - [17/Jun/2026:18:14:38 -0400] "GET /pol.php HTTP/1.1" 200 3264 "-" "-"
172.173.67.22 - - [17/Jun/2026:18:14:39 -0400] "GET /4PJcpMFsD8B.php HTTP/1.1" 200 3272 "-" "-"
172.173.67.22 - - [17/Jun/2026:18:14:39 -0400] "GET /class-wp.php HTTP/1.1" 200 3269 "-" "-"
172.173.67.22 - - [17/Jun/2026:18:14:40 -0400] "GET /dr.php HTTP/1.1" 200 3263 "-" "-"
172.173.67.22 - - [17/Jun/2026:18:14:40 -0400] "GET /xamp.php HTTP/1.1" 200 3265 "-" "-"
172.173.67.22 - - [17/Jun/2026:18:14:41 -0400] "GET /file46.php HTTP/1.1" 200 3267 "-" "-"
172.173.67.22 - - [17/Jun/2026:18:14:42 -0400] "GET /hg.php HTTP/1.1" 200 3263 "-" "-"
172.173.67.22 - - [17/Jun/2026:18:14:28 -0400] "GET /puc.php HTTP/1.1" 200 3264 "-" "-"
172.173.67.22 - - [17/Jun/2026:18:14:28 -0400] "GET /themes.php HTTP/1.1" 200 3267 "-" "-"
172.173.67.22 - - [17/Jun/2026:18:14:29 -0400] "GET /7.php HTTP/1.1" 200 3262 "-" "-"
172.173.67.22 - - [17/Jun/2026:18:14:30 -0400] "GET /100.php HTTP/1.1" 200 3264 "-" "-"
172.173.67.22 - - [17/Jun/2026:18:14:30 -0400] "GET /about.php HTTP/1.1" 200 3266 "-" "-"
172.173.67.22 - - [17/Jun/2026:18:14:30 -0400] "GET /edit.php HTTP/1.1" 200 3265 "-" "-"
172.173.67.22 - - [17/Jun/2026:18:14:30 -0400] "GET /wp-content/admin.php HTTP/1.1" 200 3277 "-" "-"
172.173.67.22 - - [17/Jun/2026:18:14:30 -0400] "GET /f6.php HTTP/1.1" 200 3263 "-" "-"
172.173.67.22 - - [17/Jun/2026:18:14:31 -0400] "GET /wp-includes/js/jquery/ HTTP/1.1" 403 1242 "-" "-"
172.173.67.22 - - [17/Jun/2026:18:14:32 -0400] "GET /wp-content/admin.php HTTP/1.1" 200 3277 "-" "-"
172.173.67.22 - - [17/Jun/2026:18:14:32 -0400] "GET /adminfuns.php HTTP/1.1" 200 3270 "-" "-"
172.173.67.22 - - [17/Jun/2026:18:14:32 -0400] "GET /goods.php HTTP/1.1" 200 3266 "-" "-"
172.173.67.22 - - [17/Jun/2026:18:14:33 -0400] "GET /wp-includes/css/dist/ HTTP/1.1" 403 1242 "-" "-"
172.173.67.22 - - [17/Jun/2026:18:14:33 -0400] "GET /BDKR28WP.php HTTP/1.1" 200 3269 "-" "-"
172.173.67.22 - - [17/Jun/2026:18:14:34 -0400] "GET /a1.php HTTP/1.1" 200 3263 "-" "-"
172.173.67.22 - - [17/Jun/2026:18:14:35 -0400] "GET /wp-includes/Text/Diff/Engine/about.php HTTP/1.1" 200 3295 "-" "-"
172.173.67.22 - - [17/Jun/2026:18:14:35 -0400] "GET /cgi-bin/admin.php HTTP/1.1" 200 3274 "-" "-"
172.173.67.22 - - [17/Jun/2026:18:14:36 -0400] "GET /simple.php HTTP/1.1" 200 3267 "-" "-"
172.173.67.22 - - [17/Jun/2026:18:14:37 -0400] "GET /xxx.php HTTP/1.1" 200 3264 "-" "-"
172.173.67.22 - - [17/Jun/2026:18:14:37 -0400] "GET /chosen.php HTTP/1.1" 200 3267 "-" "-"
172.173.67.22 - - [17/Jun/2026:18:14:37 -0400] "GET /wp-includes/block-bindings/ HTTP/1.1" 403 1242 "-" "-"
172.173.67.22 - - [17/Jun/2026:18:14:38 -0400] "GET /als.php HTTP/1.1" 200 3264 "-" "-"
172.173.67.22 - - [17/Jun/2026:18:14:38 -0400] "GET /006.php HTTP/1.1" 200 3264 "-" "-"
172.173.67.22 - - [17/Jun/2026:18:14:39 -0400] "GET /file5.php HTTP/1.1" 200 3266 "-" "-"
172.173.67.22 - - [17/Jun/2026:18:14:39 -0400] "GET /file.php HTTP/1.1" 200 3265 "-" "-"
172.173.67.22 - - [17/Jun/2026:18:14:39 -0400] "GET /cfile.php HTTP/1.1" 200 3266 "-" "-"
172.173.67.22 - - [17/Jun/2026:18:14:40 -0400] "GET /admin.php HTTP/1.1" 200 3266 "-" "-"
172.173.67.22 - - [17/Jun/2026:18:14:40 -0400] "GET /aa2.php HTTP/1.1" 200 3264 "-" "-"
172.173.67.22 - - [17/Jun/2026:18:14:40 -0400] "GET /ccou.php HTTP/1.1" 200 3265 "-" "-"
172.173.67.22 - - [17/Jun/2026:18:14:41 -0400] "GET /bless.php HTTP/1.1" 200 3266 "-" "-"
172.173.67.22 - - [17/Jun/2026:18:14:41 -0400] "GET /eee.php HTTP/1.1" 200 3264 "-" "-"
172.173.67.22 - - [17/Jun/2026:18:14:41 -0400] "GET /file25.php HTTP/1.1" 200 3267 "-" "-"
172.173.67.22 - - [17/Jun/2026:18:14:43 -0400] "GET /ff.php HTTP/1.1" 200 3263 "-" "-"
172.173.67.22 - - [17/Jun/2026:18:14:43 -0400] "GET /file31.php HTTP/1.1" 200 3267 "-" "-"
172.173.67.22 - - [17/Jun/2026:18:14:43 -0400] "GET /a2.php HTTP/1.1" 200 3263 "-" "-"
172.173.67.22 - - [17/Jun/2026:18:14:44 -0400] "GET /jp.php HTTP/1.1" 200 3263 "-" "-"
172.173.67.22 - - [17/Jun/2026:18:14:44 -0400] "GET /xwpg.php HTTP/1.1" 200 3265 "-" "-"
172.173.67.22 - - [17/Jun/2026:18:14:44 -0400] "GET /wp-includes/assets/ HTTP/1.1" 403 1242 "-" "-"
172.173.67.22 - - [17/Jun/2026:18:14:45 -0400] "GET /wp-admin/css/colors/sunrise/ HTTP/1.1" 403 1242 "-" "-"
172.173.67.22 - - [17/Jun/2026:18:14:46 -0400] "GET /wp-admin/network/plugins.php HTTP/1.1" 302 0 "-" "-"
199.188.200.237 - - [17/Jun/2026:18:16:47 -0400] "POST /wp-cron.php?doing_wp_cron=1781734607.5300459861755371093750 HTTP/1.1" 200 0 "-" "WordPress/7.0; https://jayamagagroup.com"
172.173.67.22 - - [17/Jun/2026:18:14:42 -0400] "GET /file48.php HTTP/1.1" 200 3267 "-" "-"
172.173.67.22 - - [17/Jun/2026:18:14:43 -0400] "GET /file6.php HTTP/1.1" 200 3266 "-" "-"
172.173.67.22 - - [17/Jun/2026:18:14:43 -0400] "GET /file15.php HTTP/1.1" 200 3267 "-" "-"
172.173.67.22 - - [17/Jun/2026:18:14:44 -0400] "GET /no1.php HTTP/1.1" 200 3264 "-" "-"
172.173.67.22 - - [17/Jun/2026:18:14:44 -0400] "GET /f35.php HTTP/1.1" 200 3264 "-" "-"
172.173.67.22 - - [17/Jun/2026:18:14:44 -0400] "GET /wp-load.php HTTP/1.1" 200 0 "-" "-"
172.173.67.22 - - [17/Jun/2026:18:14:44 -0400] "GET /ddd.php HTTP/1.1" 200 3264 "-" "-"
172.173.67.22 - - [17/Jun/2026:18:14:45 -0400] "GET /waf.php HTTP/1.1" 200 3264 "-" "-"
172.173.67.22 - - [17/Jun/2026:18:14:45 -0400] "GET /xstelth.php HTTP/1.1" 200 3268 "-" "-"
172.173.67.22 - - [17/Jun/2026:18:14:46 -0400] "GET /wp-admin/css/colors/midnight/about.php HTTP/1.1" 200 3295 "-" "-"
172.173.67.22 - - [17/Jun/2026:18:14:46 -0400] "GET /wp-links.php HTTP/1.1" 200 3269 "-" "-"
172.173.67.22 - - [17/Jun/2026:18:14:46 -0400] "GET /wp-admin/upgrade.php?_wp_http_referer=%2Fwp-admin%2Fnetwork%2Fplugins.php HTTP/1.1" 200 1556 "-" "-"
68.183.141.81 - - [17/Jun/2026:18:16:46 -0400] "GET /wp-login.php HTTP/1.1" 200 1736 "-" "Mozilla/5.0 (Windows NT 10.0; Win64; x64; rv:133.0) Gecko/20100101 Firefox/133.0"
68.183.141.81 - - [17/Jun/2026:18:16:46 -0400] "POST /wp-login.php HTTP/1.1" 200 1837 "https://jayamagagroup.com/wp-login.php" "Mozilla/5.0 (Windows NT 10.0; Win64; x64; rv:133.0) Gecko/20100101 Firefox/133.0"
199.188.200.237 - - [17/Jun/2026:18:23:36 -0400] "POST /wp-cron.php?doing_wp_cron=1781735016.9740829467773437500000 HTTP/1.1" 200 0 "-" "WordPress/7.0; https://jayamagagroup.com"
172.98.32.1 - - [17/Jun/2026:18:23:36 -0400] "POST /wp-login.php HTTP/1.1" 200 2029 "-" "Mozilla/5.0 (Windows NT 10.0; Win64; x64) AppleWebKit/537.36 Chrome/129.0.0.0 Safari/537.36"
45.132.227.9 - - [17/Jun/2026:18:34:16 -0400] "POST /wp-login.php HTTP/1.1" 200 2029 "-" "Mozilla/5.0 (Macintosh; Intel Mac OS X 10_15_7) AppleWebKit/605.1.15 Version/17.0 Safari/605.1.15"
172.237.147.67 - - [17/Jun/2026:18:34:20 -0400] "HEAD / HTTP/1.1" 200 0 "-" "Mozilla/5.0 (compatible; SSL-Checker/1.0)"
168.144.157.139 - - [17/Jun/2026:18:48:31 -0400] "GET /wp-admin/css/ HTTP/1.1" 403 1242 "binance.com" "Mozilla/5.0 (Windows NT 10.0; Win64; x64) AppleWebKit/537.36 (KHTML, like Gecko) Chrome/90.0.4430.85 Safari/537.36"
199.188.200.237 - - [17/Jun/2026:18:55:29 -0400] "POST /wp-cron.php?doing_wp_cron=1781736929.1778349876403808593750 HTTP/1.1" 200 0 "-" "WordPress/7.0; https://jayamagagroup.com"
45.132.227.7 - - [17/Jun/2026:18:55:28 -0400] "POST /wp-login.php HTTP/1.1" 200 2029 "-" "Mozilla/5.0 (Macintosh; Intel Mac OS X 10_15_7) AppleWebKit/605.1.15 Version/17.0 Safari/605.1.15"
68.178.160.25 - - [17/Jun/2026:18:56:10 -0400] "GET /wp-login.php HTTP/1.1" 200 1736 "-" "Mozilla/5.0 (Windows NT 10.0; Win64; x64) AppleWebKit/537.36 (KHTML, like Gecko) Chrome/120.0.0.0 Safari/537.36"
68.178.160.25 - - [17/Jun/2026:18:56:10 -0400] "POST /wp-login.php HTTP/1.1" 200 1837 "https://jayamagagroup.com/wp-login.php" "Mozilla/5.0 (Windows NT 10.0; Win64; x64) AppleWebKit/537.36 (KHTML, like Gecko) Chrome/120.0.0.0 Safari/537.36"
199.188.200.237 - - [17/Jun/2026:18:44:54 -0400] "POST /wp-cron.php?doing_wp_cron=1781736294.4042899608612060546875 HTTP/1.1" 200 0 "-" "WordPress/7.0; https://jayamagagroup.com"
172.98.32.24 - - [17/Jun/2026:18:44:53 -0400] "POST /wp-login.php HTTP/1.1" 200 2029 "-" "Mozilla/5.0 (Windows NT 10.0; Win64; x64) AppleWebKit/537.36 Chrome/129.0.0.0 Safari/537.36"
209.74.67.111 - - [17/Jun/2026:18:55:00 -0400] "GET /wp-login.php HTTP/1.1" 200 1736 "-" "Mozilla/5.0 (Windows NT 10.0; Win64; x64) AppleWebKit/537.36 (KHTML, like Gecko) Chrome/120.0.0.0 Safari/537.36"
209.74.67.111 - - [17/Jun/2026:18:55:34 -0400] "GET /wp-login.php HTTP/1.1" 200 1736 "-" "Mozilla/5.0 (Windows NT 10.0; Win64; x64) AppleWebKit/537.36 (KHTML, like Gecko) Chrome/120.0.0.0 Safari/537.36"
199.188.200.237 - - [17/Jun/2026:19:06:05 -0400] "POST /wp-cron.php?doing_wp_cron=1781737565.6186509132385253906250 HTTP/1.1" 200 0 "-" "WordPress/7.0; https://jayamagagroup.com"
136.144.42.33 - - [17/Jun/2026:19:06:04 -0400] "POST /wp-login.php HTTP/1.1" 200 2029 "-" "Mozilla/5.0 (Macintosh; Intel Mac OS X 10_15_7) AppleWebKit/605.1.15 Version/17.0 Safari/605.1.15"
46.101.217.74 - - [17/Jun/2026:19:10:54 -0400] "POST /wp-login.php HTTP/1.1" 200 1837 "https://jayamagagroup.com/wp-login.php" "Mozilla/5.0 (Windows NT 10.0; Win64; x64) AppleWebKit/537.36 (KHTML, like Gecko) Chrome/120.0.0.0 Safari/537.36"
46.101.217.74 - - [17/Jun/2026:19:10:54 -0400] "GET /wp-login.php HTTP/1.1" 200 1736 "-" "Mozilla/5.0 (Windows NT 10.0; Win64; x64) AppleWebKit/537.36 (KHTML, like Gecko) Chrome/120.0.0.0 Safari/537.36"
96.126.130.244 - - [17/Jun/2026:19:20:09 -0400] "GET /.env HTTP/1.1" 403 1242 "http://jayamagagroup.com/.env" "Mozilla/5.0 (Windows NT 10.0; Win64; x64) AppleWebKit/537.36 (KHTML, like Gecko) Chrome/120.0.0.0 Safari/537.36"
199.188.200.237 - - [17/Jun/2026:19:27:44 -0400] "POST /wp-cron.php?doing_wp_cron=1781738864.4583439826965332031250 HTTP/1.1" 200 0 "-" "WordPress/7.0; https://jayamagagroup.com"
199.188.200.237 - - [17/Jun/2026:19:16:48 -0400] "POST /wp-cron.php?doing_wp_cron=1781738208.1038570404052734375000 HTTP/1.1" 200 0 "-" "WordPress/7.0; https://jayamagagroup.com"
45.132.227.5 - - [17/Jun/2026:19:16:47 -0400] "POST /wp-login.php HTTP/1.1" 200 2029 "-" "Mozilla/5.0 (Macintosh; Intel Mac OS X 10_15_7) AppleWebKit/605.1.15 Version/17.0 Safari/605.1.15"
104.43.52.173 - admin [17/Jun/2026:19:19:06 -0400] "GET /wp-json/wp/v2/users/me HTTP/1.1" 401 96 "-" "Mozilla/5.0 (Macintosh; Intel Mac OS X 14_7_4) AppleWebKit/537.36 (KHTML, like Gecko) Chrome/133.0.0.0 Safari/537.36"
172.98.32.8 - - [17/Jun/2026:19:27:43 -0400] "POST /wp-login.php HTTP/1.1" 200 2029 "-" "Mozilla/5.0 (Macintosh; Intel Mac OS X 10_15_7) AppleWebKit/605.1.15 Version/17.0 Safari/605.1.15"
202.183.141.189 - - [17/Jun/2026:19:35:58 -0400] "GET /wp-login.php HTTP/1.1" 200 1736 "-" "Mozilla/5.0 (Macintosh; Intel Mac OS X 14_7_4) AppleWebKit/537.36 (KHTML, like Gecko) Chrome/133.0.0.0 Safari/537.36"
202.183.141.189 - - [17/Jun/2026:19:35:59 -0400] "POST /wp-login.php HTTP/1.1" 200 1837 "https://jayamagagroup.com/wp-login.php" "Mozilla/5.0 (Macintosh; Intel Mac OS X 14_7_4) AppleWebKit/537.36 (KHTML, like Gecko) Chrome/133.0.0.0 Safari/537.36"
199.188.200.237 - - [17/Jun/2026:19:36:00 -0400] "POST /wp-cron.php?doing_wp_cron=1781739360.1738839149475097656250 HTTP/1.1" 200 0 "-" "WordPress/7.0; https://jayamagagroup.com"
172.98.32.7 - - [17/Jun/2026:19:38:24 -0400] "POST /wp-login.php HTTP/1.1" 200 2029 "-" "Mozilla/5.0 (Macintosh; Intel Mac OS X 10_15_7) AppleWebKit/605.1.15 Version/17.0 Safari/605.1.15"
199.188.200.237 - - [17/Jun/2026:19:51:52 -0400] "POST /wp-cron.php?doing_wp_cron=1781740312.1259450912475585937500 HTTP/1.1" 200 0 "-" "WordPress/7.0; https://jayamagagroup.com"
50.87.144.147 - - [17/Jun/2026:19:52:52 -0400] "GET /wp-login.php HTTP/1.1" 200 1736 "-" "Mozilla/5.0 (Windows NT 10.0; Win64; x64) AppleWebKit/537.36 (KHTML, like Gecko) Chrome/120.0.0.0 Safari/537.36"
50.87.144.147 - - [17/Jun/2026:19:53:04 -0400] "GET /wp-login.php HTTP/1.1" 200 1736 "-" "Mozilla/5.0 (Windows NT 10.0; Win64; x64) AppleWebKit/537.36 (KHTML, like Gecko) Chrome/120.0.0.0 Safari/537.36"
50.87.144.147 - - [17/Jun/2026:19:53:05 -0400] "POST /wp-login.php HTTP/1.1" 200 1837 "https://jayamagagroup.com/wp-login.php" "Mozilla/5.0 (Windows NT 10.0; Win64; x64) AppleWebKit/537.36 (KHTML, like Gecko) Chrome/120.0.0.0 Safari/537.36"
188.164.197.230 - - [17/Jun/2026:19:54:24 -0400] "GET /wp-login.php HTTP/1.1" 200 1736 "-" "Mozilla/5.0 (X11; Ubuntu; Linux x86_64; rv:133.0) Gecko/20100101 Firefox/133.0"
188.164.197.230 - - [17/Jun/2026:19:54:25 -0400] "POST /wp-login.php HTTP/1.1" 200 1837 "https://jayamagagroup.com/wp-login.php" "Mozilla/5.0 (X11; Ubuntu; Linux x86_64; rv:133.0) Gecko/20100101 Firefox/133.0"
172.98.32.7 - - [17/Jun/2026:19:59:34 -0400] "POST /wp-login.php HTTP/1.1" 200 2029 "-" "Mozilla/5.0 (Windows NT 10.0; Win64; rv:143.0) Gecko/20100101 Firefox/143.0"
172.98.32.4 - - [17/Jun/2026:19:48:58 -0400] "POST /wp-login.php HTTP/1.1" 200 2029 "-" "Mozilla/5.0 (Windows NT 10.0; Win64; rv:143.0) Gecko/20100101 Firefox/143.0"
190.92.141.186 - - [17/Jun/2026:19:51:51 -0400] "GET /wp-login.php HTTP/1.1" 200 1736 "-" "Mozilla/5.0 (Windows NT 10.0; Win64; x64) AppleWebKit/537.36 (KHTML, like Gecko) Chrome/120.0.0.0 Safari/537.36"
190.92.141.186 - - [17/Jun/2026:19:51:51 -0400] "GET /wp-login.php HTTP/1.1" 200 1736 "-" "Mozilla/5.0 (Windows NT 10.0; Win64; x64) AppleWebKit/537.36 (KHTML, like Gecko) Chrome/120.0.0.0 Safari/537.36"
190.92.141.186 - - [17/Jun/2026:19:51:51 -0400] "POST /wp-login.php HTTP/1.1" 200 1837 "https://jayamagagroup.com/wp-login.php" "Mozilla/5.0 (Windows NT 10.0; Win64; x64) AppleWebKit/537.36 (KHTML, like Gecko) Chrome/120.0.0.0 Safari/537.36"
65.108.67.88 - - [17/Jun/2026:19:53:56 -0400] "GET /wp-login.php HTTP/1.1" 200 1736 "-" "Mozilla/5.0 (Windows NT 10.0; Win64; x64) AppleWebKit/537.36 (KHTML, like Gecko) Chrome/120.0.0.0 Safari/537.36"
65.108.67.88 - - [17/Jun/2026:19:53:56 -0400] "POST /wp-login.php HTTP/1.1" 200 1837 "https://jayamagagroup.com/wp-login.php" "Mozilla/5.0 (Windows NT 10.0; Win64; x64) AppleWebKit/537.36 (KHTML, like Gecko) Chrome/120.0.0.0 Safari/537.36"
199.188.200.237 - - [17/Jun/2026:20:10:27 -0400] "POST /wp-cron.php?doing_wp_cron=1781741427.4596381187438964843750 HTTP/1.1" 200 0 "-" "WordPress/7.0; https://jayamagagroup.com"
185.176.8.77 - - [17/Jun/2026:20:10:28 -0400] "GET /wp-login.php HTTP/1.1" 200 1736 "-" "Mozilla/5.0 (Windows NT 10.0; Win64; x64) AppleWebKit/537.36 (KHTML, like Gecko) Chrome/120.0.0.0 Safari/537.36"
45.132.227.8 - - [17/Jun/2026:20:21:16 -0400] "POST /wp-login.php HTTP/1.1" 200 2032 "-" "Mozilla/5.0 (Windows NT 10.0; Win64; rv:143.0) Gecko/20100101 Firefox/143.0"
45.132.227.2 - - [17/Jun/2026:20:10:26 -0400] "POST /wp-login.php HTTP/1.1" 200 2032 "-" "Mozilla/5.0 (Windows NT 10.0; Win64; x64) AppleWebKit/537.36 Chrome/129.0.0.0 Safari/537.36"
185.176.8.77 - - [17/Jun/2026:20:10:28 -0400] "POST /wp-login.php HTTP/1.1" 200 1841 "https://jayamagagroup.com/wp-login.php" "Mozilla/5.0 (Windows NT 10.0; Win64; x64) AppleWebKit/537.36 (KHTML, like Gecko) Chrome/120.0.0.0 Safari/537.36"
199.188.200.237 - - [17/Jun/2026:20:21:17 -0400] "POST /wp-cron.php?doing_wp_cron=1781742077.1798300743103027343750 HTTP/1.1" 200 0 "-" "WordPress/7.0; https://jayamagagroup.com"
136.144.42.40 - - [17/Jun/2026:20:32:09 -0400] "POST /wp-login.php HTTP/1.1" 200 2031 "-" "Mozilla/5.0 (Windows NT 10.0; Win64; x64) AppleWebKit/537.36 Chrome/129.0.0.0 Safari/537.36"
43.133.54.83 - - [17/Jun/2026:20:22:42 -0400] "GET / HTTP/1.1" 200 1337 "http://jayamagagroup.com" "Mozilla/5.0 (iPhone; CPU iPhone OS 13_2_3 like Mac OS X) AppleWebKit/605.1.15 (KHTML, like Gecko) Version/13.0.3 Mobile/15E148 Safari/604.1"
103.255.134.61 - - [17/Jun/2026:20:38:17 -0400] "GET /wp-login.php HTTP/1.1" 200 1736 "-" "Mozilla/5.0 (X11; Linux x86_64; rv:133.0) Gecko/20100101 Firefox/133.0"
199.188.200.237 - - [17/Jun/2026:20:38:19 -0400] "POST /wp-cron.php?doing_wp_cron=1781743099.3486011028289794921875 HTTP/1.1" 200 0 "-" "WordPress/7.0; https://jayamagagroup.com"
103.255.134.61 - - [17/Jun/2026:20:38:18 -0400] "POST /wp-login.php HTTP/1.1" 200 1841 "https://jayamagagroup.com/wp-login.php" "Mozilla/5.0 (X11; Linux x86_64; rv:133.0) Gecko/20100101 Firefox/133.0"
192.185.4.92 - - [17/Jun/2026:20:43:02 -0400] "GET /wp-login.php HTTP/1.1" 200 1736 "-" "Mozilla/5.0 (Windows NT 10.0; Win64; x64) AppleWebKit/537.36 (KHTML, like Gecko) Chrome/120.0.0.0 Safari/537.36"
141.98.11.224 - - [17/Jun/2026:20:39:59 -0400] "GET / HTTP/1.0" 200 3257 "https://jayamagagroup.com/" "Mozilla/5.0 (Windows NT 10.0; Win64; x64) AppleWebKit/537.36 (KHTML, like Gecko) Chrome/130.0.0.0 Safari/537.36 CCleaner/130.0.0.0"
192.185.4.92 - - [17/Jun/2026:20:43:02 -0400] "POST /wp-login.php HTTP/1.1" 200 1841 "https://jayamagagroup.com/wp-login.php" "Mozilla/5.0 (Windows NT 10.0; Win64; x64) AppleWebKit/537.36 (KHTML, like Gecko) Chrome/120.0.0.0 Safari/537.36"
194.213.4.139 - - [17/Jun/2026:20:55:15 -0400] "GET /wp-login.php HTTP/1.1" 200 1736 "-" "Mozilla/5.0 (Macintosh; Intel Mac OS X 11_7_10) AppleWebKit/537.36 (KHTML, like Gecko) Chrome/133.0.0.0 Safari/537.36"
199.188.200.237 - - [17/Jun/2026:20:55:16 -0400] "POST /wp-cron.php?doing_wp_cron=1781744116.3977179527282714843750 HTTP/1.1" 200 0 "-" "WordPress/7.0; https://jayamagagroup.com"
194.213.4.139 - - [17/Jun/2026:20:55:15 -0400] "POST /wp-login.php HTTP/1.1" 200 1841 "https://jayamagagroup.com/wp-login.php" "Mozilla/5.0 (Macintosh; Intel Mac OS X 11_7_10) AppleWebKit/537.36 (KHTML, like Gecko) Chrome/133.0.0.0 Safari/537.36"
49.51.183.75 - - [17/Jun/2026:21:19:12 -0400] "GET / HTTP/1.1" 301 0 "http://www.jayamagagroup.com" "Mozilla/5.0 (iPhone; CPU iPhone OS 13_2_3 like Mac OS X) AppleWebKit/605.1.15 (KHTML, like Gecko) Version/13.0.3 Mobile/15E148 Safari/604.1"
49.51.183.75 - - [17/Jun/2026:21:19:16 -0400] "GET / HTTP/1.1" 200 1337 "https://www.jayamagagroup.com/" "Mozilla/5.0 (iPhone; CPU iPhone OS 13_2_3 like Mac OS X) AppleWebKit/605.1.15 (KHTML, like Gecko) Version/13.0.3 Mobile/15E148 Safari/604.1"
199.188.200.237 - - [17/Jun/2026:21:19:13 -0400] "POST /wp-cron.php?doing_wp_cron=1781745553.0992150306701660156250 HTTP/1.1" 200 0 "-" "WordPress/7.0; https://jayamagagroup.com"
192.185.4.148 - - [17/Jun/2026:21:40:16 -0400] "GET /wp-login.php HTTP/1.1" 200 1736 "-" "Mozilla/5.0 (Windows NT 10.0; Win64; x64) AppleWebKit/537.36 (KHTML, like Gecko) Chrome/120.0.0.0 Safari/537.36"
192.185.4.148 - - [17/Jun/2026:21:40:15 -0400] "GET /wp-login.php HTTP/1.1" 200 1736 "-" "Mozilla/5.0 (Windows NT 10.0; Win64; x64) AppleWebKit/537.36 (KHTML, like Gecko) Chrome/120.0.0.0 Safari/537.36"
199.188.200.237 - - [17/Jun/2026:21:40:17 -0400] "POST /wp-cron.php?doing_wp_cron=1781746817.1108019351959228515625 HTTP/1.1" 200 0 "-" "WordPress/7.0; https://jayamagagroup.com"
192.185.4.148 - - [17/Jun/2026:21:40:16 -0400] "POST /wp-login.php HTTP/1.1" 200 1841 "https://jayamagagroup.com/wp-login.php" "Mozilla/5.0 (Windows NT 10.0; Win64; x64) AppleWebKit/537.36 (KHTML, like Gecko) Chrome/120.0.0.0 Safari/537.36"
178.62.89.9 - - [17/Jun/2026:21:58:23 -0400] "GET /wp-login.php HTTP/1.1" 200 1736 "-" "Mozilla/5.0 (X11; Linux x86_64; rv:133.0) Gecko/20100101 Firefox/133.0"
178.62.89.9 - - [17/Jun/2026:21:58:23 -0400] "POST /wp-login.php HTTP/1.1" 200 1841 "https://jayamagagroup.com/wp-login.php" "Mozilla/5.0 (X11; Linux x86_64; rv:133.0) Gecko/20100101 Firefox/133.0"
199.188.200.237 - - [17/Jun/2026:21:58:24 -0400] "POST /wp-cron.php?doing_wp_cron=1781747904.1633920669555664062500 HTTP/1.1" 200 0 "-" "WordPress/7.0; https://jayamagagroup.com"
90.114.122.172 - - [17/Jun/2026:22:16:52 -0400] "GET /wp-login.php HTTP/1.1" 200 1736 "-" "Mozilla/5.0 (Macintosh; Intel Mac OS X 11_7_10) AppleWebKit/537.36 (KHTML, like Gecko) Chrome/133.0.0.0 Safari/537.36"
199.188.200.237 - - [17/Jun/2026:22:16:53 -0400] "POST /wp-cron.php?doing_wp_cron=1781749013.2453351020812988281250 HTTP/1.1" 200 0 "-" "WordPress/7.0; https://jayamagagroup.com"
90.114.122.172 - - [17/Jun/2026:22:16:52 -0400] "POST /wp-login.php HTTP/1.1" 200 1841 "https://jayamagagroup.com/wp-login.php" "Mozilla/5.0 (Macintosh; Intel Mac OS X 11_7_10) AppleWebKit/537.36 (KHTML, like Gecko) Chrome/133.0.0.0 Safari/537.36"
64.225.121.94 - - [17/Jun/2026:22:27:57 -0400] "POST /wp-login.php HTTP/1.1" 200 1841 "https://jayamagagroup.com/wp-login.php" "Mozilla/5.0 (Windows NT 10.0; Win64; x64) AppleWebKit/537.36 (KHTML, like Gecko) Chrome/120.0.0.0 Safari/537.36"
94.237.25.144 - - [17/Jun/2026:22:36:18 -0400] "GET /wp-login.php HTTP/1.1" 200 1736 "-" "Mozilla/5.0 (Windows NT 10.0; Win64; x64) AppleWebKit/537.36 (KHTML, like Gecko) Chrome/133.0.0.0 Safari/537.36"
199.188.200.237 - - [17/Jun/2026:22:36:20 -0400] "POST /wp-cron.php?doing_wp_cron=1781750180.0376861095428466796875 HTTP/1.1" 200 0 "-" "WordPress/7.0; https://jayamagagroup.com"
64.225.121.94 - - [17/Jun/2026:22:27:57 -0400] "GET /wp-login.php HTTP/1.1" 200 1736 "-" "Mozilla/5.0 (Windows NT 10.0; Win64; x64) AppleWebKit/537.36 (KHTML, like Gecko) Chrome/120.0.0.0 Safari/537.36"
64.225.121.94 - - [17/Jun/2026:22:27:57 -0400] "GET /wp-login.php HTTP/1.1" 200 1736 "-" "Mozilla/5.0 (Windows NT 10.0; Win64; x64) AppleWebKit/537.36 (KHTML, like Gecko) Chrome/120.0.0.0 Safari/537.36"
199.188.200.237 - - [17/Jun/2026:22:27:58 -0400] "POST /wp-cron.php?doing_wp_cron=1781749678.1220319271087646484375 HTTP/1.1" 200 0 "-" "WordPress/7.0; https://jayamagagroup.com"
94.237.25.144 - - [17/Jun/2026:22:36:19 -0400] "POST /wp-login.php HTTP/1.1" 200 1841 "https://jayamagagroup.com/wp-login.php" "Mozilla/5.0 (Windows NT 10.0; Win64; x64) AppleWebKit/537.36 (KHTML, like Gecko) Chrome/133.0.0.0 Safari/537.36"
50.87.144.87 - - [17/Jun/2026:22:37:33 -0400] "GET /wp-login.php HTTP/1.1" 200 1736 "-" "Mozilla/5.0 (Windows NT 10.0; Win64; x64) AppleWebKit/537.36 (KHTML, like Gecko) Chrome/120.0.0.0 Safari/537.36"
50.87.144.87 - - [17/Jun/2026:22:37:33 -0400] "GET /wp-login.php HTTP/1.1" 200 1736 "-" "Mozilla/5.0 (Windows NT 10.0; Win64; x64) AppleWebKit/537.36 (KHTML, like Gecko) Chrome/120.0.0.0 Safari/537.36"
50.87.144.87 - - [17/Jun/2026:22:37:33 -0400] "POST /wp-login.php HTTP/1.1" 200 1841 "https://jayamagagroup.com/wp-login.php" "Mozilla/5.0 (Windows NT 10.0; Win64; x64) AppleWebKit/537.36 (KHTML, like Gecko) Chrome/120.0.0.0 Safari/537.36"
119.91.20.139 - - [17/Jun/2026:22:47:23 -0400] "GET / HTTP/1.1" 200 1337 "http://jayamagagroup.com" "Mozilla/5.0 (iPhone; CPU iPhone OS 13_2_3 like Mac OS X) AppleWebKit/605.1.15 (KHTML, like Gecko) Version/13.0.3 Mobile/15E148 Safari/604.1"
158.158.104.28 - - [17/Jun/2026:22:54:34 -0400] "GET /mosty.php HTTP/1.1" 200 3266 "-" "-"
158.158.104.28 - - [17/Jun/2026:22:54:34 -0400] "GET /classwithtostring.php HTTP/1.1" 200 3278 "-" "-"
158.158.104.28 - - [17/Jun/2026:22:54:34 -0400] "GET /mac.php HTTP/1.1" 200 3264 "-" "-"
158.158.104.28 - - [17/Jun/2026:22:54:35 -0400] "GET /wp-conflg.php HTTP/1.1" 200 3270 "-" "-"
158.158.104.28 - - [17/Jun/2026:22:54:35 -0400] "GET /error_log.php HTTP/1.1" 200 3270 "-" "-"
178.62.89.9 - - [17/Jun/2026:22:55:39 -0400] "GET /wp-login.php HTTP/1.1" 200 1736 "-" "Mozilla/5.0 (X11; Linux x86_64) AppleWebKit/537.36 (KHTML, like Gecko) Chrome/133.0.0.0 Safari/537.36"
178.62.89.9 - - [17/Jun/2026:22:55:39 -0400] "POST /wp-login.php HTTP/1.1" 200 1841 "https://jayamagagroup.com/wp-login.php" "Mozilla/5.0 (X11; Linux x86_64) AppleWebKit/537.36 (KHTML, like Gecko) Chrome/133.0.0.0 Safari/537.36"
185.68.18.52 - - [17/Jun/2026:22:58:48 -0400] "GET /wp-login.php HTTP/1.1" 200 1736 "-" "Mozilla/5.0 (Windows NT 10.0; Win64; x64) AppleWebKit/537.36 (KHTML, like Gecko) Chrome/120.0.0.0 Safari/537.36"
185.68.18.52 - - [17/Jun/2026:22:59:00 -0400] "GET /wp-login.php HTTP/1.1" 200 1736 "-" "Mozilla/5.0 (Windows NT 10.0; Win64; x64) AppleWebKit/537.36 (KHTML, like Gecko) Chrome/120.0.0.0 Safari/537.36"
185.68.18.52 - - [17/Jun/2026:22:59:00 -0400] "POST /wp-login.php HTTP/1.1" 200 1841 "https://jayamagagroup.com/wp-login.php" "Mozilla/5.0 (Windows NT 10.0; Win64; x64) AppleWebKit/537.36 (KHTML, like Gecko) Chrome/120.0.0.0 Safari/537.36"
199.188.200.237 - - [17/Jun/2026:22:54:33 -0400] "POST /wp-cron.php?doing_wp_cron=1781751273.3638510704040527343750 HTTP/1.1" 200 0 "-" "WordPress/7.0; https://jayamagagroup.com"
158.158.104.28 - - [17/Jun/2026:22:54:32 -0400] "GET /wp-content/plugins/hellopress/wp_filemanager.php HTTP/1.1" 200 3305 "-" "-"
158.158.104.28 - - [17/Jun/2026:22:54:33 -0400] "GET /this_is_a_new_hello_world.php HTTP/1.1" 200 3286 "-" "-"
158.158.104.28 - - [17/Jun/2026:22:54:33 -0400] "GET /jj.php HTTP/1.1" 200 3263 "-" "-"
158.158.104.28 - - [17/Jun/2026:22:54:35 -0400] "GET /wp-lamburg.php HTTP/1.1" 200 3271 "-" "-"
158.158.104.28 - - [17/Jun/2026:22:54:35 -0400] "GET /wp-conflg.php?p= HTTP/1.1" 301 0 "-" "-"
78.155.192.98 - - [17/Jun/2026:23:10:21 -0400] "GET /wp-login.php HTTP/1.1" 200 1736 "-" "Mozilla/5.0 (Windows NT 10.0; WOW64) AppleWebKit/537.36 (KHTML, like Gecko) Chrome/133.0.0.0 Safari/537.36"
199.188.200.237 - - [17/Jun/2026:23:10:23 -0400] "POST /wp-cron.php?doing_wp_cron=1781752223.4156079292297363281250 HTTP/1.1" 200 0 "-" "WordPress/7.0; https://jayamagagroup.com"
78.155.192.98 - - [17/Jun/2026:23:10:22 -0400] "POST /wp-login.php HTTP/1.1" 200 1841 "https://jayamagagroup.com/wp-login.php" "Mozilla/5.0 (Windows NT 10.0; WOW64) AppleWebKit/537.36 (KHTML, like Gecko) Chrome/133.0.0.0 Safari/537.36"
116.203.220.114 - - [17/Jun/2026:23:20:39 -0400] "GET /wp-login.php HTTP/1.1" 200 1736 "-" "Mozilla/5.0 (X11; Linux x86_64; rv:133.0) Gecko/20100101 Firefox/133.0"
207.154.222.236 - - [17/Jun/2026:23:27:29 -0400] "GET /wp-login.php HTTP/1.1" 200 1736 "-" "Mozilla/5.0 (X11; Linux i686) AppleWebKit/537.36 (KHTML, like Gecko) Chrome/133.0.0.0 Safari/537.36"
207.154.222.236 - - [17/Jun/2026:23:27:29 -0400] "POST /wp-login.php HTTP/1.1" 200 1841 "https://jayamagagroup.com/wp-login.php" "Mozilla/5.0 (X11; Linux i686) AppleWebKit/537.36 (KHTML, like Gecko) Chrome/133.0.0.0 Safari/537.36"
199.188.200.237 - - [17/Jun/2026:23:20:40 -0400] "POST /wp-cron.php?doing_wp_cron=1781752840.4873700141906738281250 HTTP/1.1" 200 0 "-" "WordPress/7.0; https://jayamagagroup.com"
116.203.220.114 - - [17/Jun/2026:23:20:39 -0400] "POST /wp-login.php HTTP/1.1" 200 1841 "https://jayamagagroup.com/wp-login.php" "Mozilla/5.0 (X11; Linux x86_64; rv:133.0) Gecko/20100101 Firefox/133.0"
199.188.200.237 - - [17/Jun/2026:23:38:11 -0400] "POST /wp-cron.php?doing_wp_cron=1781753891.1749689579010009765625 HTTP/1.1" 200 0 "-" "WordPress/7.0; https://jayamagagroup.com"
209.141.33.219 - - [17/Jun/2026:23:38:10 -0400] "POST /wp-login.php HTTP/1.1" 200 4966 "-" "Mozilla/5.0 (X11; Linux x86_64)"
209.141.33.219 - - [17/Jun/2026:23:38:08 -0400] "GET /wp-login.php HTTP/1.1" 200 4705 "-" "Mozilla/5.0 (X11; Linux x86_64)"
190.92.174.81 - - [17/Jun/2026:23:52:32 -0400] "GET /wp-login.php HTTP/1.1" 200 1736 "-" "Mozilla/5.0 (Windows NT 10.0; Win64; x64; rv:133.0) Gecko/20100101 Firefox/133.0"
199.188.200.237 - - [17/Jun/2026:23:52:33 -0400] "POST /wp-cron.php?doing_wp_cron=1781754753.6538529396057128906250 HTTP/1.1" 200 0 "-" "WordPress/7.0; https://jayamagagroup.com"
190.92.174.81 - - [17/Jun/2026:23:52:33 -0400] "POST /wp-login.php HTTP/1.1" 200 1841 "https://jayamagagroup.com/wp-login.php" "Mozilla/5.0 (Windows NT 10.0; Win64; x64; rv:133.0) Gecko/20100101 Firefox/133.0"
67.20.116.98 - - [17/Jun/2026:23:56:35 -0400] "POST /wp-login.php HTTP/1.1" 200 1841 "https://jayamagagroup.com/wp-login.php" "Mozilla/5.0 (Windows NT 10.0; Win64; x64) AppleWebKit/537.36 (KHTML, like Gecko) Chrome/120.0.0.0 Safari/537.36"
67.20.114.187 - - [17/Jun/2026:23:59:30 -0400] "POST /wp-login.php HTTP/1.1" 200 1841 "https://jayamagagroup.com/wp-login.php" "Mozilla/5.0 (Windows NT 10.0; Win64; x64) AppleWebKit/537.36 (KHTML, like Gecko) Chrome/120.0.0.0 Safari/537.36"
67.20.116.98 - - [17/Jun/2026:23:56:30 -0400] "GET /wp-login.php HTTP/1.1" 200 1736 "-" "Mozilla/5.0 (Windows NT 10.0; Win64; x64) AppleWebKit/537.36 (KHTML, like Gecko) Chrome/120.0.0.0 Safari/537.36"
67.20.114.187 - - [17/Jun/2026:23:59:30 -0400] "GET /wp-login.php HTTP/1.1" 200 1736 "-" "Mozilla/5.0 (Windows NT 10.0; Win64; x64) AppleWebKit/537.36 (KHTML, like Gecko) Chrome/120.0.0.0 Safari/537.36"
199.188.200.237 - - [18/Jun/2026:00:05:52 -0400] "POST /wp-cron.php?doing_wp_cron=1781755552.0940239429473876953125 HTTP/1.1" 200 0 "-" "WordPress/7.0; https://jayamagagroup.com"
37.59.232.202 - - [18/Jun/2026:00:05:51 -0400] "GET / HTTP/1.1" 200 1329 "-" "Mozilla/5.0 (Windows NT 10.0; Win64; x64) AppleWebKit/537.36 (KHTML, like Gecko) Chrome/149.0.0.0 Safari/537.36"
45.61.187.176 - - [18/Jun/2026:00:19:37 -0400] "GET /wp-login.php HTTP/1.1" 200 4705 "-" "Mozilla/5.0 (Windows NT 6.1; WOW64; rv:30.0) Gecko/20100101 Firefox/30.0"
199.188.200.237 - - [18/Jun/2026:00:19:38 -0400] "POST /wp-cron.php?doing_wp_cron=1781756378.8331658840179443359375 HTTP/1.1" 200 0 "-" "WordPress/7.0; https://jayamagagroup.com"
199.188.200.237 - - [18/Jun/2026:00:24:39 -0400] "POST /wp-cron.php?doing_wp_cron=1781756679.6592710018157958984375 HTTP/1.1" 200 0 "-" "WordPress/7.0; https://jayamagagroup.com"
45.61.187.176 - - [18/Jun/2026:00:19:38 -0400] "POST /wp-login.php HTTP/1.1" 200 4961 "-" "Mozilla/5.0 (Windows NT 6.1; WOW64; rv:30.0) Gecko/20100101 Firefox/30.0"
35.204.109.104 - - [18/Jun/2026:00:24:39 -0400] "GET / HTTP/1.1" 301 0 "-" "Scrapy/2.16.0 (+https://scrapy.org)"
