103.143.207.18 - - [17/Jun/2026:11:08:02 -0400] "GET /wp-login.php HTTP/1.1" 301 0 "-" "Mozilla/5.0 (Windows NT 10.0; WOW64) AppleWebKit/537.36 (KHTML, like Gecko) Chrome/133.0.0.0 Safari/537.36"
213.128.70.19 - - [17/Jun/2026:11:09:45 -0400] "GET /wp-login.php HTTP/1.1" 404 11600 "-" "Mozilla/5.0 (Windows NT 10.0) AppleWebKit/537.36 (KHTML, like Gecko) Chrome/133.0.0.0 Safari/537.36"
92.53.96.141 - - [17/Jun/2026:11:09:44 -0400] "GET /wp-login.php HTTP/1.1" 404 11600 "-" "Mozilla/5.0 (Macintosh; Intel Mac OS X 10_15_7) AppleWebKit/537.36 (KHTML, like Gecko) Chrome/133.0.0.0 Safari/537.36"
159.203.25.248 - - [17/Jun/2026:11:09:49 -0400] "GET /wp-login.php HTTP/1.1" 404 11600 "-" "Mozilla/5.0 (Windows NT 10.0; Win64; x64; rv:133.0) Gecko/20100101 Firefox/133.0"
15.235.27.235 - - [17/Jun/2026:11:11:39 -0400] "GET /sitemap.xml HTTP/1.1" 200 401 "-" "Mozilla/5.0 (compatible; AhrefsBot/7.0; +http://ahrefs.com/robot/)"
51.222.95.163 - - [17/Jun/2026:11:11:43 -0400] "GET /post-sitemap.xml HTTP/1.1" 200 359 "-" "Mozilla/5.0 (compatible; AhrefsBot/7.0; +http://ahrefs.com/robot/)"
51.161.37.222 - - [17/Jun/2026:11:11:44 -0400] "GET /page-sitemap.xml HTTP/1.1" 200 920 "-" "Mozilla/5.0 (compatible; AhrefsBot/7.0; +http://ahrefs.com/robot/)"
54.39.203.254 - - [17/Jun/2026:11:11:48 -0400] "GET /product-sitemap.xml HTTP/1.1" 200 2430 "-" "Mozilla/5.0 (compatible; AhrefsBot/7.0; +http://ahrefs.com/robot/)"
148.113.128.146 - - [17/Jun/2026:11:11:51 -0400] "GET /category-sitemap.xml HTTP/1.1" 200 366 "-" "Mozilla/5.0 (compatible; AhrefsBot/7.0; +http://ahrefs.com/robot/)"
15.235.98.222 - - [17/Jun/2026:11:11:55 -0400] "GET /product_tag-sitemap.xml HTTP/1.1" 200 372 "-" "Mozilla/5.0 (compatible; AhrefsBot/7.0; +http://ahrefs.com/robot/)"
78.142.18.172 - - [17/Jun/2026:11:13:08 -0400] "GET /wp-login.php HTTP/1.1" 404 11600 "-" "Mozilla/5.0 (X11; Linux x86_64; rv:133.0) Gecko/20100101 Firefox/133.0"
78.142.18.172 - - [17/Jun/2026:11:04:40 -0400] "GET /wp-login.php HTTP/1.1" 404 11619 "-" "Mozilla/5.0 (X11; Linux i686) AppleWebKit/537.36 (KHTML, like Gecko) Chrome/133.0.0.0 Safari/537.36"
168.63.79.147 - - [17/Jun/2026:11:04:40 -0400] "GET /wp-login.php HTTP/1.1" 404 11619 "-" "Mozilla/5.0 (X11; Ubuntu; Linux x86_64) AppleWebKit/537.36 (KHTML, like Gecko) Chrome/133.0.0.0 Safari/537.36"
78.142.18.172 - - [17/Jun/2026:11:05:21 -0400] "GET /wp-login.php HTTP/1.1" 404 11600 "-" "Mozilla/5.0 (Macintosh; Intel Mac OS X 10_15_7) AppleWebKit/537.36 (KHTML, like Gecko) Chrome/133.0.0.0 Safari/537.36"
199.188.200.224 - - [17/Jun/2026:11:05:34 -0400] "POST /wp-cron.php?doing_wp_cron=1781708734.2892439365386962890625 HTTP/1.1" 200 0 "-" "WordPress/7.0; https://ssgifthouse.com"
104.37.86.14 - - [17/Jun/2026:11:05:33 -0400] "GET /wp-login.php HTTP/1.1" 404 11619 "-" "Mozilla/5.0 (Macintosh; Intel Mac OS X 14_7_4) AppleWebKit/537.36 (KHTML, like Gecko) Chrome/133.0.0.0 Safari/537.36"
199.188.200.224 - - [17/Jun/2026:11:08:04 -0400] "POST /wp-cron.php?doing_wp_cron=1781708884.5261130332946777343750 HTTP/1.1" 200 0 "-" "WordPress/7.0; https://ssgifthouse.com"
103.143.207.18 - - [17/Jun/2026:11:08:06 -0400] "GET /-/-/-/-/-/-/-/-/-/-/ HTTP/1.1" 404 11617 "https://www.ssgifthouse.com/wp-login.php" "Mozilla/5.0 (Windows NT 10.0; WOW64) AppleWebKit/537.36 (KHTML, like Gecko) Chrome/133.0.0.0 Safari/537.36"
199.188.200.224 - - [17/Jun/2026:11:09:46 -0400] "POST /wp-cron.php?doing_wp_cron=1781708986.1622190475463867187500 HTTP/1.1" 200 0 "-" "WordPress/7.0; https://ssgifthouse.com"
199.188.200.224 - - [17/Jun/2026:11:11:41 -0400] "POST /wp-cron.php?doing_wp_cron=1781709101.5873789787292480468750 HTTP/1.1" 200 0 "-" "WordPress/7.0; https://ssgifthouse.com"
142.44.220.238 - - [17/Jun/2026:11:11:46 -0400] "GET /elementor_library-sitemap.xml HTTP/1.1" 200 903 "-" "Mozilla/5.0 (compatible; AhrefsBot/7.0; +http://ahrefs.com/robot/)"
51.161.65.7 - - [17/Jun/2026:11:11:49 -0400] "GET /elementor-hf-sitemap.xml HTTP/1.1" 200 485 "-" "Mozilla/5.0 (compatible; AhrefsBot/7.0; +http://ahrefs.com/robot/)"
15.235.96.229 - - [17/Jun/2026:11:11:53 -0400] "GET /product_cat-sitemap.xml HTTP/1.1" 200 527 "-" "Mozilla/5.0 (compatible; AhrefsBot/7.0; +http://ahrefs.com/robot/)"
199.188.200.224 - - [17/Jun/2026:11:13:09 -0400] "POST /wp-cron.php?doing_wp_cron=1781709189.5110750198364257812500 HTTP/1.1" 200 0 "-" "WordPress/7.0; https://ssgifthouse.com"
199.188.200.224 - - [17/Jun/2026:11:13:42 -0400] "POST /wp-cron.php?doing_wp_cron=1781709222.4381330013275146484375 HTTP/1.1" 200 0 "-" "WordPress/7.0; https://ssgifthouse.com"
209.74.93.184 - - [17/Jun/2026:11:13:42 -0400] "GET /wp-login.php HTTP/1.1" 301 0 "-" "Mozilla/5.0 (X11; Ubuntu; Linux x86_64; rv:133.0) Gecko/20100101 Firefox/133.0"
209.74.93.184 - - [17/Jun/2026:11:13:43 -0400] "GET /-/-/-/-/-/-/-/-/-/-/ HTTP/1.1" 404 11619 "https://www.ssgifthouse.com/wp-login.php" "Mozilla/5.0 (X11; Ubuntu; Linux x86_64; rv:133.0) Gecko/20100101 Firefox/133.0"
199.188.200.224 - - [17/Jun/2026:11:22:20 -0400] "POST /wp-cron.php?doing_wp_cron=1781709739.7792301177978515625000 HTTP/1.1" 200 0 "-" "WordPress/7.0; https://ssgifthouse.com"
168.63.79.147 - - [17/Jun/2026:11:22:17 -0400] "GET /wp-login.php HTTP/1.1" 404 11619 "-" "Mozilla/5.0 (X11; Linux x86_64) AppleWebKit/537.36 (KHTML, like Gecko) Chrome/133.0.0.0 Safari/537.36"
167.99.197.34 - - [17/Jun/2026:11:23:32 -0400] "GET /wp-login.php HTTP/1.1" 404 11619 "-" "Mozilla/5.0 (Windows NT 10.0; WOW64) AppleWebKit/537.36 (KHTML, like Gecko) Chrome/133.0.0.0 Safari/537.36"
5.223.57.143 - - [17/Jun/2026:11:27:14 -0400] "GET /wp-login.php HTTP/1.1" 301 0 "-" "Mozilla/5.0 (Windows NT 10.0; Win64; x64) AppleWebKit/537.36 (KHTML, like Gecko) Chrome/133.0.0.0 Safari/537.36 Edg/133.0.0.0"
66.249.92.38 - - [17/Jun/2026:11:27:59 -0400] "GET /favicon.ico HTTP/1.1" 404 4993 "https://ssgifthouse.com/product/stylish-spring/" "Mozilla/5.0 (X11; Linux x86_64) AppleWebKit/537.36 (KHTML, like Gecko) Chrome/148.0.7778.96 Safari/537.36"
162.254.36.150 - - [17/Jun/2026:11:29:15 -0400] "GET /wp-login.php HTTP/1.1" 404 11600 "-" "Mozilla/5.0 (Macintosh; Intel Mac OS X 10_15_7) AppleWebKit/605.1.15 (KHTML, like Gecko) Version/18.3 Safari/605.1.15"
199.188.200.224 - - [17/Jun/2026:11:29:16 -0400] "POST /wp-cron.php?doing_wp_cron=1781710156.4265530109405517578125 HTTP/1.1" 200 0 "-" "WordPress/7.0; https://ssgifthouse.com"
199.188.200.224 - - [17/Jun/2026:11:33:02 -0400] "POST /wp-cron.php?doing_wp_cron=1781710382.2996659278869628906250 HTTP/1.1" 200 0 "-" "WordPress/7.0; https://ssgifthouse.com"
199.188.200.224 - - [17/Jun/2026:11:33:02 -0400] "POST /wp-cron.php?doing_wp_cron=1781710382.2996699810028076171875 HTTP/1.1" 200 0 "-" "WordPress/7.0; https://ssgifthouse.com"
162.254.36.150 - - [17/Jun/2026:11:33:00 -0400] "GET /wp-login.php HTTP/1.1" 301 0 "-" "Mozilla/5.0 (X11; Fedora; Linux x86_64) AppleWebKit/537.36 (KHTML, like Gecko) Chrome/133.0.0.0 Safari/537.36"
199.188.200.224 - - [17/Jun/2026:11:23:33 -0400] "POST /wp-cron.php?doing_wp_cron=1781709813.1958110332489013671875 HTTP/1.1" 200 0 "-" "WordPress/7.0; https://ssgifthouse.com"
199.188.200.224 - - [17/Jun/2026:11:26:21 -0400] "POST /wp-cron.php?doing_wp_cron=1781709980.9467139244079589843750 HTTP/1.1" 200 0 "-" "WordPress/7.0; https://ssgifthouse.com"
195.2.67.184 - - [17/Jun/2026:11:26:19 -0400] "GET /product/king-of-romance/ HTTP/1.1" 200 18610 "https://ssgifthouse.com/product/king-of-romance/" "Mozilla/5.0 (Windows NT 10.0; Win64; x64) AppleWebKit/537.36 (KHTML, like Gecko) Chrome/131.0.0.0 Safari/537.36 Avast/131.0.0.0"
195.2.67.184 - - [17/Jun/2026:11:26:22 -0400] "POST /wp-comments-post.php HTTP/1.1" 403 4993 "https://ssgifthouse.com/product/king-of-romance/" "Mozilla/5.0 (Windows NT 10.0; Win64; x64) AppleWebKit/537.36 (KHTML, like Gecko) Chrome/131.0.0.0 Safari/537.36 Avast/131.0.0.0"
199.188.200.224 - - [17/Jun/2026:11:27:14 -0400] "POST /wp-cron.php?doing_wp_cron=1781710034.4458949565887451171875 HTTP/1.1" 200 0 "-" "WordPress/7.0; https://ssgifthouse.com"
5.223.57.143 - - [17/Jun/2026:11:27:15 -0400] "GET /-/-/-/-/-/-/-/-/-/-/ HTTP/1.1" 404 11619 "https://www.ssgifthouse.com/wp-login.php" "Mozilla/5.0 (Windows NT 10.0; Win64; x64) AppleWebKit/537.36 (KHTML, like Gecko) Chrome/133.0.0.0 Safari/537.36 Edg/133.0.0.0"
35.210.58.81 - - [17/Jun/2026:11:29:14 -0400] "GET /wp-login.php HTTP/1.1" 404 11600 "-" "Mozilla/5.0 (Macintosh; Intel Mac OS X 11_7_10) AppleWebKit/537.36 (KHTML, like Gecko) Chrome/133.0.0.0 Safari/537.36"
188.240.191.168 - - [17/Jun/2026:11:33:00 -0400] "GET /wp-login.php HTTP/1.1" 301 0 "-" "Mozilla/5.0 (X11; CrOS x86_64 14541.0.0) AppleWebKit/537.36 (KHTML, like Gecko) Chrome/133.0.0.0 Safari/537.36"
162.254.36.150 - - [17/Jun/2026:11:33:03 -0400] "GET /-/-/-/-/-/-/-/-/-/-/ HTTP/1.1" 404 11619 "https://www.ssgifthouse.com/wp-login.php" "Mozilla/5.0 (X11; Fedora; Linux x86_64) AppleWebKit/537.36 (KHTML, like Gecko) Chrome/133.0.0.0 Safari/537.36"
188.240.191.168 - - [17/Jun/2026:11:33:03 -0400] "GET /-/-/-/-/-/-/-/-/-/-/ HTTP/1.1" 404 11619 "https://www.ssgifthouse.com/wp-login.php" "Mozilla/5.0 (X11; CrOS x86_64 14541.0.0) AppleWebKit/537.36 (KHTML, like Gecko) Chrome/133.0.0.0 Safari/537.36"
199.188.200.224 - - [17/Jun/2026:11:38:48 -0400] "POST /wp-cron.php?doing_wp_cron=1781710728.2833380699157714843750 HTTP/1.1" 200 0 "-" "WordPress/7.0; https://ssgifthouse.com"
66.249.66.42 - - [17/Jun/2026:11:38:46 -0400] "GET /robots.txt HTTP/1.1" 200 105 "-" "Mozilla/5.0 (compatible; Googlebot/2.1; +http://www.google.com/bot.html)"
66.249.66.42 - - [17/Jun/2026:11:38:48 -0400] "GET /product/sweet-violet/ HTTP/1.1" 200 15444 "-" "Mozilla/5.0 (Linux; Android 6.0.1; Nexus 5X Build/MMB29P) AppleWebKit/537.36 (KHTML, like Gecko) Chrome/148.0.7778.96 Mobile Safari/537.36 (compatible; Googlebot/2.1; +http://www.google.com/bot.html)"
66.249.66.40 - - [17/Jun/2026:11:38:54 -0400] "POST /?wc-ajax=get_refreshed_fragments HTTP/1.1" 200 1511 "https://ssgifthouse.com/product/sweet-violet/" "Mozilla/5.0 (Linux; Android 6.0.1; Nexus 5X Build/MMB29P) AppleWebKit/537.36 (KHTML, like Gecko) Chrome/148.0.7778.96 Mobile Safari/537.36 (compatible; Googlebot/2.1; +http://www.google.com/bot.html)"
209.74.93.184 - - [17/Jun/2026:11:42:04 -0400] "GET /wp-login.php HTTP/1.1" 404 11619 "-" "Mozilla/5.0 (Macintosh; Intel Mac OS X 10_15_7) AppleWebKit/605.1.15 (KHTML, like Gecko) Version/18.3 Safari/605.1.15"
199.188.200.224 - - [17/Jun/2026:11:43:25 -0400] "POST /wp-cron.php?doing_wp_cron=1781711005.1324820518493652343750 HTTP/1.1" 200 0 "-" "WordPress/7.0; https://ssgifthouse.com"
170.106.165.76 - - [17/Jun/2026:11:43:26 -0400] "GET / HTTP/1.1" 200 18986 "https://www.ssgifthouse.com/" "Mozilla/5.0 (iPhone; CPU iPhone OS 13_2_3 like Mac OS X) AppleWebKit/605.1.15 (KHTML, like Gecko) Version/13.0.3 Mobile/15E148 Safari/604.1"
199.188.200.224 - - [17/Jun/2026:11:46:46 -0400] "POST /wp-cron.php?doing_wp_cron=1781711205.9836790561676025390625 HTTP/1.1" 200 0 "-" "WordPress/7.0; https://ssgifthouse.com"
199.188.200.224 - - [17/Jun/2026:11:53:02 -0400] "POST /wp-cron.php?doing_wp_cron=1781711582.3604240417480468750000 HTTP/1.1" 200 0 "-" "WordPress/7.0; https://ssgifthouse.com"
103.127.30.137 - - [17/Jun/2026:11:53:01 -0400] "GET /wp-login.php HTTP/1.1" 301 0 "-" "Mozilla/5.0 (X11; Linux i686) AppleWebKit/537.36 (KHTML, like Gecko) Chrome/133.0.0.0 Safari/537.36"
103.127.30.137 - - [17/Jun/2026:11:53:06 -0400] "GET /-/-/-/-/-/-/-/-/-/-/ HTTP/1.1" 404 11619 "https://www.ssgifthouse.com/wp-login.php" "Mozilla/5.0 (X11; Linux i686) AppleWebKit/537.36 (KHTML, like Gecko) Chrome/133.0.0.0 Safari/537.36"
199.188.200.224 - - [17/Jun/2026:11:42:05 -0400] "POST /wp-cron.php?doing_wp_cron=1781710925.6280488967895507812500 HTTP/1.1" 200 0 "-" "WordPress/7.0; https://ssgifthouse.com"
170.106.165.76 - - [17/Jun/2026:11:43:24 -0400] "GET / HTTP/1.1" 301 0 "http://www.ssgifthouse.com" "Mozilla/5.0 (iPhone; CPU iPhone OS 13_2_3 like Mac OS X) AppleWebKit/605.1.15 (KHTML, like Gecko) Version/13.0.3 Mobile/15E148 Safari/604.1"
199.188.200.224 - - [17/Jun/2026:11:43:27 -0400] "POST /wp-cron.php?doing_wp_cron=1781711006.9532060623168945312500 HTTP/1.1" 200 0 "-" "WordPress/7.0; https://ssgifthouse.com"
72.167.38.37 - - [17/Jun/2026:11:46:44 -0400] "GET /wp-login.php HTTP/1.1" 301 0 "-" "Mozilla/5.0 (X11; Linux x86_64; rv:133.0) Gecko/20100101 Firefox/133.0"
72.167.38.37 - - [17/Jun/2026:11:46:47 -0400] "GET /-/-/-/-/-/-/-/-/-/-/ HTTP/1.1" 404 11619 "https://www.ssgifthouse.com/wp-login.php" "Mozilla/5.0 (X11; Linux x86_64; rv:133.0) Gecko/20100101 Firefox/133.0"
78.128.43.246 - - [17/Jun/2026:11:49:36 -0400] "GET /wp-login.php HTTP/1.1" 404 11600 "-" "Mozilla/5.0 (X11; CrOS x86_64 14541.0.0) AppleWebKit/537.36 (KHTML, like Gecko) Chrome/133.0.0.0 Safari/537.36"
199.188.200.224 - - [17/Jun/2026:11:49:37 -0400] "POST /wp-cron.php?doing_wp_cron=1781711377.0424950122833251953125 HTTP/1.1" 200 0 "-" "WordPress/7.0; https://ssgifthouse.com"
162.254.36.150 - - [17/Jun/2026:11:49:35 -0400] "GET /wp-login.php HTTP/1.1" 404 11600 "-" "Mozilla/5.0 (X11; Ubuntu; Linux x86_64) AppleWebKit/537.36 (KHTML, like Gecko) Chrome/133.0.0.0 Safari/537.36"
199.188.200.224 - - [17/Jun/2026:12:00:26 -0400] "POST /wp-cron.php?doing_wp_cron=1781712026.7877790927886962890625 HTTP/1.1" 200 0 "-" "WordPress/7.0; https://ssgifthouse.com"
52.167.144.211 - - [17/Jun/2026:12:00:25 -0400] "GET /product/blooming-marvelous HTTP/1.1" 301 0 "-" "Mozilla/5.0 AppleWebKit/537.36 (KHTML, like Gecko; compatible; bingbot/2.0; +http://www.bing.com/bingbot.htm) Chrome/116.0.1938.76 Safari/537.36"
66.249.66.38 - - [17/Jun/2026:12:02:00 -0400] "GET /wp-content/plugins/woocommerce/assets/js/photoswipe/photoswipe.min.js?ver=4.1.1 HTTP/1.1" 304 0 "https://ssgifthouse.com/product/sweet-violet/" "Mozilla/5.0 (Linux; Android 6.0.1; Nexus 5X Build/MMB29P) AppleWebKit/537.36 (KHTML, like Gecko) Chrome/148.0.7778.96 Mobile Safari/537.36 (compatible; Googlebot/2.1; +http://www.google.com/bot.html)"
66.249.66.39 - - [17/Jun/2026:12:02:01 -0400] "GET /wp-content/plugins/woocommerce/assets/js/flexslider/jquery.flexslider.min.js?ver=2.7.2 HTTP/1.1" 304 0 "https://ssgifthouse.com/product/sweet-violet/" "Mozilla/5.0 (Linux; Android 6.0.1; Nexus 5X Build/MMB29P) AppleWebKit/537.36 (KHTML, like Gecko) Chrome/148.0.7778.96 Mobile Safari/537.36 (compatible; Googlebot/2.1; +http://www.google.com/bot.html)"
66.249.66.38 - - [17/Jun/2026:12:02:01 -0400] "GET /wp-content/plugins/elementor/assets/lib/dialog/dialog.min.js?ver=4.8.1 HTTP/1.1" 304 0 "https://ssgifthouse.com/product/sweet-violet/" "Mozilla/5.0 (Linux; Android 6.0.1; Nexus 5X Build/MMB29P) AppleWebKit/537.36 (KHTML, like Gecko) Chrome/148.0.7778.96 Mobile Safari/537.36 (compatible; Googlebot/2.1; +http://www.google.com/bot.html)"
66.249.66.38 - - [17/Jun/2026:12:02:01 -0400] "GET /wp-content/plugins/elementor-pro/assets/js/frontend.min.js?ver=3.0.9 HTTP/1.1" 200 45630 "https://ssgifthouse.com/product/sweet-violet/" "Mozilla/5.0 (Linux; Android 6.0.1; Nexus 5X Build/MMB29P) AppleWebKit/537.36 (KHTML, like Gecko) Chrome/148.0.7778.96 Mobile Safari/537.36 (compatible; Googlebot/2.1; +http://www.google.com/bot.html)"
199.188.200.224 - - [17/Jun/2026:12:02:04 -0400] "POST /wp-cron.php?doing_wp_cron=1781712124.3612010478973388671875 HTTP/1.1" 200 0 "-" "WordPress/7.0; https://ssgifthouse.com"
199.188.200.224 - - [17/Jun/2026:12:02:51 -0400] "POST /wp-cron.php?doing_wp_cron=1781712171.4055531024932861328125 HTTP/1.1" 200 0 "-" "WordPress/7.0; https://ssgifthouse.com"
213.171.208.62 - - [17/Jun/2026:12:02:50 -0400] "GET /wp-login.php HTTP/1.1" 404 11619 "-" "Mozilla/5.0 (Macintosh; Intel Mac OS X 10_15_7) AppleWebKit/605.1.15 (KHTML, like Gecko) Version/18.3 Safari/605.1.15"
172.81.117.83 - - [17/Jun/2026:12:08:30 -0400] "GET /wp-login.php HTTP/1.1" 404 11600 "-" "Mozilla/5.0 (Windows NT 10.0; WOW64) AppleWebKit/537.36 (KHTML, like Gecko) Chrome/133.0.0.0 Safari/537.36"
52.167.144.211 - - [17/Jun/2026:12:00:28 -0400] "GET /product/blooming-marvelous/ HTTP/1.1" 200 16557 "-" "Mozilla/5.0 AppleWebKit/537.36 (KHTML, like Gecko; compatible; bingbot/2.0; +http://www.bing.com/bingbot.htm) Chrome/116.0.1938.76 Safari/537.36"
103.255.134.61 - - [17/Jun/2026:12:00:36 -0400] "GET /wp-login.php HTTP/1.1" 404 11619 "-" "Mozilla/5.0 (Macintosh; Intel Mac OS X 10_15_7) AppleWebKit/537.36 (KHTML, like Gecko) Chrome/133.0.0.0 Safari/537.36 Edg/133.0.0.0"
66.249.66.39 - - [17/Jun/2026:12:02:01 -0400] "GET /wp-content/plugins/woocommerce/assets/js/photoswipe/photoswipe-ui-default.min.js?ver=4.1.1 HTTP/1.1" 200 3428 "https://ssgifthouse.com/product/sweet-violet/" "Mozilla/5.0 (Linux; Android 6.0.1; Nexus 5X Build/MMB29P) AppleWebKit/537.36 (KHTML, like Gecko) Chrome/148.0.7778.96 Mobile Safari/537.36 (compatible; Googlebot/2.1; +http://www.google.com/bot.html)"
66.249.66.39 - - [17/Jun/2026:12:02:01 -0400] "GET /wp-content/plugins/elementor/assets/js/frontend-modules.min.js?ver=3.3.1 HTTP/1.1" 304 0 "https://ssgifthouse.com/product/sweet-violet/" "Mozilla/5.0 (Linux; Android 6.0.1; Nexus 5X Build/MMB29P) AppleWebKit/537.36 (KHTML, like Gecko) Chrome/148.0.7778.96 Mobile Safari/537.36 (compatible; Googlebot/2.1; +http://www.google.com/bot.html)"
66.249.66.38 - - [17/Jun/2026:12:02:02 -0400] "GET /wp-content/plugins/elementor/assets/js/preloaded-modules.min.js?ver=3.3.1 HTTP/1.1" 200 16401 "https://ssgifthouse.com/product/sweet-violet/" "Mozilla/5.0 (Linux; Android 6.0.1; Nexus 5X Build/MMB29P) AppleWebKit/537.36 (KHTML, like Gecko) Chrome/148.0.7778.96 Mobile Safari/537.36 (compatible; Googlebot/2.1; +http://www.google.com/bot.html)"
66.249.66.37 - - [17/Jun/2026:12:02:02 -0400] "POST /?wc-ajax=get_refreshed_fragments HTTP/1.1" 200 1511 "https://ssgifthouse.com/product/sweet-violet/" "Mozilla/5.0 (Linux; Android 6.0.1; Nexus 5X Build/MMB29P) AppleWebKit/537.36 (KHTML, like Gecko) Chrome/148.0.7778.96 Mobile Safari/537.36 (compatible; Googlebot/2.1; +http://www.google.com/bot.html)"
199.188.200.224 - - [17/Jun/2026:12:05:53 -0400] "POST /wp-cron.php?doing_wp_cron=1781712353.6347270011901855468750 HTTP/1.1" 200 0 "-" "WordPress/7.0; https://ssgifthouse.com"
68.183.141.81 - - [17/Jun/2026:12:05:52 -0400] "GET /wp-login.php HTTP/1.1" 301 0 "-" "Mozilla/5.0 (X11; Fedora; Linux x86_64) AppleWebKit/537.36 (KHTML, like Gecko) Chrome/133.0.0.0 Safari/537.36"
68.183.141.81 - - [17/Jun/2026:12:05:54 -0400] "GET /-/-/-/-/-/-/-/-/-/-/ HTTP/1.1" 404 11619 "https://www.ssgifthouse.com/wp-login.php" "Mozilla/5.0 (X11; Fedora; Linux x86_64) AppleWebKit/537.36 (KHTML, like Gecko) Chrome/133.0.0.0 Safari/537.36"
199.188.200.224 - - [17/Jun/2026:12:08:31 -0400] "POST /wp-cron.php?doing_wp_cron=1781712511.5758540630340576171875 HTTP/1.1" 200 0 "-" "WordPress/7.0; https://ssgifthouse.com"
162.254.36.150 - - [17/Jun/2026:12:11:35 -0400] "GET /wp-login.php HTTP/1.1" 301 0 "-" "Mozilla/5.0 (X11; Linux x86_64) AppleWebKit/537.36 (KHTML, like Gecko) Chrome/133.0.0.0 Safari/537.36 Edg/133.0.0.0"
199.188.200.224 - - [17/Jun/2026:12:11:36 -0400] "POST /wp-cron.php?doing_wp_cron=1781712696.7911019325256347656250 HTTP/1.1" 200 0 "-" "WordPress/7.0; https://ssgifthouse.com"
62.210.185.4 - - [17/Jun/2026:12:11:35 -0400] "GET /wp-login.php HTTP/1.1" 301 0 "-" "Mozilla/5.0 (X11; Linux x86_64) AppleWebKit/537.36 (KHTML, like Gecko) Chrome/133.0.0.0 Safari/537.36"
62.210.185.4 - - [17/Jun/2026:12:11:37 -0400] "GET /-/-/-/-/-/-/-/-/-/-/ HTTP/1.1" 404 11619 "https://www.ssgifthouse.com/wp-login.php" "Mozilla/5.0 (X11; Linux x86_64) AppleWebKit/537.36 (KHTML, like Gecko) Chrome/133.0.0.0 Safari/537.36"
162.254.36.150 - - [17/Jun/2026:12:11:38 -0400] "GET /-/-/-/-/-/-/-/-/-/-/ HTTP/1.1" 404 11619 "https://www.ssgifthouse.com/wp-login.php" "Mozilla/5.0 (X11; Linux x86_64) AppleWebKit/537.36 (KHTML, like Gecko) Chrome/133.0.0.0 Safari/537.36 Edg/133.0.0.0"
34.90.4.216 - - [17/Jun/2026:12:17:54 -0400] "GET / HTTP/1.1" 200 18986 "http://ssgifthouse.com" "Mozilla/5.0 (compatible; CMS-Checker/1.0; +https://example.com)"
2a03:2880:f806:50:: - - [17/Jun/2026:12:18:51 -0400] "GET /wp-content/uploads/2021/08/Meadow-Fresh-p2-1200-600x600.jpg HTTP/1.1" 200 86477 "-" "meta-webindexer/1.1 (+https://developers.facebook.com/docs/sharing/webmasters/crawler)"
199.188.200.224 - - [17/Jun/2026:12:17:56 -0400] "POST /wp-cron.php?doing_wp_cron=1781713076.4485459327697753906250 HTTP/1.1" 200 0 "-" "WordPress/7.0; https://ssgifthouse.com"
43.173.178.254 - - [17/Jun/2026:12:23:50 -0400] "GET / HTTP/1.1" 200 18986 "-" "Mozilla/5.0 (Windows NT 10.0; Win64; x64) AppleWebKit/537.36 (KHTML, like Gecko) Chrome/103.0.0.0 Safari/537.36"
43.172.194.150 - - [17/Jun/2026:12:23:52 -0400] "GET /wp-content/uploads/elementor/css/post-68.css?ver=1627846869 HTTP/1.1" 200 318 "https://ssgifthouse.com/" "Mozilla/5.0 (Windows NT 10.0; Win64; x64) AppleWebKit/537.36 (KHTML, like Gecko) Chrome/103.0.0.0 Safari/537.36"
43.173.181.50 - - [17/Jun/2026:12:23:52 -0400] "GET /wp-content/themes/hello-elementor/style.min.css?ver=2.4.1 HTTP/1.1" 200 2055 "https://ssgifthouse.com/" "Mozilla/5.0 (Windows NT 10.0; Win64; x64) AppleWebKit/537.36 (KHTML, like Gecko) Chrome/103.0.0.0 Safari/537.36"
43.172.198.5 - - [17/Jun/2026:12:23:55 -0400] "POST /?wc-ajax=get_refreshed_fragments HTTP/1.1" 200 1511 "https://ssgifthouse.com/" "Mozilla/5.0 (Windows NT 10.0; Win64; x64) AppleWebKit/537.36 (KHTML, like Gecko) Chrome/103.0.0.0 Safari/537.36"
199.188.200.224 - - [17/Jun/2026:12:24:59 -0400] "POST /wp-cron.php?doing_wp_cron=1781713499.6413168907165527343750 HTTP/1.1" 200 0 "-" "WordPress/7.0; https://ssgifthouse.com"
202.183.141.189 - - [17/Jun/2026:12:24:59 -0400] "GET /wp-login.php HTTP/1.1" 301 0 "-" "Mozilla/5.0 (X11; Ubuntu; Linux x86_64) AppleWebKit/537.36 (KHTML, like Gecko) Chrome/133.0.0.0 Safari/537.36"
103.127.30.137 - - [17/Jun/2026:12:25:00 -0400] "GET /wp-login.php HTTP/1.1" 301 0 "-" "Mozilla/5.0 (X11; Linux i686) AppleWebKit/537.36 (KHTML, like Gecko) Chrome/133.0.0.0 Safari/537.36"
51.255.91.138 - - [17/Jun/2026:12:25:26 -0400] "HEAD / HTTP/1.1" 200 0 "-" "PragmaticSecurity-Scanner/2.0 (+https://www.domainscores.net/headers; check your domain security free)"
103.127.30.137 - - [17/Jun/2026:12:21:02 -0400] "GET /wp-login.php HTTP/1.1" 404 11619 "-" "Mozilla/5.0 (Macintosh; Intel Mac OS X 10_15_7) AppleWebKit/537.36 (KHTML, like Gecko) Chrome/133.0.0.0 Safari/537.36"
199.188.200.224 - - [17/Jun/2026:12:23:21 -0400] "POST /wp-cron.php?doing_wp_cron=1781713401.6993110179901123046875 HTTP/1.1" 200 0 "-" "WordPress/7.0; https://ssgifthouse.com"
2.56.111.20 - sanuka [17/Jun/2026:12:23:19 -0400] "GET /wp-json/wp/v2/users/me HTTP/1.1" 401 96 "-" "Mozilla/5.0 (Macintosh; Intel Mac OS X 10_15_7) AppleWebKit/537.36 (KHTML, like Gecko) Chrome/133.0.0.0 Safari/537.36"
199.188.200.224 - - [17/Jun/2026:12:23:51 -0400] "POST /wp-cron.php?doing_wp_cron=1781713431.5285189151763916015625 HTTP/1.1" 200 0 "-" "WordPress/7.0; https://ssgifthouse.com"
103.127.30.137 - - [17/Jun/2026:12:25:03 -0400] "GET /-/-/-/-/-/-/-/-/-/-/ HTTP/1.1" 404 11619 "https://www.ssgifthouse.com/wp-login.php" "Mozilla/5.0 (X11; Linux i686) AppleWebKit/537.36 (KHTML, like Gecko) Chrome/133.0.0.0 Safari/537.36"
199.188.200.224 - - [17/Jun/2026:12:25:27 -0400] "POST /wp-cron.php?doing_wp_cron=1781713527.0692820549011230468750 HTTP/1.1" 200 0 "-" "WordPress/7.0; https://ssgifthouse.com"
20.153.140.50 - - [17/Jun/2026:12:29:47 -0400] "GET /wp-login.php HTTP/1.1" 404 11600 "-" "Mozilla/5.0 (Macintosh; Intel Mac OS X 10_15_7) AppleWebKit/537.36 (KHTML, like Gecko) Chrome/133.0.0.0 Safari/537.36 Edg/133.0.0.0"
152.53.111.131 - - [17/Jun/2026:12:29:48 -0400] "GET /wp-login.php HTTP/1.1" 404 11600 "-" "Mozilla/5.0 (Macintosh; Intel Mac OS X 14_7_4) AppleWebKit/537.36 (KHTML, like Gecko) Chrome/133.0.0.0 Safari/537.36"
142.44.225.6 - - [17/Jun/2026:12:35:57 -0400] "GET /sitemap.rss HTTP/1.1" 200 1812 "-" "Mozilla/5.0 (compatible; AhrefsBot/7.0; +http://ahrefs.com/robot/)"
78.142.18.172 - - [17/Jun/2026:12:41:15 -0400] "GET /wp-login.php HTTP/1.1" 404 11619 "-" "Mozilla/5.0 (Windows NT 10.0) AppleWebKit/537.36 (KHTML, like Gecko) Chrome/133.0.0.0 Safari/537.36"
199.188.200.224 - - [17/Jun/2026:12:41:17 -0400] "POST /wp-cron.php?doing_wp_cron=1781714477.1299300193786621093750 HTTP/1.1" 200 0 "-" "WordPress/7.0; https://ssgifthouse.com"
209.74.93.184 - - [17/Jun/2026:12:41:15 -0400] "GET /wp-login.php HTTP/1.1" 404 11619 "-" "Mozilla/5.0 (Windows NT 10.0; WOW64) AppleWebKit/537.36 (KHTML, like Gecko) Chrome/133.0.0.0 Safari/537.36"
199.188.200.224 - - [17/Jun/2026:12:44:11 -0400] "POST /wp-cron.php?doing_wp_cron=1781714651.6205871105194091796875 HTTP/1.1" 200 0 "-" "WordPress/7.0; https://ssgifthouse.com"
213.128.70.19 - - [17/Jun/2026:12:44:10 -0400] "GET /wp-login.php HTTP/1.1" 404 11619 "-" "Mozilla/5.0 (X11; Ubuntu; Linux x86_64; rv:133.0) Gecko/20100101 Firefox/133.0"
41.79.235.70 - - [17/Jun/2026:12:45:17 -0400] "GET /wp-login.php HTTP/1.1" 301 0 "-" "Mozilla/5.0 (X11; Linux x86_64) AppleWebKit/537.36 (KHTML, like Gecko) Chrome/133.0.0.0 Safari/537.36"
199.188.200.224 - - [17/Jun/2026:12:29:39 -0400] "POST /wp-cron.php?doing_wp_cron=1781713779.3776929378509521484375 HTTP/1.1" 200 0 "-" "WordPress/7.0; https://ssgifthouse.com"
35.210.58.81 - - [17/Jun/2026:12:29:37 -0400] "GET /wp-login.php HTTP/1.1" 404 11600 "-" "Mozilla/5.0 (Macintosh; Intel Mac OS X 10_15_7) AppleWebKit/537.36 (KHTML, like Gecko) Chrome/133.0.0.0 Safari/537.36"
199.188.200.224 - - [17/Jun/2026:12:35:59 -0400] "POST /wp-cron.php?doing_wp_cron=1781714159.3040840625762939453125 HTTP/1.1" 200 0 "-" "WordPress/7.0; https://ssgifthouse.com"
199.188.200.224 - - [17/Jun/2026:12:45:18 -0400] "POST /wp-cron.php?doing_wp_cron=1781714718.0913789272308349609375 HTTP/1.1" 200 0 "-" "WordPress/7.0; https://ssgifthouse.com"
41.79.235.70 - - [17/Jun/2026:12:45:19 -0400] "GET /-/-/-/-/-/-/-/-/-/-/ HTTP/1.1" 404 11619 "https://www.ssgifthouse.com/wp-login.php" "Mozilla/5.0 (X11; Linux x86_64) AppleWebKit/537.36 (KHTML, like Gecko) Chrome/133.0.0.0 Safari/537.36"
148.113.128.208 - - [17/Jun/2026:12:47:44 -0400] "GET /elementor-hf-sitemap.xml HTTP/1.1" 200 485 "-" "Mozilla/5.0 (compatible; AhrefsBot/7.0; +http://ahrefs.com/robot/)"
15.235.96.156 - - [17/Jun/2026:12:47:47 -0400] "GET /product_cat-sitemap.xml HTTP/1.1" 200 527 "-" "Mozilla/5.0 (compatible; AhrefsBot/7.0; +http://ahrefs.com/robot/)"
54.39.6.60 - - [17/Jun/2026:12:47:49 -0400] "GET /product_tag-sitemap.xml HTTP/1.1" 200 372 "-" "Mozilla/5.0 (compatible; AhrefsBot/7.0; +http://ahrefs.com/robot/)"
116.76.25.68 - - [17/Jun/2026:12:48:05 -0400] "GET /robots.txt HTTP/1.1" 200 105 "-" "Mozilla/5.0 (Windows NT 10.0; Win64; x64) AppleWebKit/537.36 (KHTML, like Gecko) Chrome/93.0.3320.150 Safari/537.36 Edge/18.18362"
78.142.18.172 - - [17/Jun/2026:12:50:23 -0400] "GET /wp-login.php HTTP/1.1" 404 11600 "-" "Mozilla/5.0 (X11; Linux x86_64) AppleWebKit/537.36 (KHTML, like Gecko) Chrome/133.0.0.0 Safari/537.36"
199.188.200.224 - - [17/Jun/2026:12:50:59 -0400] "POST /wp-cron.php?doing_wp_cron=1781715059.6047890186309814453125 HTTP/1.1" 200 0 "-" "WordPress/7.0; https://ssgifthouse.com"
31.24.155.180 - - [17/Jun/2026:12:51:05 -0400] "GET /-/-/-/-/-/-/-/-/-/-/ HTTP/1.1" 404 11619 "https://www.ssgifthouse.com/wp-login.php" "Mozilla/5.0 (Macintosh; Intel Mac OS X 10_15_7) AppleWebKit/537.36 (KHTML, like Gecko) Chrome/133.0.0.0 Safari/537.36 Edg/133.0.0.0"
34.90.4.216 - - [17/Jun/2026:12:58:46 -0400] "GET / HTTP/1.1" 200 18986 "-" "Mozilla/5.0 (Windows NT 10.0; Win64; x64) AppleWebKit/537.36 (KHTML, like Gecko) Chrome/78.0.3904.108 Safari/537.36"
34.90.4.216 - - [17/Jun/2026:12:58:48 -0400] "GET //wp-includes/wlwmanifest.xml HTTP/1.1" 301 0 "-" "Mozilla/5.0 (Windows NT 10.0; Win64; x64) AppleWebKit/537.36 (KHTML, like Gecko) Chrome/78.0.3904.108 Safari/537.36"
34.90.4.216 - - [17/Jun/2026:12:58:50 -0400] "GET //?author=1 HTTP/1.1" 301 0 "-" "Mozilla/5.0 (Windows NT 10.0; Win64; x64) AppleWebKit/537.36 (KHTML, like Gecko) Chrome/78.0.3904.108 Safari/537.36"
34.90.4.216 - - [17/Jun/2026:12:58:51 -0400] "GET //?author=2 HTTP/1.1" 301 0 "-" "Mozilla/5.0 (Windows NT 10.0; Win64; x64) AppleWebKit/537.36 (KHTML, like Gecko) Chrome/78.0.3904.108 Safari/537.36"
34.90.4.216 - - [17/Jun/2026:12:58:51 -0400] "GET //wp-json/wp/v2/users/ HTTP/1.1" 200 2682 "-" "Mozilla/5.0 (Windows NT 10.0; Win64; x64) AppleWebKit/537.36 (KHTML, like Gecko) Chrome/78.0.3904.108 Safari/537.36"
199.188.200.224 - - [17/Jun/2026:12:47:36 -0400] "POST /wp-cron.php?doing_wp_cron=1781714855.9777700901031494140625 HTTP/1.1" 200 0 "-" "WordPress/7.0; https://ssgifthouse.com"
51.222.95.233 - - [17/Jun/2026:12:47:34 -0400] "GET /sitemap.xml HTTP/1.1" 200 401 "-" "Mozilla/5.0 (compatible; AhrefsBot/7.0; +http://ahrefs.com/robot/)"
142.44.233.248 - - [17/Jun/2026:12:47:37 -0400] "GET /post-sitemap.xml HTTP/1.1" 200 359 "-" "Mozilla/5.0 (compatible; AhrefsBot/7.0; +http://ahrefs.com/robot/)"
167.114.139.209 - - [17/Jun/2026:12:47:39 -0400] "GET /page-sitemap.xml HTTP/1.1" 200 920 "-" "Mozilla/5.0 (compatible; AhrefsBot/7.0; +http://ahrefs.com/robot/)"
51.161.37.180 - - [17/Jun/2026:12:47:41 -0400] "GET /elementor_library-sitemap.xml HTTP/1.1" 200 903 "-" "Mozilla/5.0 (compatible; AhrefsBot/7.0; +http://ahrefs.com/robot/)"
54.39.136.139 - - [17/Jun/2026:12:47:42 -0400] "GET /product-sitemap.xml HTTP/1.1" 200 2430 "-" "Mozilla/5.0 (compatible; AhrefsBot/7.0; +http://ahrefs.com/robot/)"
51.222.95.105 - - [17/Jun/2026:12:47:46 -0400] "GET /category-sitemap.xml HTTP/1.1" 200 366 "-" "Mozilla/5.0 (compatible; AhrefsBot/7.0; +http://ahrefs.com/robot/)"
162.254.36.150 - - [17/Jun/2026:12:50:16 -0400] "GET /wp-login.php HTTP/1.1" 404 11600 "-" "Mozilla/5.0 (X11; Linux i686) AppleWebKit/537.36 (KHTML, like Gecko) Chrome/133.0.0.0 Safari/537.36"
199.188.200.224 - - [17/Jun/2026:12:50:18 -0400] "POST /wp-cron.php?doing_wp_cron=1781715018.3342831134796142578125 HTTP/1.1" 200 0 "-" "WordPress/7.0; https://ssgifthouse.com"
41.79.235.70 - - [17/Jun/2026:12:50:17 -0400] "GET /wp-login.php HTTP/1.1" 404 11600 "-" "Mozilla/5.0 (X11; Linux x86_64) AppleWebKit/537.36 (KHTML, like Gecko) Chrome/133.0.0.0 Safari/537.36 Edg/133.0.0.0"
31.24.155.180 - - [17/Jun/2026:12:50:59 -0400] "GET /wp-login.php HTTP/1.1" 301 0 "-" "Mozilla/5.0 (Macintosh; Intel Mac OS X 10_15_7) AppleWebKit/537.36 (KHTML, like Gecko) Chrome/133.0.0.0 Safari/537.36 Edg/133.0.0.0"
199.188.200.224 - - [17/Jun/2026:12:58:48 -0400] "POST /wp-cron.php?doing_wp_cron=1781715527.8852379322052001953125 HTTP/1.1" 200 0 "-" "WordPress/7.0; https://ssgifthouse.com"
34.90.4.216 - - [17/Jun/2026:12:58:49 -0400] "GET / HTTP/1.1" 200 18986 "-" "Mozilla/5.0 (Windows NT 10.0; Win64; x64) AppleWebKit/537.36 (KHTML, like Gecko) Chrome/78.0.3904.108 Safari/537.36"
199.188.200.224 - - [17/Jun/2026:13:00:53 -0400] "POST /wp-cron.php?doing_wp_cron=1781715653.2277860641479492187500 HTTP/1.1" 200 0 "-" "WordPress/7.0; https://ssgifthouse.com"
113.190.40.93 - - [17/Jun/2026:13:00:51 -0400] "GET /wp-login.php HTTP/1.1" 404 11619 "-" "Mozilla/5.0 (Windows NT 10.0; Win64; x64) AppleWebKit/537.36 (KHTML, like Gecko) Chrome/133.0.0.0 Safari/537.36"
103.127.30.137 - - [17/Jun/2026:13:04:22 -0400] "GET /wp-login.php HTTP/1.1" 404 11619 "-" "Mozilla/5.0 (X11; Linux i686) AppleWebKit/537.36 (KHTML, like Gecko) Chrome/133.0.0.0 Safari/537.36"
209.74.93.184 - - [17/Jun/2026:13:04:57 -0400] "GET /wp-login.php HTTP/1.1" 301 0 "-" "Mozilla/5.0 (Macintosh; Intel Mac OS X 11_7_10) AppleWebKit/537.36 (KHTML, like Gecko) Chrome/133.0.0.0 Safari/537.36"
103.127.30.137 - sanuka [17/Jun/2026:13:05:16 -0400] "GET /wp-json/wp/v2/users/me HTTP/1.1" 401 96 "-" "Mozilla/5.0 (Macintosh; Intel Mac OS X 10_15_7) AppleWebKit/605.1.15 (KHTML, like Gecko) Version/18.3 Safari/605.1.15"
146.103.110.4 - - [17/Jun/2026:13:05:34 -0400] "POST /wp-comments-post.php HTTP/1.1" 403 4993 "https://ssgifthouse.com/product/king-of-romance/" "Mozilla/5.0 (Windows NT 10.0; Win64; x64) AppleWebKit/537.36 (KHTML, like Gecko) Chrome/129.0.0.0 Safari/537.36"
199.188.200.224 - - [17/Jun/2026:13:09:35 -0400] "POST /wp-cron.php?doing_wp_cron=1781716175.3151330947875976562500 HTTP/1.1" 200 0 "-" "WordPress/7.0; https://ssgifthouse.com"
31.24.155.180 - - [17/Jun/2026:13:09:33 -0400] "GET /wp-login.php HTTP/1.1" 404 11600 "-" "Mozilla/5.0 (X11; CrOS x86_64 14541.0.0) AppleWebKit/537.36 (KHTML, like Gecko) Chrome/133.0.0.0 Safari/537.36"
199.188.200.224 - - [17/Jun/2026:13:14:29 -0400] "POST /wp-cron.php?doing_wp_cron=1781716469.2381579875946044921875 HTTP/1.1" 200 0 "-" "WordPress/7.0; https://ssgifthouse.com"
146.103.115.115 - - [17/Jun/2026:13:14:27 -0400] "GET /product/king-of-romance/ HTTP/1.1" 200 18610 "https://ssgifthouse.com/product/king-of-romance/" "Mozilla/5.0 (Windows NT 10.0; Win64; x64) AppleWebKit/537.36 (KHTML, like Gecko) Chrome/131.0.0.0 Safari/537.36 Avast/131.0.0.0"
199.188.200.224 - - [17/Jun/2026:13:04:23 -0400] "POST /wp-cron.php?doing_wp_cron=1781715863.8295071125030517578125 HTTP/1.1" 200 0 "-" "WordPress/7.0; https://ssgifthouse.com"
199.188.200.224 - - [17/Jun/2026:13:04:58 -0400] "POST /wp-cron.php?doing_wp_cron=1781715897.9108939170837402343750 HTTP/1.1" 200 0 "-" "WordPress/7.0; https://ssgifthouse.com"
209.74.93.184 - - [17/Jun/2026:13:05:00 -0400] "GET /-/-/-/-/-/-/-/-/-/-/ HTTP/1.1" 404 11619 "https://www.ssgifthouse.com/wp-login.php" "Mozilla/5.0 (Macintosh; Intel Mac OS X 11_7_10) AppleWebKit/537.36 (KHTML, like Gecko) Chrome/133.0.0.0 Safari/537.36"
199.188.200.224 - - [17/Jun/2026:13:05:33 -0400] "POST /wp-cron.php?doing_wp_cron=1781715933.3178229331970214843750 HTTP/1.1" 200 0 "-" "WordPress/7.0; https://ssgifthouse.com"
146.103.110.4 - - [17/Jun/2026:13:05:32 -0400] "GET /product/king-of-romance/ HTTP/1.1" 200 18610 "https://ssgifthouse.com/product/king-of-romance/" "Mozilla/5.0 (Windows NT 10.0; Win64; x64) AppleWebKit/537.36 (KHTML, like Gecko) Chrome/129.0.0.0 Safari/537.36"
213.128.70.19 - - [17/Jun/2026:13:09:35 -0400] "GET /wp-login.php HTTP/1.1" 404 11600 "-" "Mozilla/5.0 (X11; Ubuntu; Linux x86_64; rv:133.0) Gecko/20100101 Firefox/133.0"
41.79.235.70 - admin [17/Jun/2026:13:10:05 -0400] "GET /wp-json/wp/v2/users/me HTTP/1.1" 401 96 "-" "Mozilla/5.0 (X11; Linux x86_64; rv:133.0) Gecko/20100101 Firefox/133.0"
146.103.115.115 - - [17/Jun/2026:13:14:29 -0400] "POST /wp-comments-post.php HTTP/1.1" 403 4993 "https://ssgifthouse.com/product/king-of-romance/" "Mozilla/5.0 (Windows NT 10.0; Win64; x64) AppleWebKit/537.36 (KHTML, like Gecko) Chrome/131.0.0.0 Safari/537.36 Avast/131.0.0.0"
162.254.36.150 - - [17/Jun/2026:13:19:31 -0400] "GET /wp-login.php HTTP/1.1" 404 11619 "-" "Mozilla/5.0 (X11; Linux x86_64; rv:133.0) Gecko/20100101 Firefox/133.0"
199.188.200.224 - - [17/Jun/2026:13:23:55 -0400] "POST /wp-cron.php?doing_wp_cron=1781717035.2164969444274902343750 HTTP/1.1" 200 0 "-" "WordPress/7.0; https://ssgifthouse.com"
103.127.30.137 - - [17/Jun/2026:13:23:58 -0400] "GET /-/-/-/-/-/-/-/-/-/-/ HTTP/1.1" 404 11619 "https://www.ssgifthouse.com/wp-login.php" "Mozilla/5.0 (Macintosh; Intel Mac OS X 10_15_7) AppleWebKit/537.36 (KHTML, like Gecko) Chrome/133.0.0.0 Safari/537.36 Edg/133.0.0.0"
199.188.200.224 - - [17/Jun/2026:13:29:34 -0400] "POST /wp-cron.php?doing_wp_cron=1781717373.8791990280151367187500 HTTP/1.1" 200 0 "-" "WordPress/7.0; https://ssgifthouse.com"
162.254.36.150 - - [17/Jun/2026:13:29:37 -0400] "GET /-/-/-/-/-/-/-/-/-/-/ HTTP/1.1" 404 11619 "https://www.ssgifthouse.com/wp-login.php" "Mozilla/5.0 (Windows NT 10.0) AppleWebKit/537.36 (KHTML, like Gecko) Chrome/133.0.0.0 Safari/537.36"
78.142.18.172 - - [17/Jun/2026:13:30:08 -0400] "GET /wp-login.php HTTP/1.1" 404 11600 "-" "Mozilla/5.0 (Windows NT 10.0; Win64; x64; rv:133.0) Gecko/20100101 Firefox/133.0"
199.188.200.224 - - [17/Jun/2026:13:31:11 -0400] "POST /wp-cron.php?doing_wp_cron=1781717471.4116289615631103515625 HTTP/1.1" 200 0 "-" "WordPress/7.0; https://ssgifthouse.com"
172.204.16.73 - - [17/Jun/2026:13:31:11 -0400] "GET / HTTP/1.1" 200 18986 "-" "Mozilla/5.0 AppleWebKit/537.36 (KHTML, like Gecko); compatible; ChatGPT-User/1.0; +https://openai.com/bot"
45.148.10.62 - - [17/Jun/2026:13:31:20 -0400] "GET /.env HTTP/1.1" 403 4995 "-" "Mozilla/5.0 (Windows NT 10.0; Win64; x64; rv:133.0) Gecko/20100101 Firefox/133.0"
45.148.10.62 - - [17/Jun/2026:13:31:20 -0400] "GET /.env.bak HTTP/1.1" 403 4995 "-" "Mozilla/5.0 (Windows NT 10.0; Win64; x64) AppleWebKit/537.36 (KHTML, like Gecko) Chrome/131.0.0.0 Safari/537.36"
45.148.10.62 - - [17/Jun/2026:13:31:21 -0400] "GET /wp-content/plugins/elementor/assets/js/preloaded-modules.min.js?ver=3.3.1 HTTP/1.1" 304 0 "-" "Mozilla/5.0 (Windows NT 10.0; Win64; x64; rv:133.0) Gecko/20100101 Firefox/133.0"
45.148.10.62 - - [17/Jun/2026:13:31:21 -0400] "GET /wp-content/plugins/woocommerce/assets/js/jquery-blockui/jquery.blockUI.min.js?ver=2.70 HTTP/1.1" 304 0 "-" "Mozilla/5.0 (Windows NT 10.0; Win64; x64) AppleWebKit/537.36 (KHTML, like Gecko) Chrome/131.0.0.0 Safari/537.36"
45.148.10.62 - - [17/Jun/2026:13:31:21 -0400] "GET /wp-includes/js/jquery/jquery-migrate.min.js?ver=3.4.1 HTTP/1.1" 304 0 "-" "Mozilla/5.0 (Windows NT 10.0; Win64; x64) AppleWebKit/537.36 (KHTML, like Gecko) Chrome/131.0.0.0 Safari/537.36"
45.148.10.62 - - [17/Jun/2026:13:31:21 -0400] "GET /wp-content/plugins/woocommerce/assets/js/frontend/cart-fragments.min.js?ver=5.5.5 HTTP/1.1" 304 0 "-" "Mozilla/5.0 (Windows NT 10.0; Win64; x64) AppleWebKit/537.36 (KHTML, like Gecko) Chrome/131.0.0.0 Safari/537.36"
45.148.10.62 - - [17/Jun/2026:13:31:21 -0400] "GET /wp-content/plugins/woocommerce/assets/js/frontend/woocommerce.min.js?ver=5.5.5 HTTP/1.1" 304 0 "-" "Mozilla/5.0 (X11; Linux x86_64) AppleWebKit/537.36 (KHTML, like Gecko) Chrome/131.0.0.0 Safari/537.36"
45.148.10.62 - - [17/Jun/2026:13:31:21 -0400] "GET /wp-includes/js/dist/vendor/wp-polyfill.min.js?ver=3.15.0 HTTP/1.1" 304 0 "-" "Mozilla/5.0 (X11; Linux x86_64) AppleWebKit/537.36 (KHTML, like Gecko) Chrome/131.0.0.0 Safari/537.36"
45.148.10.62 - - [17/Jun/2026:13:31:21 -0400] "GET /wp-content/plugins/elementor-pro/assets/lib/sticky/jquery.sticky.min.js?ver=3.0.9 HTTP/1.1" 304 0 "-" "Mozilla/5.0 (X11; Linux x86_64) AppleWebKit/537.36 (KHTML, like Gecko) Chrome/131.0.0.0 Safari/537.36"
45.148.10.62 - - [17/Jun/2026:13:31:21 -0400] "GET /wp-content/plugins/elementor/assets/js/webpack.runtime.min.js?ver=3.3.1 HTTP/1.1" 304 0 "-" "Mozilla/5.0 (X11; Linux x86_64) AppleWebKit/537.36 (KHTML, like Gecko) Chrome/131.0.0.0 Safari/537.36"
199.188.200.224 - - [17/Jun/2026:13:19:33 -0400] "POST /wp-cron.php?doing_wp_cron=1781716773.0854370594024658203125 HTTP/1.1" 200 0 "-" "WordPress/7.0; https://ssgifthouse.com"
199.188.200.224 - - [17/Jun/2026:13:22:59 -0400] "POST /wp-cron.php?doing_wp_cron=1781716979.3555650711059570312500 HTTP/1.1" 200 0 "-" "WordPress/7.0; https://ssgifthouse.com"
78.142.18.172 - - [17/Jun/2026:13:22:57 -0400] "GET /wp-login.php HTTP/1.1" 404 11619 "-" "Mozilla/5.0 (Macintosh; Intel Mac OS X 11_7_10) AppleWebKit/537.36 (KHTML, like Gecko) Chrome/133.0.0.0 Safari/537.36"
103.127.30.137 - - [17/Jun/2026:13:23:55 -0400] "GET /wp-login.php HTTP/1.1" 301 0 "-" "Mozilla/5.0 (Macintosh; Intel Mac OS X 10_15_7) AppleWebKit/537.36 (KHTML, like Gecko) Chrome/133.0.0.0 Safari/537.36 Edg/133.0.0.0"
162.254.36.150 - - [17/Jun/2026:13:29:32 -0400] "GET /wp-login.php HTTP/1.1" 301 0 "-" "Mozilla/5.0 (Windows NT 10.0) AppleWebKit/537.36 (KHTML, like Gecko) Chrome/133.0.0.0 Safari/537.36"
162.254.36.150 - admin [17/Jun/2026:13:29:43 -0400] "GET /wp-json/wp/v2/users/me HTTP/1.1" 401 96 "-" "Mozilla/5.0 (Windows NT 10.0; WOW64) AppleWebKit/537.36 (KHTML, like Gecko) Chrome/133.0.0.0 Safari/537.36"
31.24.155.180 - admin [17/Jun/2026:13:30:09 -0400] "GET /wp-json/wp/v2/users/me HTTP/1.1" 401 96 "-" "Mozilla/5.0 (Windows NT 10.0) AppleWebKit/537.36 (KHTML, like Gecko) Chrome/133.0.0.0 Safari/537.36"
78.142.18.172 - - [17/Jun/2026:13:30:10 -0400] "GET /wp-login.php HTTP/1.1" 404 11600 "-" "Mozilla/5.0 (Windows NT 10.0; WOW64) AppleWebKit/537.36 (KHTML, like Gecko) Chrome/133.0.0.0 Safari/537.36"
45.148.10.62 - - [17/Jun/2026:13:31:19 -0400] "GET / HTTP/1.1" 200 18986 "-" "Mozilla/5.0 (Windows NT 10.0; Win64; x64) AppleWebKit/537.36 (KHTML, like Gecko) Chrome/131.0.0.0 Safari/537.36"
45.148.10.62 - - [17/Jun/2026:13:31:20 -0400] "GET /wp-content/plugins/weather-effect/assets/js/christmas-snow/christmas-snow.js?ver=7.0 HTTP/1.1" 200 3402 "-" "Mozilla/5.0 (Macintosh; Intel Mac OS X 10_15_7) AppleWebKit/537.36 (KHTML, like Gecko) Chrome/131.0.0.0 Safari/537.36"
45.148.10.62 - - [17/Jun/2026:13:31:21 -0400] "GET /.env.save HTTP/1.1" 403 4995 "-" "Mozilla/5.0 (X11; Linux x86_64) AppleWebKit/537.36 (KHTML, like Gecko) Chrome/131.0.0.0 Safari/537.36"
45.148.10.62 - - [17/Jun/2026:13:31:21 -0400] "GET /wp-content/plugins/weather-effect/assets/js/snowfall-master/snowfall-master.min.js?ver=7.0 HTTP/1.1" 304 0 "-" "Mozilla/5.0 (Windows NT 10.0; Win64; x64; rv:133.0) Gecko/20100101 Firefox/133.0"
45.148.10.62 - - [17/Jun/2026:13:31:21 -0400] "GET /wp-content/plugins/woocommerce/assets/js/js-cookie/js.cookie.min.js?ver=2.1.4 HTTP/1.1" 200 899 "-" "Mozilla/5.0 (Windows NT 10.0; Win64; x64) AppleWebKit/537.36 (KHTML, like Gecko) Chrome/131.0.0.0 Safari/537.36"
45.148.10.62 - - [17/Jun/2026:13:31:21 -0400] "GET /wp-content/plugins/elementor-pro/assets/js/frontend.min.js?ver=3.0.9 HTTP/1.1" 304 0 "-" "Mozilla/5.0 (Windows NT 10.0; Win64; x64; rv:133.0) Gecko/20100101 Firefox/133.0"
45.148.10.62 - - [17/Jun/2026:13:31:21 -0400] "GET /wp-content/plugins/elementor-pro/assets/lib/smartmenus/jquery.smartmenus.min.js?ver=1.0.1 HTTP/1.1" 304 0 "-" "Mozilla/5.0 (Windows NT 10.0; Win64; x64; rv:133.0) Gecko/20100101 Firefox/133.0"
45.148.10.62 - - [17/Jun/2026:13:31:21 -0400] "GET /wp-content/plugins/elementor/assets/js/frontend-modules.min.js?ver=3.3.1 HTTP/1.1" 304 0 "-" "Mozilla/5.0 (Windows NT 10.0; Win64; x64; rv:133.0) Gecko/20100101 Firefox/133.0"
45.148.10.62 - - [17/Jun/2026:13:31:21 -0400] "GET /wp-content/plugins/elementor/assets/lib/swiper/swiper.min.js?ver=5.3.6 HTTP/1.1" 304 0 "-" "Mozilla/5.0 (X11; Linux x86_64) AppleWebKit/537.36 (KHTML, like Gecko) Chrome/131.0.0.0 Safari/537.36"
45.148.10.62 - - [17/Jun/2026:13:31:21 -0400] "GET /wp-content/plugins/woocommerce/assets/js/frontend/add-to-cart.min.js?ver=5.5.5 HTTP/1.1" 304 0 "-" "Mozilla/5.0 (Windows NT 10.0; Win64; x64) AppleWebKit/537.36 (KHTML, like Gecko) Chrome/131.0.0.0 Safari/537.36"
45.148.10.62 - - [17/Jun/2026:13:31:21 -0400] "GET /wp-includes/js/wp-util.min.js?ver=7.0 HTTP/1.1" 304 0 "-" "Mozilla/5.0 (Windows NT 10.0; Win64; x64; rv:133.0) Gecko/20100101 Firefox/133.0"
45.148.10.62 - - [17/Jun/2026:13:31:21 -0400] "GET /wp-content/plugins/elementor/assets/js/frontend.min.js?ver=3.3.1 HTTP/1.1" 304 0 "-" "Mozilla/5.0 (Windows NT 10.0; Win64; x64; rv:133.0) Gecko/20100101 Firefox/133.0"
45.148.10.62 - - [17/Jun/2026:13:31:21 -0400] "GET /wp-content/plugins/weather-effect/assets/js/snow-falling/snow-falling.js?ver=7.0 HTTP/1.1" 304 0 "-" "Mozilla/5.0 (Windows NT 10.0; Win64; x64) AppleWebKit/537.36 (KHTML, like Gecko) Chrome/131.0.0.0 Safari/537.36"
45.148.10.62 - - [17/Jun/2026:13:31:21 -0400] "GET /wp-content/plugins/contact-form-7/includes/js/index.js?ver=5.4.2 HTTP/1.1" 304 0 "-" "Mozilla/5.0 (Windows NT 10.0; Win64; x64; rv:133.0) Gecko/20100101 Firefox/133.0"
45.148.10.62 - - [17/Jun/2026:13:31:21 -0400] "GET /wp-includes/js/underscore.min.js?ver=1.13.8 HTTP/1.1" 200 7228 "-" "Mozilla/5.0 (Windows NT 10.0; Win64; x64; rv:133.0) Gecko/20100101 Firefox/133.0"
45.148.10.62 - - [17/Jun/2026:13:31:21 -0400] "GET /%22/cdn-cgi/scripts/5c5dd728/cloudflare-static/email-decode.min.js%22 HTTP/1.1" 301 0 "-" "Mozilla/5.0 (Windows NT 10.0; Win64; x64) AppleWebKit/537.36 (KHTML, like Gecko) Chrome/131.0.0.0 Safari/537.36"
45.148.10.62 - - [17/Jun/2026:13:31:21 -0400] "GET /.env.local HTTP/1.1" 403 4995 "-" "Mozilla/5.0 (Windows NT 10.0; Win64; x64; rv:133.0) Gecko/20100101 Firefox/133.0"
45.148.10.62 - - [17/Jun/2026:13:31:22 -0400] "GET /%22/cdn-cgi/scripts/5c5dd728/cloudflare-static/email-decode.min.js HTTP/1.1" 404 11634 "https://ssgifthouse.com/%22/cdn-cgi/scripts/5c5dd728/cloudflare-static/email-decode.min.js%22" "Mozilla/5.0 (Windows NT 10.0; Win64; x64) AppleWebKit/537.36 (KHTML, like Gecko) Chrome/131.0.0.0 Safari/537.36"
45.148.10.62 - - [17/Jun/2026:13:31:23 -0400] "GET /admin-panel/.env HTTP/1.1" 403 4995 "-" "Mozilla/5.0 (Windows NT 10.0; Win64; x64; rv:133.0) Gecko/20100101 Firefox/133.0"
45.148.10.62 - - [17/Jun/2026:13:31:23 -0400] "GET /credentials HTTP/1.1" 404 11553 "-" "Mozilla/5.0 (Macintosh; Intel Mac OS X 10_15_7) AppleWebKit/537.36 (KHTML, like Gecko) Chrome/131.0.0.0 Safari/537.36"
45.148.10.62 - - [17/Jun/2026:13:31:24 -0400] "GET /.env.staging HTTP/1.1" 403 4995 "-" "Mozilla/5.0 (X11; Linux x86_64) AppleWebKit/537.36 (KHTML, like Gecko) Chrome/131.0.0.0 Safari/537.36"
45.148.10.62 - - [17/Jun/2026:13:31:24 -0400] "GET /.env.backup HTTP/1.1" 403 4995 "-" "Mozilla/5.0 (Windows NT 10.0; Win64; x64; rv:133.0) Gecko/20100101 Firefox/133.0"
45.148.10.62 - - [17/Jun/2026:13:31:25 -0400] "GET /.env.tmp HTTP/1.1" 403 4995 "-" "Mozilla/5.0 (Windows NT 10.0; Win64; x64; rv:133.0) Gecko/20100101 Firefox/133.0"
45.148.10.62 - - [17/Jun/2026:13:31:25 -0400] "GET /.env.php.bak HTTP/1.1" 403 4995 "-" "Mozilla/5.0 (Windows NT 10.0; Win64; x64) AppleWebKit/537.36 (KHTML, like Gecko) Chrome/131.0.0.0 Safari/537.36"
45.148.10.62 - - [17/Jun/2026:13:31:26 -0400] "GET /.env.txt HTTP/1.1" 403 4995 "-" "Mozilla/5.0 (Windows NT 10.0; Win64; x64) AppleWebKit/537.36 (KHTML, like Gecko) Chrome/131.0.0.0 Safari/537.36"
45.148.10.62 - - [17/Jun/2026:13:31:26 -0400] "GET /.env.prod HTTP/1.1" 403 4995 "-" "Mozilla/5.0 (X11; Linux x86_64) AppleWebKit/537.36 (KHTML, like Gecko) Chrome/131.0.0.0 Safari/537.36"
199.188.200.224 - - [17/Jun/2026:13:31:27 -0400] "POST /wp-cron.php?doing_wp_cron=1781717487.1045720577239990234375 HTTP/1.1" 200 0 "-" "WordPress/7.0; https://ssgifthouse.com"
45.148.10.62 - - [17/Jun/2026:13:31:27 -0400] "GET /admin/.env HTTP/1.1" 403 4995 "-" "Mozilla/5.0 (X11; Linux x86_64) AppleWebKit/537.36 (KHTML, like Gecko) Chrome/131.0.0.0 Safari/537.36"
45.148.10.62 - - [17/Jun/2026:13:31:27 -0400] "GET /.git/config HTTP/1.1" 403 72 "-" "Mozilla/5.0 (Windows NT 10.0; Win64; x64) AppleWebKit/537.36 (KHTML, like Gecko) Chrome/131.0.0.0 Safari/537.36"
45.148.10.62 - - [17/Jun/2026:13:31:21 -0400] "GET /wp-content/themes/hello-elementor/assets/js/hello-frontend.min.js?ver=1.0.0 HTTP/1.1" 304 0 "-" "Mozilla/5.0 (Windows NT 10.0; Win64; x64) AppleWebKit/537.36 (KHTML, like Gecko) Chrome/131.0.0.0 Safari/537.36"
45.148.10.62 - - [17/Jun/2026:13:31:21 -0400] "GET /wp-includes/js/jquery/jquery.min.js?ver=3.7.1 HTTP/1.1" 304 0 "-" "Mozilla/5.0 (Windows NT 10.0; Win64; x64) AppleWebKit/537.36 (KHTML, like Gecko) Chrome/131.0.0.0 Safari/537.36"
45.148.10.62 - - [17/Jun/2026:13:31:21 -0400] "GET /wp-includes/js/jquery/ui/core.min.js?ver=1.13.3 HTTP/1.1" 200 6812 "-" "Mozilla/5.0 (Macintosh; Intel Mac OS X 10_15_7) AppleWebKit/537.36 (KHTML, like Gecko) Chrome/131.0.0.0 Safari/537.36"
45.148.10.62 - - [17/Jun/2026:13:31:21 -0400] "GET /wp-content/plugins/wpforms-lite/assets/js/integrations/elementor/frontend.min.js?ver=1.8.2.3 HTTP/1.1" 304 0 "-" "Mozilla/5.0 (Macintosh; Intel Mac OS X 10_15_7) AppleWebKit/537.36 (KHTML, like Gecko) Chrome/131.0.0.0 Safari/537.36"
45.148.10.62 - - [17/Jun/2026:13:31:21 -0400] "GET /wp-content/plugins/elementor/assets/lib/dialog/dialog.min.js?ver=4.8.1 HTTP/1.1" 304 0 "-" "Mozilla/5.0 (Windows NT 10.0; Win64; x64) AppleWebKit/537.36 (KHTML, like Gecko) Chrome/131.0.0.0 Safari/537.36"
45.148.10.62 - - [17/Jun/2026:13:31:21 -0400] "GET /wp-content/plugins/elementor/assets/lib/share-link/share-link.min.js?ver=3.3.1 HTTP/1.1" 304 0 "-" "Mozilla/5.0 (Windows NT 10.0; Win64; x64) AppleWebKit/537.36 (KHTML, like Gecko) Chrome/131.0.0.0 Safari/537.36"
45.148.10.62 - - [17/Jun/2026:13:31:21 -0400] "GET /wp-content/plugins/elementor/assets/lib/waypoints/waypoints.min.js?ver=4.0.2 HTTP/1.1" 304 0 "-" "Mozilla/5.0 (X11; Linux x86_64) AppleWebKit/537.36 (KHTML, like Gecko) Chrome/131.0.0.0 Safari/537.36"
45.148.10.62 - - [17/Jun/2026:13:31:21 -0400] "GET / HTTP/1.1" 200 18986 "-" "Mozilla/5.0 (Windows NT 10.0; Win64; x64; rv:133.0) Gecko/20100101 Firefox/133.0"
45.148.10.62 - - [17/Jun/2026:13:31:22 -0400] "GET /backend/.env HTTP/1.1" 403 4995 "-" "Mozilla/5.0 (X11; Linux x86_64) AppleWebKit/537.36 (KHTML, like Gecko) Chrome/131.0.0.0 Safari/537.36"
45.148.10.62 - - [17/Jun/2026:13:31:23 -0400] "GET /test.php HTTP/1.1" 404 11587 "-" "Mozilla/5.0 (Windows NT 10.0; Win64; x64; rv:133.0) Gecko/20100101 Firefox/133.0"
45.148.10.62 - - [17/Jun/2026:13:31:24 -0400] "GET /.env.orig HTTP/1.1" 403 4995 "-" "Mozilla/5.0 (Macintosh; Intel Mac OS X 10_15_7) AppleWebKit/537.36 (KHTML, like Gecko) Chrome/131.0.0.0 Safari/537.36"
45.148.10.62 - - [17/Jun/2026:13:31:25 -0400] "GET /.env.old HTTP/1.1" 403 4995 "-" "Mozilla/5.0 (Macintosh; Intel Mac OS X 10_15_7) AppleWebKit/537.36 (KHTML, like Gecko) Chrome/131.0.0.0 Safari/537.36"
45.148.10.62 - - [17/Jun/2026:13:31:25 -0400] "GET /.env.php HTTP/1.1" 403 4995 "-" "Mozilla/5.0 (Windows NT 10.0; Win64; x64; rv:133.0) Gecko/20100101 Firefox/133.0"
45.148.10.62 - - [17/Jun/2026:13:31:26 -0400] "GET /.env.dev HTTP/1.1" 403 4995 "-" "Mozilla/5.0 (Macintosh; Intel Mac OS X 10_15_7) AppleWebKit/537.36 (KHTML, like Gecko) Chrome/131.0.0.0 Safari/537.36"
45.148.10.62 - - [17/Jun/2026:13:31:26 -0400] "GET /config.json.save HTTP/1.1" 404 11587 "-" "Mozilla/5.0 (Windows NT 10.0; Win64; x64) AppleWebKit/537.36 (KHTML, like Gecko) Chrome/131.0.0.0 Safari/537.36"
45.148.10.62 - - [17/Jun/2026:13:31:28 -0400] "GET /config.php HTTP/1.1" 404 11591 "-" "Mozilla/5.0 (Windows NT 10.0; Win64; x64; rv:133.0) Gecko/20100101 Firefox/133.0"
45.148.10.62 - - [17/Jun/2026:13:31:28 -0400] "GET /config.php.bak HTTP/1.1" 404 11591 "-" "Mozilla/5.0 (Windows NT 10.0; Win64; x64; rv:133.0) Gecko/20100101 Firefox/133.0"
