45.148.10.62 - - [17/Jun/2026:13:31:31 -0400] "GET /aws-config.js HTTP/1.1" 404 11588 "-" "Mozilla/5.0 (Macintosh; Intel Mac OS X 10_15_7) AppleWebKit/537.36 (KHTML, like Gecko) Chrome/131.0.0.0 Safari/537.36"
45.148.10.62 - - [17/Jun/2026:13:31:32 -0400] "GET /phpinfo.php HTTP/1.1" 404 11554 "-" "Mozilla/5.0 (Windows NT 10.0; Win64; x64; rv:133.0) Gecko/20100101 Firefox/133.0"
45.148.10.62 - - [17/Jun/2026:13:31:29 -0400] "GET /config.js HTTP/1.1" 404 11573 "-" "Mozilla/5.0 (Windows NT 10.0; Win64; x64; rv:133.0) Gecko/20100101 Firefox/133.0"
45.148.10.62 - - [17/Jun/2026:13:31:32 -0400] "GET /aws.config.js HTTP/1.1" 404 11589 "-" "Mozilla/5.0 (Macintosh; Intel Mac OS X 10_15_7) AppleWebKit/537.36 (KHTML, like Gecko) Chrome/131.0.0.0 Safari/537.36"
199.188.200.224 - - [17/Jun/2026:13:32:57 -0400] "POST /wp-cron.php?doing_wp_cron=1781717577.1192901134490966796875 HTTP/1.1" 200 0 "-" "WordPress/7.0; https://ssgifthouse.com"
54.91.122.193 - - [17/Jun/2026:13:32:56 -0400] "GET / HTTP/1.1" 301 0 "-" "Mozilla/5.0 AppleWebKit/537.36 (KHTML, like Gecko; compatible; Amazonbot/0.1; +https://developer.amazon.com/support/amazonbot) Chrome/119.0.6045.214 Safari/537.36"
74.7.241.187 - - [17/Jun/2026:13:31:46 -0400] "GET /robots.txt HTTP/1.1" 200 105 "-" "Mozilla/5.0 (Macintosh; Intel Mac OS X 10_15_7) AppleWebKit/537.36 (KHTML, like Gecko) Chrome/131.0.0.0 Safari/537.36; compatible; OAI-SearchBot/1.4; robots.txt; +https://openai.com/searchbot"
74.7.242.149 - - [17/Jun/2026:13:31:46 -0400] "GET / HTTP/1.1" 200 18986 "-" "Mozilla/5.0 (Macintosh; Intel Mac OS X 10_15_7) AppleWebKit/537.36 (KHTML, like Gecko) Chrome/131.0.0.0 Safari/537.36; compatible; OAI-SearchBot/1.4; +https://openai.com/searchbot"
18.206.47.187 - - [17/Jun/2026:13:32:57 -0400] "GET / HTTP/1.1" 200 18986 "-" "Mozilla/5.0 AppleWebKit/537.36 (KHTML, like Gecko; compatible; Amazonbot/0.1; +https://developer.amazon.com/support/amazonbot) Chrome/119.0.6045.214 Safari/537.36"
199.188.200.224 - - [17/Jun/2026:13:39:43 -0400] "POST /wp-cron.php?doing_wp_cron=1781717983.3215970993041992187500 HTTP/1.1" 200 0 "-" "WordPress/7.0; https://ssgifthouse.com"
162.254.36.150 - - [17/Jun/2026:13:39:41 -0400] "GET /wp-login.php HTTP/1.1" 404 11619 "-" "Mozilla/5.0 (X11; CrOS x86_64 14541.0.0) AppleWebKit/537.36 (KHTML, like Gecko) Chrome/133.0.0.0 Safari/537.36"
87.192.224.131 - - [17/Jun/2026:13:43:25 -0400] "GET /wp-login.php HTTP/1.1" 301 0 "-" "Mozilla/5.0 (Macintosh; Intel Mac OS X 10_15_7) AppleWebKit/537.36 (KHTML, like Gecko) Chrome/133.0.0.0 Safari/537.36"
87.192.224.131 - - [17/Jun/2026:13:43:27 -0400] "GET /-/-/-/-/-/-/-/-/-/-/ HTTP/1.1" 404 11619 "https://www.ssgifthouse.com/wp-login.php" "Mozilla/5.0 (Macintosh; Intel Mac OS X 10_15_7) AppleWebKit/537.36 (KHTML, like Gecko) Chrome/133.0.0.0 Safari/537.36"
162.254.36.150 - admin [17/Jun/2026:13:45:51 -0400] "GET /wp-json/wp/v2/users/me HTTP/1.1" 401 96 "-" "Mozilla/5.0 (Windows NT 10.0; Win64; x64) AppleWebKit/537.36 (KHTML, like Gecko) Chrome/133.0.0.0 Safari/537.36"
158.247.200.150 - - [17/Jun/2026:13:39:44 -0400] "GET /wp-login.php HTTP/1.1" 404 11619 "-" "Mozilla/5.0 (X11; Fedora; Linux x86_64) AppleWebKit/537.36 (KHTML, like Gecko) Chrome/133.0.0.0 Safari/537.36"
199.188.200.224 - - [17/Jun/2026:13:43:06 -0400] "POST /wp-cron.php?doing_wp_cron=1781718186.6750578880310058593750 HTTP/1.1" 200 0 "-" "WordPress/7.0; https://ssgifthouse.com"
88.116.162.103 - - [17/Jun/2026:13:43:04 -0400] "GET /wp-login.php HTTP/1.1" 404 11619 "-" "Mozilla/5.0 (Windows NT 10.0; WOW64) AppleWebKit/537.36 (KHTML, like Gecko) Chrome/133.0.0.0 Safari/537.36"
199.188.200.224 - - [17/Jun/2026:13:43:27 -0400] "POST /wp-cron.php?doing_wp_cron=1781718207.4365789890289306640625 HTTP/1.1" 200 0 "-" "WordPress/7.0; https://ssgifthouse.com"
199.188.200.224 - - [17/Jun/2026:13:45:53 -0400] "POST /wp-cron.php?doing_wp_cron=1781718353.1507411003112792968750 HTTP/1.1" 200 0 "-" "WordPress/7.0; https://ssgifthouse.com"
199.188.200.224 - - [17/Jun/2026:13:49:32 -0400] "POST /wp-cron.php?doing_wp_cron=1781718572.2809650897979736328125 HTTP/1.1" 200 0 "-" "WordPress/7.0; https://ssgifthouse.com"
103.143.207.18 - - [17/Jun/2026:13:49:30 -0400] "GET /wp-login.php HTTP/1.1" 404 11600 "-" "Mozilla/5.0 (Macintosh; Intel Mac OS X 11_7_10) AppleWebKit/537.36 (KHTML, like Gecko) Chrome/133.0.0.0 Safari/537.36"
41.79.235.70 - - [17/Jun/2026:13:49:33 -0400] "GET /wp-login.php HTTP/1.1" 404 11600 "-" "Mozilla/5.0 (Macintosh; Intel Mac OS X 10_15_7) AppleWebKit/605.1.15 (KHTML, like Gecko) Version/18.3 Safari/605.1.15"
199.188.200.224 - - [17/Jun/2026:13:53:56 -0400] "POST /wp-cron.php?doing_wp_cron=1781718836.0471239089965820312500 HTTP/1.1" 200 0 "-" "WordPress/7.0; https://ssgifthouse.com"
66.249.66.37 - - [17/Jun/2026:13:53:54 -0400] "GET /product/wonders-of-the-orient/ HTTP/1.1" 200 16013 "-" "Mozilla/5.0 (Linux; Android 6.0.1; Nexus 5X Build/MMB29P) AppleWebKit/537.36 (KHTML, like Gecko) Chrome/148.0.7778.96 Mobile Safari/537.36 (compatible; Googlebot/2.1; +http://www.google.com/bot.html)"
199.188.200.224 - - [17/Jun/2026:13:55:57 -0400] "POST /wp-cron.php?doing_wp_cron=1781718957.7925500869750976562500 HTTP/1.1" 200 0 "-" "WordPress/7.0; https://ssgifthouse.com"
62.60.130.235 - - [17/Jun/2026:13:55:56 -0400] "GET /wp-content/plugins/whmcs-bridge/whmcs-bridge.php HTTP/1.1" 404 11617 "-" "Mozilla/5.0 (Windows NT 10.0; Win64; x64) AppleWebKit/537.36"
199.188.200.224 - - [17/Jun/2026:13:58:28 -0400] "POST /wp-cron.php?doing_wp_cron=1781719108.5242791175842285156250 HTTP/1.1" 200 0 "-" "WordPress/7.0; https://ssgifthouse.com"
148.113.128.193 - - [17/Jun/2026:13:58:34 -0400] "GET /sitemap.rss HTTP/1.1" 200 1812 "-" "Mozilla/5.0 (compatible; AhrefsBot/7.0; +http://ahrefs.com/robot/)"
199.188.200.224 - - [17/Jun/2026:14:02:58 -0400] "POST /wp-cron.php?doing_wp_cron=1781719378.4299499988555908203125 HTTP/1.1" 200 0 "-" "WordPress/7.0; https://ssgifthouse.com"
209.74.93.184 - - [17/Jun/2026:14:03:26 -0400] "GET /wp-login.php HTTP/1.1" 301 0 "-" "Mozilla/5.0 (Windows NT 10.0; WOW64) AppleWebKit/537.36 (KHTML, like Gecko) Chrome/133.0.0.0 Safari/537.36"
209.74.93.184 - - [17/Jun/2026:14:03:28 -0400] "GET /-/-/-/-/-/-/-/-/-/-/ HTTP/1.1" 404 11619 "https://www.ssgifthouse.com/wp-login.php" "Mozilla/5.0 (Windows NT 10.0; WOW64) AppleWebKit/537.36 (KHTML, like Gecko) Chrome/133.0.0.0 Safari/537.36"
2a03:2880:f800:6:: - - [17/Jun/2026:14:03:56 -0400] "GET /product_tag-sitemap.xml HTTP/1.1" 200 372 "-" "meta-externalagent/1.1 (+https://developers.facebook.com/docs/sharing/webmasters/crawler)"
2a03:2880:f800:14:: - - [17/Jun/2026:14:04:01 -0400] "GET /%5BCDATA%5Bhttps:/ssgifthouse.com/product-tag/red/%5D%5D HTTP/1.1" 404 11626 "-" "meta-externalagent/1.1 (+https://developers.facebook.com/docs/sharing/webmasters/crawler)"
104.37.86.14 - - [17/Jun/2026:14:05:37 -0400] "GET /wp-login.php HTTP/1.1" 301 0 "-" "Mozilla/5.0 (X11; Linux x86_64; rv:133.0) Gecko/20100101 Firefox/133.0"
142.44.220.222 - - [17/Jun/2026:14:09:10 -0400] "GET /post-sitemap.xml HTTP/1.1" 200 359 "-" "Mozilla/5.0 (compatible; AhrefsBot/7.0; +http://ahrefs.com/robot/)"
54.39.136.94 - - [17/Jun/2026:14:09:13 -0400] "GET /elementor_library-sitemap.xml HTTP/1.1" 200 903 "-" "Mozilla/5.0 (compatible; AhrefsBot/7.0; +http://ahrefs.com/robot/)"
51.161.65.163 - - [17/Jun/2026:14:09:17 -0400] "GET /elementor-hf-sitemap.xml HTTP/1.1" 200 485 "-" "Mozilla/5.0 (compatible; AhrefsBot/7.0; +http://ahrefs.com/robot/)"
190.92.141.186 - - [17/Jun/2026:13:58:27 -0400] "GET /wp-login.php HTTP/1.1" 404 11619 "-" "Mozilla/5.0 (X11; Ubuntu; Linux x86_64) AppleWebKit/537.36 (KHTML, like Gecko) Chrome/133.0.0.0 Safari/537.36"
162.254.36.150 - - [17/Jun/2026:14:02:56 -0400] "GET /wp-login.php HTTP/1.1" 404 11619 "-" "Mozilla/5.0 (X11; CrOS x86_64 14541.0.0) AppleWebKit/537.36 (KHTML, like Gecko) Chrome/133.0.0.0 Safari/537.36"
213.171.208.62 - - [17/Jun/2026:14:02:58 -0400] "GET /wp-login.php HTTP/1.1" 404 11619 "-" "Mozilla/5.0 (X11; Linux x86_64; rv:133.0) Gecko/20100101 Firefox/133.0"
173.236.215.92 - - [17/Jun/2026:14:03:24 -0400] "GET /wp-login.php HTTP/1.1" 301 0 "-" "Mozilla/5.0 (Windows NT 10.0) AppleWebKit/537.36 (KHTML, like Gecko) Chrome/133.0.0.0 Safari/537.36"
173.236.215.92 - - [17/Jun/2026:14:03:25 -0400] "GET /-/-/-/-/-/-/-/-/-/-/ HTTP/1.1" 404 11619 "https://www.ssgifthouse.com/wp-login.php" "Mozilla/5.0 (Windows NT 10.0) AppleWebKit/537.36 (KHTML, like Gecko) Chrome/133.0.0.0 Safari/537.36"
199.188.200.224 - - [17/Jun/2026:14:03:27 -0400] "POST /wp-cron.php?doing_wp_cron=1781719407.0838398933410644531250 HTTP/1.1" 200 0 "-" "WordPress/7.0; https://ssgifthouse.com"
74.7.242.149 - - [17/Jun/2026:14:03:55 -0400] "GET /wp-content/uploads/2021/07/menu-bottom.png HTTP/1.1" 200 14043 "https://ssgifthouse.com/" "Mozilla/5.0 (Macintosh; Intel Mac OS X 10_15_7) AppleWebKit/537.36 (KHTML, like Gecko) Chrome/131.0.0.0 Safari/537.36; compatible; OAI-SearchBot/1.4; +https://openai.com/searchbot"
74.7.243.20 - - [17/Jun/2026:14:03:59 -0400] "GET /wp-content/uploads/2021/07/menu-top.png HTTP/1.1" 200 17777 "https://ssgifthouse.com/" "Mozilla/5.0 (Macintosh; Intel Mac OS X 10_15_7) AppleWebKit/537.36 (KHTML, like Gecko) Chrome/131.0.0.0 Safari/537.36; compatible; OAI-SearchBot/1.4; +https://openai.com/searchbot"
2a03:2880:f806:41:: - - [17/Jun/2026:14:04:03 -0400] "GET /%5BCDATA%5Bhttps:/ssgifthouse.com/product-tag/roses/%5D%5D HTTP/1.1" 404 11621 "-" "meta-externalagent/1.1 (+https://developers.facebook.com/docs/sharing/webmasters/crawler)"
213.171.208.62 - - [17/Jun/2026:14:05:37 -0400] "GET /wp-login.php HTTP/1.1" 301 0 "-" "Mozilla/5.0 (X11; Ubuntu; Linux x86_64; rv:133.0) Gecko/20100101 Firefox/133.0"
199.188.200.224 - - [17/Jun/2026:14:05:38 -0400] "POST /wp-cron.php?doing_wp_cron=1781719538.3061070442199707031250 HTTP/1.1" 200 0 "-" "WordPress/7.0; https://ssgifthouse.com"
213.171.208.62 - - [17/Jun/2026:14:05:39 -0400] "GET /-/-/-/-/-/-/-/-/-/-/ HTTP/1.1" 404 11619 "https://www.ssgifthouse.com/wp-login.php" "Mozilla/5.0 (X11; Ubuntu; Linux x86_64; rv:133.0) Gecko/20100101 Firefox/133.0"
104.37.86.14 - - [17/Jun/2026:14:05:41 -0400] "GET /-/-/-/-/-/-/-/-/-/-/ HTTP/1.1" 404 11619 "https://www.ssgifthouse.com/wp-login.php" "Mozilla/5.0 (X11; Linux x86_64; rv:133.0) Gecko/20100101 Firefox/133.0"
199.188.200.224 - - [17/Jun/2026:14:09:08 -0400] "POST /wp-cron.php?doing_wp_cron=1781719748.3899130821228027343750 HTTP/1.1" 200 0 "-" "WordPress/7.0; https://ssgifthouse.com"
148.113.130.251 - - [17/Jun/2026:14:09:06 -0400] "GET /sitemap.xml HTTP/1.1" 200 401 "-" "Mozilla/5.0 (compatible; AhrefsBot/7.0; +http://ahrefs.com/robot/)"
15.235.98.228 - - [17/Jun/2026:14:09:12 -0400] "GET /page-sitemap.xml HTTP/1.1" 200 920 "-" "Mozilla/5.0 (compatible; AhrefsBot/7.0; +http://ahrefs.com/robot/)"
51.222.95.59 - - [17/Jun/2026:14:09:15 -0400] "GET /product-sitemap.xml HTTP/1.1" 200 2333 "-" "Mozilla/5.0 (compatible; AhrefsBot/7.0; +http://ahrefs.com/robot/)"
142.44.220.69 - - [17/Jun/2026:14:09:19 -0400] "GET /category-sitemap.xml HTTP/1.1" 200 366 "-" "Mozilla/5.0 (compatible; AhrefsBot/7.0; +http://ahrefs.com/robot/)"
148.113.128.194 - - [17/Jun/2026:14:09:20 -0400] "GET /product_cat-sitemap.xml HTTP/1.1" 200 527 "-" "Mozilla/5.0 (compatible; AhrefsBot/7.0; +http://ahrefs.com/robot/)"
54.39.6.239 - - [17/Jun/2026:14:09:22 -0400] "GET /product_tag-sitemap.xml HTTP/1.1" 200 372 "-" "Mozilla/5.0 (compatible; AhrefsBot/7.0; +http://ahrefs.com/robot/)"
198.235.24.134 - - [17/Jun/2026:14:12:12 -0400] "GET /wp-login.php HTTP/1.1" 404 11619 "-" "Hello from Palo Alto Networks, find out more about our scans in https://docs-cortex.paloaltonetworks.com/r/1/Cortex-Xpanse/Scanning-activity"
20.153.140.50 - - [17/Jun/2026:14:24:28 -0400] "GET /wp-login.php HTTP/1.1" 404 11617 "-" "Mozilla/5.0 (X11; Linux x86_64) AppleWebKit/537.36 (KHTML, like Gecko) Chrome/133.0.0.0 Safari/537.36"
199.188.200.224 - - [17/Jun/2026:14:24:29 -0400] "POST /wp-cron.php?doing_wp_cron=1781720669.0121130943298339843750 HTTP/1.1" 200 0 "-" "WordPress/7.0; https://ssgifthouse.com"
78.142.18.172 - - [17/Jun/2026:14:24:52 -0400] "GET /wp-login.php HTTP/1.1" 301 0 "-" "Mozilla/5.0 (Windows NT 10.0; Win64; x64) AppleWebKit/537.36 (KHTML, like Gecko) Chrome/133.0.0.0 Safari/537.36 Edg/133.0.0.0"
78.142.18.172 - - [17/Jun/2026:14:24:53 -0400] "GET /-/-/-/-/-/-/-/-/-/-/ HTTP/1.1" 404 11617 "https://www.ssgifthouse.com/wp-login.php" "Mozilla/5.0 (Windows NT 10.0; Win64; x64) AppleWebKit/537.36 (KHTML, like Gecko) Chrome/133.0.0.0 Safari/537.36 Edg/133.0.0.0"
199.188.200.224 - - [17/Jun/2026:14:10:04 -0400] "POST /wp-cron.php?doing_wp_cron=1781719804.7068181037902832031250 HTTP/1.1" 200 0 "-" "WordPress/7.0; https://ssgifthouse.com"
103.127.30.137 - - [17/Jun/2026:14:10:04 -0400] "GET /wp-login.php HTTP/1.1" 404 11600 "-" "Mozilla/5.0 (X11; Ubuntu; Linux x86_64) AppleWebKit/537.36 (KHTML, like Gecko) Chrome/133.0.0.0 Safari/537.36"
41.79.235.70 - - [17/Jun/2026:14:10:09 -0400] "GET /wp-login.php HTTP/1.1" 404 11600 "-" "Mozilla/5.0 (X11; Linux i686) AppleWebKit/537.36 (KHTML, like Gecko) Chrome/133.0.0.0 Safari/537.36"
199.188.200.224 - - [17/Jun/2026:14:12:14 -0400] "POST /wp-cron.php?doing_wp_cron=1781719934.0515251159667968750000 HTTP/1.1" 200 0 "-" "WordPress/7.0; https://ssgifthouse.com"
199.188.200.224 - - [17/Jun/2026:14:20:09 -0400] "POST /wp-cron.php?doing_wp_cron=1781720409.4946129322052001953125 HTTP/1.1" 200 0 "-" "WordPress/7.0; https://ssgifthouse.com"
5.223.57.143 - - [17/Jun/2026:14:20:07 -0400] "GET /wp-login.php HTTP/1.1" 404 11619 "-" "Mozilla/5.0 (X11; Linux x86_64) AppleWebKit/537.36 (KHTML, like Gecko) Chrome/133.0.0.0 Safari/537.36"
116.203.220.114 - - [17/Jun/2026:14:24:27 -0400] "GET /wp-login.php HTTP/1.1" 404 11619 "-" "Mozilla/5.0 (X11; Linux x86_64) AppleWebKit/537.36 (KHTML, like Gecko) Chrome/133.0.0.0 Safari/537.36 Edg/133.0.0.0"
199.188.200.224 - - [17/Jun/2026:14:27:36 -0400] "POST /wp-cron.php?doing_wp_cron=1781720856.6509890556335449218750 HTTP/1.1" 200 0 "-" "WordPress/7.0; https://ssgifthouse.com"
43.135.142.37 - - [17/Jun/2026:14:27:35 -0400] "GET / HTTP/1.1" 200 18986 "http://ssgifthouse.com" "Mozilla/5.0 (iPhone; CPU iPhone OS 13_2_3 like Mac OS X) AppleWebKit/605.1.15 (KHTML, like Gecko) Version/13.0.3 Mobile/15E148 Safari/604.1"
64.225.121.94 - - [17/Jun/2026:14:30:32 -0400] "GET /wp-login.php HTTP/1.1" 404 11600 "-" "Mozilla/5.0 (X11; Ubuntu; Linux x86_64; rv:133.0) Gecko/20100101 Firefox/133.0"
199.188.200.224 - - [17/Jun/2026:14:26:48 -0400] "POST /wp-cron.php?doing_wp_cron=1781720808.6976919174194335937500 HTTP/1.1" 200 0 "-" "WordPress/7.0; https://ssgifthouse.com"
162.254.36.150 - admin [17/Jun/2026:14:26:47 -0400] "GET /wp-json/wp/v2/users/me HTTP/1.1" 401 96 "-" "Mozilla/5.0 (X11; CrOS x86_64 14541.0.0) AppleWebKit/537.36 (KHTML, like Gecko) Chrome/133.0.0.0 Safari/537.36"
199.188.200.224 - - [17/Jun/2026:14:30:34 -0400] "POST /wp-cron.php?doing_wp_cron=1781721034.0510749816894531250000 HTTP/1.1" 200 0 "-" "WordPress/7.0; https://ssgifthouse.com"
199.188.200.224 - - [17/Jun/2026:14:38:23 -0400] "POST /wp-cron.php?doing_wp_cron=1781721503.2305989265441894531250 HTTP/1.1" 200 0 "-" "WordPress/7.0; https://ssgifthouse.com"
162.254.36.150 - - [17/Jun/2026:14:38:21 -0400] "GET /wp-login.php HTTP/1.1" 404 11619 "-" "Mozilla/5.0 (Macintosh; Intel Mac OS X 11_7_10) AppleWebKit/537.36 (KHTML, like Gecko) Chrome/133.0.0.0 Safari/537.36"
199.188.200.224 - - [17/Jun/2026:14:42:53 -0400] "POST /wp-cron.php?doing_wp_cron=1781721773.0744929313659667968750 HTTP/1.1" 200 0 "-" "WordPress/7.0; https://ssgifthouse.com"
188.240.191.168 - - [17/Jun/2026:14:42:51 -0400] "GET /wp-login.php HTTP/1.1" 301 0 "-" "Mozilla/5.0 (X11; Ubuntu; Linux x86_64; rv:133.0) Gecko/20100101 Firefox/133.0"
188.240.191.168 - - [17/Jun/2026:14:42:54 -0400] "GET /-/-/-/-/-/-/-/-/-/-/ HTTP/1.1" 404 11619 "https://www.ssgifthouse.com/wp-login.php" "Mozilla/5.0 (X11; Ubuntu; Linux x86_64; rv:133.0) Gecko/20100101 Firefox/133.0"
51.79.65.194 - - [17/Jun/2026:14:38:22 -0400] "GET /wp-login.php HTTP/1.1" 404 11619 "-" "Mozilla/5.0 (Macintosh; Intel Mac OS X 10_15_7) AppleWebKit/605.1.15 (KHTML, like Gecko) Version/18.3 Safari/605.1.15"
185.237.234.64 - - [17/Jun/2026:14:45:19 -0400] "GET /wp-login.php HTTP/1.1" 301 0 "-" "Mozilla/5.0 (X11; Ubuntu; Linux x86_64) AppleWebKit/537.36 (KHTML, like Gecko) Chrome/133.0.0.0 Safari/537.36"
199.188.200.224 - - [17/Jun/2026:14:45:19 -0400] "POST /wp-cron.php?doing_wp_cron=1781721919.2798180580139160156250 HTTP/1.1" 200 0 "-" "WordPress/7.0; https://ssgifthouse.com"
209.74.93.184 - - [17/Jun/2026:14:45:18 -0400] "GET /wp-login.php HTTP/1.1" 301 0 "-" "Mozilla/5.0 (X11; Linux i686) AppleWebKit/537.36 (KHTML, like Gecko) Chrome/133.0.0.0 Safari/537.36"
209.74.93.184 - - [17/Jun/2026:14:45:20 -0400] "GET /-/-/-/-/-/-/-/-/-/-/ HTTP/1.1" 404 11619 "https://www.ssgifthouse.com/wp-login.php" "Mozilla/5.0 (X11; Linux i686) AppleWebKit/537.36 (KHTML, like Gecko) Chrome/133.0.0.0 Safari/537.36"
185.237.234.64 - - [17/Jun/2026:14:45:20 -0400] "GET /-/-/-/-/-/-/-/-/-/-/ HTTP/1.1" 404 11619 "https://www.ssgifthouse.com/wp-login.php" "Mozilla/5.0 (X11; Ubuntu; Linux x86_64) AppleWebKit/537.36 (KHTML, like Gecko) Chrome/133.0.0.0 Safari/537.36"
199.188.200.224 - - [17/Jun/2026:14:48:40 -0400] "POST /wp-cron.php?doing_wp_cron=1781722120.1575529575347900390625 HTTP/1.1" 200 0 "-" "WordPress/7.0; https://ssgifthouse.com"
74.7.241.191 - - [17/Jun/2026:14:48:38 -0400] "GET /robots.txt HTTP/1.1" 301 0 "http://www.ssgifthouse.com/robots.txt" "Mozilla/5.0 (Macintosh; Intel Mac OS X 10_15_7) AppleWebKit/537.36 (KHTML, like Gecko) Chrome/131.0.0.0 Safari/537.36; compatible; OAI-SearchBot/1.4; robots.txt; +https://openai.com/searchbot"
74.7.241.60 - - [17/Jun/2026:14:48:40 -0400] "GET / HTTP/1.1" 301 0 "http://www.ssgifthouse.com" "Mozilla/5.0 AppleWebKit/537.36 (KHTML, like Gecko; compatible; GPTBot/1.4; +https://openai.com/gptbot)"
199.188.200.224 - - [17/Jun/2026:14:50:36 -0400] "POST /wp-cron.php?doing_wp_cron=1781722235.9767138957977294921875 HTTP/1.1" 200 0 "-" "WordPress/7.0; https://ssgifthouse.com"
34.16.3.216 - - [17/Jun/2026:14:50:37 -0400] "HEAD /blog/ HTTP/1.1" 404 0 "http://ssgifthouse.com/blog/" "Mozilla/5.0 (Macintosh; Intel Mac OS X 13_5) AppleWebKit/605.1.15 (KHTML, like Gecko) Version/16.5 Safari/605.1.15"
34.16.3.216 - - [17/Jun/2026:14:50:37 -0400] "HEAD /new/ HTTP/1.1" 404 0 "http://ssgifthouse.com/new/" "Mozilla/5.0 (Linux; Android 11; moto g31) AppleWebKit/537.36 (KHTML, like Gecko) Chrome/122.0.6261.96 Mobile Safari/537.36"
199.188.200.224 - - [17/Jun/2026:14:53:53 -0400] "POST /wp-cron.php?doing_wp_cron=1781722433.0386290550231933593750 HTTP/1.1" 200 0 "-" "WordPress/7.0; https://ssgifthouse.com"
213.128.70.19 - - [17/Jun/2026:14:56:03 -0400] "GET /wp-login.php HTTP/1.1" 404 11619 "-" "Mozilla/5.0 (Macintosh; Intel Mac OS X 10_15_7) AppleWebKit/537.36 (KHTML, like Gecko) Chrome/133.0.0.0 Safari/537.36 Edg/133.0.0.0"
212.104.229.179 - - [17/Jun/2026:14:56:08 -0400] "GET / HTTP/1.1" 200 18986 "https://www.google.com/" "Mozilla/5.0 (iPhone; CPU iPhone OS 18_6_2 like Mac OS X) AppleWebKit/605.1.15 (KHTML, like Gecko) Version/18.6 Mobile/15E148 Safari/604.1"
212.104.229.179 - - [17/Jun/2026:14:56:09 -0400] "GET /wp-includes/js/underscore.min.js?ver=1.13.8 HTTP/1.1" 200 7228 "https://ssgifthouse.com/" "Mozilla/5.0 (iPhone; CPU iPhone OS 18_6_2 like Mac OS X) AppleWebKit/605.1.15 (KHTML, like Gecko) Version/18.6 Mobile/15E148 Safari/604.1"
212.104.229.179 - - [17/Jun/2026:14:56:10 -0400] "GET /wp-content/plugins/contact-form-7/includes/css/styles.css?ver=5.4.2 HTTP/1.1" 200 824 "https://ssgifthouse.com/" "Mozilla/5.0 (iPhone; CPU iPhone OS 18_6_2 like Mac OS X) AppleWebKit/605.1.15 (KHTML, like Gecko) Version/18.6 Mobile/15E148 Safari/604.1"
212.104.229.179 - - [17/Jun/2026:14:56:10 -0400] "GET /wp-content/plugins/woocommerce/assets/js/jquery-blockui/jquery.blockUI.min.js?ver=2.70 HTTP/1.1" 304 0 "https://ssgifthouse.com/" "Mozilla/5.0 (iPhone; CPU iPhone OS 18_6_2 like Mac OS X) AppleWebKit/605.1.15 (KHTML, like Gecko) Version/18.6 Mobile/15E148 Safari/604.1"
199.188.200.224 - - [17/Jun/2026:14:49:52 -0400] "POST /wp-cron.php?doing_wp_cron=1781722192.3021531105041503906250 HTTP/1.1" 200 0 "-" "WordPress/7.0; https://ssgifthouse.com"
217.160.212.27 - - [17/Jun/2026:14:49:51 -0400] "GET /wp-login.php HTTP/1.1" 404 11600 "-" "Mozilla/5.0 (Windows NT 10.0; Win64; x64; rv:133.0) Gecko/20100101 Firefox/133.0"
34.16.3.216 - - [17/Jun/2026:14:50:35 -0400] "HEAD /old/ HTTP/1.1" 404 0 "http://ssgifthouse.com/old/" "Mozilla/5.0 (Linux; Android 10; vivo 1904) AppleWebKit/537.36 (KHTML, like Gecko) Chrome/117.0.5938.60 Mobile Safari/537.36"
34.16.3.216 - - [17/Jun/2026:14:50:36 -0400] "HEAD / HTTP/1.1" 200 0 "http://ssgifthouse.com/" "Mozilla/5.0 (Linux; Android 11; RMX2195) AppleWebKit/537.36 (KHTML, like Gecko) Chrome/120.0.6099.210 Mobile Safari/537.36 OPR/75.2.3995.72468"
34.16.3.216 - - [17/Jun/2026:14:50:36 -0400] "HEAD /backup/ HTTP/1.1" 404 0 "http://ssgifthouse.com/backup/" "Mozilla/5.0 (Linux; Android 10; vivo 1904) AppleWebKit/537.36 (KHTML, like Gecko) Chrome/117.0.5938.60 Mobile Safari/537.36"
34.16.3.216 - - [17/Jun/2026:14:50:36 -0400] "HEAD /wordpress/ HTTP/1.1" 404 0 "http://ssgifthouse.com/wordpress/" "Mozilla/5.0 (iPhone; CPU iPhone OS 17_5 like Mac OS X) AppleWebKit/605.1.15 (KHTML, like Gecko) Version/17.5 Mobile/15E148 Safari/604.1"
34.16.3.216 - - [17/Jun/2026:14:50:37 -0400] "HEAD /wp/ HTTP/1.1" 404 0 "http://ssgifthouse.com/wp/" "Mozilla/5.0 (Linux; Android 10; vivo 1904) AppleWebKit/537.36 (KHTML, like Gecko) Chrome/117.0.5938.60 Mobile Safari/537.36"
37.78.43.3 - - [17/Jun/2026:14:53:51 -0400] "GET /elementor_library-sitemap.xml HTTP/1.1" 200 903 "-" "Mozilla/5.0 (Macintosh; Intel Mac OS X 15.2; rv:127.0) Gecko/20100101 Firefox/127.0"
199.188.200.224 - - [17/Jun/2026:14:56:05 -0400] "POST /wp-cron.php?doing_wp_cron=1781722565.3603379726409912109375 HTTP/1.1" 200 0 "-" "WordPress/7.0; https://ssgifthouse.com"
212.104.229.179 - - [17/Jun/2026:14:56:09 -0400] "GET /wp-content/plugins/elementor/assets/css/frontend.min.css?ver=3.3.1 HTTP/1.1" 200 15755 "https://ssgifthouse.com/" "Mozilla/5.0 (iPhone; CPU iPhone OS 18_6_2 like Mac OS X) AppleWebKit/605.1.15 (KHTML, like Gecko) Version/18.6 Mobile/15E148 Safari/604.1"
212.104.229.179 - - [17/Jun/2026:14:56:10 -0400] "GET /wp-content/plugins/woocommerce/assets/css/woocommerce-layout.css?ver=5.5.5 HTTP/1.1" 200 2373 "https://ssgifthouse.com/" "Mozilla/5.0 (iPhone; CPU iPhone OS 18_6_2 like Mac OS X) AppleWebKit/605.1.15 (KHTML, like Gecko) Version/18.6 Mobile/15E148 Safari/604.1"
212.104.229.179 - - [17/Jun/2026:14:56:10 -0400] "GET /wp-content/plugins/woocommerce/assets/js/frontend/woocommerce.min.js?ver=5.5.5 HTTP/1.1" 200 677 "https://ssgifthouse.com/" "Mozilla/5.0 (iPhone; CPU iPhone OS 18_6_2 like Mac OS X) AppleWebKit/605.1.15 (KHTML, like Gecko) Version/18.6 Mobile/15E148 Safari/604.1"
212.104.229.179 - - [17/Jun/2026:14:56:10 -0400] "GET /wp-content/uploads/2021/08/red-fresh-roses-on-the-white-table-2021-04-04-18-43-12-utc__1_-removebg-preview-300x300.png HTTP/1.1" 200 103765 "https://ssgifthouse.com/" "Mozilla/5.0 (iPhone; CPU iPhone OS 18_6_2 like Mac OS X) AppleWebKit/605.1.15 (KHTML, like Gecko) Version/18.6 Mobile/15E148 Safari/604.1"
212.104.229.179 - - [17/Jun/2026:14:56:10 -0400] "GET /wp-includes/js/dist/vendor/wp-polyfill.min.js?ver=3.15.0 HTTP/1.1" 200 11581 "https://ssgifthouse.com/" "Mozilla/5.0 (iPhone; CPU iPhone OS 18_6_2 like Mac OS X) AppleWebKit/605.1.15 (KHTML, like Gecko) Version/18.6 Mobile/15E148 Safari/604.1"
212.104.229.179 - - [17/Jun/2026:14:56:10 -0400] "GET /wp-content/plugins/powerpack-lite-for-elementor/assets/css/frontend.css?ver=2.5.2 HTTP/1.1" 200 20316 "https://ssgifthouse.com/" "Mozilla/5.0 (iPhone; CPU iPhone OS 18_6_2 like Mac OS X) AppleWebKit/605.1.15 (KHTML, like Gecko) Version/18.6 Mobile/15E148 Safari/604.1"
212.104.229.179 - - [17/Jun/2026:14:56:10 -0400] "GET /wp-includes/js/jquery/jquery.min.js?ver=3.7.1 HTTP/1.1" 200 29744 "https://ssgifthouse.com/" "Mozilla/5.0 (iPhone; CPU iPhone OS 18_6_2 like Mac OS X) AppleWebKit/605.1.15 (KHTML, like Gecko) Version/18.6 Mobile/15E148 Safari/604.1"
212.104.229.179 - - [17/Jun/2026:14:56:10 -0400] "GET /wp-content/uploads/elementor/css/post-84.css?ver=1627866200 HTTP/1.1" 200 909 "https://ssgifthouse.com/" "Mozilla/5.0 (iPhone; CPU iPhone OS 18_6_2 like Mac OS X) AppleWebKit/605.1.15 (KHTML, like Gecko) Version/18.6 Mobile/15E148 Safari/604.1"
212.104.229.179 - - [17/Jun/2026:14:56:10 -0400] "GET /wp-content/plugins/elementor/assets/lib/animations/animations.min.css?ver=3.3.1 HTTP/1.1" 200 2442 "https://ssgifthouse.com/" "Mozilla/5.0 (iPhone; CPU iPhone OS 18_6_2 like Mac OS X) AppleWebKit/605.1.15 (KHTML, like Gecko) Version/18.6 Mobile/15E148 Safari/604.1"
212.104.229.179 - - [17/Jun/2026:14:56:10 -0400] "GET /wp-content/plugins/woocommerce/assets/css/woocommerce.css?ver=5.5.5 HTTP/1.1" 200 8444 "https://ssgifthouse.com/" "Mozilla/5.0 (iPhone; CPU iPhone OS 18_6_2 like Mac OS X) AppleWebKit/605.1.15 (KHTML, like Gecko) Version/18.6 Mobile/15E148 Safari/604.1"
212.104.229.179 - - [17/Jun/2026:14:56:10 -0400] "GET /wp-content/plugins/elementor/assets/lib/font-awesome/css/brands.min.css?ver=5.15.3 HTTP/1.1" 200 284 "https://ssgifthouse.com/" "Mozilla/5.0 (iPhone; CPU iPhone OS 18_6_2 like Mac OS X) AppleWebKit/605.1.15 (KHTML, like Gecko) Version/18.6 Mobile/15E148 Safari/604.1"
212.104.229.179 - - [17/Jun/2026:14:56:10 -0400] "GET /wp-content/plugins/weather-effect/assets/js/snowfall-master/snowfall-master.min.js?ver=7.0 HTTP/1.1" 304 0 "https://ssgifthouse.com/" "Mozilla/5.0 (iPhone; CPU iPhone OS 18_6_2 like Mac OS X) AppleWebKit/605.1.15 (KHTML, like Gecko) Version/18.6 Mobile/15E148 Safari/604.1"
212.104.229.179 - - [17/Jun/2026:14:56:10 -0400] "GET /wp-content/plugins/header-footer-elementor/assets/css/header-footer-elementor.css?ver=1.6.3 HTTP/1.1" 200 259 "https://ssgifthouse.com/" "Mozilla/5.0 (iPhone; CPU iPhone OS 18_6_2 like Mac OS X) AppleWebKit/605.1.15 (KHTML, like Gecko) Version/18.6 Mobile/15E148 Safari/604.1"
212.104.229.179 - - [17/Jun/2026:14:56:10 -0400] "GET /wp-content/themes/hello-elementor/style.min.css?ver=2.4.1 HTTP/1.1" 200 2055 "https://ssgifthouse.com/" "Mozilla/5.0 (iPhone; CPU iPhone OS 18_6_2 like Mac OS X) AppleWebKit/605.1.15 (KHTML, like Gecko) Version/18.6 Mobile/15E148 Safari/604.1"
212.104.229.179 - - [17/Jun/2026:14:56:10 -0400] "GET /wp-content/plugins/elementor/assets/lib/share-link/share-link.min.js?ver=3.3.1 HTTP/1.1" 304 0 "https://ssgifthouse.com/" "Mozilla/5.0 (iPhone; CPU iPhone OS 18_6_2 like Mac OS X) AppleWebKit/605.1.15 (KHTML, like Gecko) Version/18.6 Mobile/15E148 Safari/604.1"
212.104.229.179 - - [17/Jun/2026:14:56:10 -0400] "GET /wp-content/plugins/woocommerce/assets/js/frontend/cart-fragments.min.js?ver=5.5.5 HTTP/1.1" 200 934 "https://ssgifthouse.com/" "Mozilla/5.0 (iPhone; CPU iPhone OS 18_6_2 like Mac OS X) AppleWebKit/605.1.15 (KHTML, like Gecko) Version/18.6 Mobile/15E148 Safari/604.1"
212.104.229.179 - - [17/Jun/2026:14:56:10 -0400] "GET /wp-content/plugins/weather-effect/assets/js/snow-falling/snow-falling.js?ver=7.0 HTTP/1.1" 304 0 "https://ssgifthouse.com/" "Mozilla/5.0 (iPhone; CPU iPhone OS 18_6_2 like Mac OS X) AppleWebKit/605.1.15 (KHTML, like Gecko) Version/18.6 Mobile/15E148 Safari/604.1"
212.104.229.179 - - [17/Jun/2026:14:56:10 -0400] "GET /wp-content/plugins/woocommerce/assets/js/frontend/add-to-cart.min.js?ver=5.5.5 HTTP/1.1" 200 970 "https://ssgifthouse.com/" "Mozilla/5.0 (iPhone; CPU iPhone OS 18_6_2 like Mac OS X) AppleWebKit/605.1.15 (KHTML, like Gecko) Version/18.6 Mobile/15E148 Safari/604.1"
212.104.229.179 - - [17/Jun/2026:14:56:10 -0400] "GET /wp-content/themes/hello-elementor/theme.min.css?ver=2.4.1 HTTP/1.1" 200 2321 "https://ssgifthouse.com/" "Mozilla/5.0 (iPhone; CPU iPhone OS 18_6_2 like Mac OS X) AppleWebKit/605.1.15 (KHTML, like Gecko) Version/18.6 Mobile/15E148 Safari/604.1"
212.104.229.179 - - [17/Jun/2026:14:56:10 -0400] "GET /wp-content/plugins/elementor/assets/lib/font-awesome/css/fontawesome.min.css?ver=5.15.3 HTTP/1.1" 200 12133 "https://ssgifthouse.com/" "Mozilla/5.0 (iPhone; CPU iPhone OS 18_6_2 like Mac OS X) AppleWebKit/605.1.15 (KHTML, like Gecko) Version/18.6 Mobile/15E148 Safari/604.1"
212.104.229.179 - - [17/Jun/2026:14:56:10 -0400] "GET /wp-content/plugins/elementor/assets/js/webpack.runtime.min.js?ver=3.3.1 HTTP/1.1" 200 1942 "https://ssgifthouse.com/" "Mozilla/5.0 (iPhone; CPU iPhone OS 18_6_2 like Mac OS X) AppleWebKit/605.1.15 (KHTML, like Gecko) Version/18.6 Mobile/15E148 Safari/604.1"
212.104.229.179 - - [17/Jun/2026:14:56:10 -0400] "GET /wp-content/plugins/weather-effect/assets/js/christmas-snow/christmas-snow.js?ver=7.0 HTTP/1.1" 200 3402 "https://ssgifthouse.com/" "Mozilla/5.0 (iPhone; CPU iPhone OS 18_6_2 like Mac OS X) AppleWebKit/605.1.15 (KHTML, like Gecko) Version/18.6 Mobile/15E148 Safari/604.1"
212.104.229.179 - - [17/Jun/2026:14:56:10 -0400] "GET /wp-content/plugins/elementor/assets/lib/eicons/css/elementor-icons.min.css?ver=5.12.0 HTTP/1.1" 200 3386 "https://ssgifthouse.com/" "Mozilla/5.0 (iPhone; CPU iPhone OS 18_6_2 like Mac OS X) AppleWebKit/605.1.15 (KHTML, like Gecko) Version/18.6 Mobile/15E148 Safari/604.1"
212.104.229.179 - - [17/Jun/2026:14:56:10 -0400] "GET /wp-content/uploads/elementor/css/post-14.css?ver=1630823071 HTTP/1.1" 200 2571 "https://ssgifthouse.com/" "Mozilla/5.0 (iPhone; CPU iPhone OS 18_6_2 like Mac OS X) AppleWebKit/605.1.15 (KHTML, like Gecko) Version/18.6 Mobile/15E148 Safari/604.1"
212.104.229.179 - - [17/Jun/2026:14:56:10 -0400] "GET /wp-includes/js/jquery/jquery-migrate.min.js?ver=3.4.1 HTTP/1.1" 200 4678 "https://ssgifthouse.com/" "Mozilla/5.0 (iPhone; CPU iPhone OS 18_6_2 like Mac OS X) AppleWebKit/605.1.15 (KHTML, like Gecko) Version/18.6 Mobile/15E148 Safari/604.1"
212.104.229.179 - - [17/Jun/2026:14:56:10 -0400] "GET /wp-content/themes/hello-elementor/assets/js/hello-frontend.min.js?ver=1.0.0 HTTP/1.1" 200 940 "https://ssgifthouse.com/" "Mozilla/5.0 (iPhone; CPU iPhone OS 18_6_2 like Mac OS X) AppleWebKit/605.1.15 (KHTML, like Gecko) Version/18.6 Mobile/15E148 Safari/604.1"
212.104.229.179 - - [17/Jun/2026:14:56:10 -0400] "GET /wp-content/plugins/wpforms-lite/assets/css/frontend/modern/wpforms-full.min.css?ver=1.8.2.3 HTTP/1.1" 200 10006 "https://ssgifthouse.com/" "Mozilla/5.0 (iPhone; CPU iPhone OS 18_6_2 like Mac OS X) AppleWebKit/605.1.15 (KHTML, like Gecko) Version/18.6 Mobile/15E148 Safari/604.1"
212.104.229.179 - - [17/Jun/2026:14:56:10 -0400] "GET /wp-content/plugins/contact-form-7/includes/js/index.js?ver=5.4.2 HTTP/1.1" 304 0 "https://ssgifthouse.com/" "Mozilla/5.0 (iPhone; CPU iPhone OS 18_6_2 like Mac OS X) AppleWebKit/605.1.15 (KHTML, like Gecko) Version/18.6 Mobile/15E148 Safari/604.1"
212.104.229.179 - - [17/Jun/2026:14:56:10 -0400] "GET /wp-content/plugins/elementor-pro/assets/css/frontend.min.css?ver=3.0.9 HTTP/1.1" 200 21616 "https://ssgifthouse.com/" "Mozilla/5.0 (iPhone; CPU iPhone OS 18_6_2 like Mac OS X) AppleWebKit/605.1.15 (KHTML, like Gecko) Version/18.6 Mobile/15E148 Safari/604.1"
212.104.229.179 - - [17/Jun/2026:14:56:10 -0400] "GET /wp-content/plugins/elementor/assets/js/frontend.min.js?ver=3.3.1 HTTP/1.1" 200 19057 "https://ssgifthouse.com/" "Mozilla/5.0 (iPhone; CPU iPhone OS 18_6_2 like Mac OS X) AppleWebKit/605.1.15 (KHTML, like Gecko) Version/18.6 Mobile/15E148 Safari/604.1"
212.104.229.179 - - [17/Jun/2026:14:56:10 -0400] "GET /wp-content/plugins/elementor/assets/lib/swiper/swiper.min.js?ver=5.3.6 HTTP/1.1" 304 0 "https://ssgifthouse.com/" "Mozilla/5.0 (iPhone; CPU iPhone OS 18_6_2 like Mac OS X) AppleWebKit/605.1.15 (KHTML, like Gecko) Version/18.6 Mobile/15E148 Safari/604.1"
212.104.229.179 - - [17/Jun/2026:14:56:10 -0400] "GET /wp-content/plugins/elementor/assets/lib/dialog/dialog.min.js?ver=4.8.1 HTTP/1.1" 304 0 "https://ssgifthouse.com/" "Mozilla/5.0 (iPhone; CPU iPhone OS 18_6_2 like Mac OS X) AppleWebKit/605.1.15 (KHTML, like Gecko) Version/18.6 Mobile/15E148 Safari/604.1"
212.104.229.179 - - [17/Jun/2026:14:56:10 -0400] "GET /wp-content/plugins/elementor/assets/js/frontend-modules.min.js?ver=3.3.1 HTTP/1.1" 200 18831 "https://ssgifthouse.com/" "Mozilla/5.0 (iPhone; CPU iPhone OS 18_6_2 like Mac OS X) AppleWebKit/605.1.15 (KHTML, like Gecko) Version/18.6 Mobile/15E148 Safari/604.1"
212.104.229.179 - - [17/Jun/2026:14:56:10 -0400] "GET /wp-content/plugins/elementor-pro/assets/lib/smartmenus/jquery.smartmenus.min.js?ver=1.0.1 HTTP/1.1" 304 0 "https://ssgifthouse.com/" "Mozilla/5.0 (iPhone; CPU iPhone OS 18_6_2 like Mac OS X) AppleWebKit/605.1.15 (KHTML, like Gecko) Version/18.6 Mobile/15E148 Safari/604.1"
212.104.229.179 - - [17/Jun/2026:14:56:10 -0400] "GET /wp-content/plugins/wpforms-lite/assets/js/integrations/elementor/frontend.min.js?ver=1.8.2.3 HTTP/1.1" 200 342 "https://ssgifthouse.com/" "Mozilla/5.0 (iPhone; CPU iPhone OS 18_6_2 like Mac OS X) AppleWebKit/605.1.15 (KHTML, like Gecko) Version/18.6 Mobile/15E148 Safari/604.1"
212.104.229.179 - - [17/Jun/2026:14:56:10 -0400] "GET /wp-includes/js/wp-util.min.js?ver=7.0 HTTP/1.1" 304 0 "https://ssgifthouse.com/" "Mozilla/5.0 (iPhone; CPU iPhone OS 18_6_2 like Mac OS X) AppleWebKit/605.1.15 (KHTML, like Gecko) Version/18.6 Mobile/15E148 Safari/604.1"
212.104.229.179 - - [17/Jun/2026:14:56:10 -0400] "GET /wp-content/plugins/elementor-pro/assets/js/frontend.min.js?ver=3.0.9 HTTP/1.1" 200 45630 "https://ssgifthouse.com/" "Mozilla/5.0 (iPhone; CPU iPhone OS 18_6_2 like Mac OS X) AppleWebKit/605.1.15 (KHTML, like Gecko) Version/18.6 Mobile/15E148 Safari/604.1"
212.104.229.179 - - [17/Jun/2026:14:56:10 -0400] "GET /wp-content/plugins/elementor/assets/lib/eicons/fonts/eicons.woff2?5.10.0 HTTP/1.1" 200 89444 "https://ssgifthouse.com/" "Mozilla/5.0 (iPhone; CPU iPhone OS 18_6_2 like Mac OS X) AppleWebKit/605.1.15 (KHTML, like Gecko) Version/18.6 Mobile/15E148 Safari/604.1"
212.104.229.179 - - [17/Jun/2026:14:56:10 -0400] "GET /wp-content/plugins/elementor/assets/lib/font-awesome/webfonts/fa-solid-900.woff2 HTTP/1.1" 200 78196 "https://ssgifthouse.com/" "Mozilla/5.0 (iPhone; CPU iPhone OS 18_6_2 like Mac OS X) AppleWebKit/605.1.15 (KHTML, like Gecko) Version/18.6 Mobile/15E148 Safari/604.1"
212.104.229.179 - - [17/Jun/2026:14:56:10 -0400] "GET /wp-content/plugins/elementor/assets/lib/font-awesome/webfonts/fa-brands-400.woff2 HTTP/1.1" 200 76764 "https://ssgifthouse.com/" "Mozilla/5.0 (iPhone; CPU iPhone OS 18_6_2 like Mac OS X) AppleWebKit/605.1.15 (KHTML, like Gecko) Version/18.6 Mobile/15E148 Safari/604.1"
212.104.229.179 - - [17/Jun/2026:14:56:10 -0400] "GET /wp-content/plugins/woocommerce/assets/fonts/star.woff HTTP/1.1" 200 1304 "https://ssgifthouse.com/" "Mozilla/5.0 (iPhone; CPU iPhone OS 18_6_2 like Mac OS X) AppleWebKit/605.1.15 (KHTML, like Gecko) Version/18.6 Mobile/15E148 Safari/604.1"
212.104.229.179 - - [17/Jun/2026:14:56:10 -0400] "GET /wp-content/uploads/2021/07/section-bg-bottom-right.png HTTP/1.1" 200 25883 "https://ssgifthouse.com/" "Mozilla/5.0 (iPhone; CPU iPhone OS 18_6_2 like Mac OS X) AppleWebKit/605.1.15 (KHTML, like Gecko) Version/18.6 Mobile/15E148 Safari/604.1"
212.104.229.179 - - [17/Jun/2026:14:56:10 -0400] "GET /wp-content/uploads/2021/07/header-bg1.png HTTP/1.1" 200 109334 "https://ssgifthouse.com/" "Mozilla/5.0 (iPhone; CPU iPhone OS 18_6_2 like Mac OS X) AppleWebKit/605.1.15 (KHTML, like Gecko) Version/18.6 Mobile/15E148 Safari/604.1"
212.104.229.179 - - [17/Jun/2026:14:56:11 -0400] "GET /wp-content/uploads/2021/07/beautiful-model-girl-in-a-white-wedding-dress-PYHGBQQ.jpg HTTP/1.1" 200 120990 "https://ssgifthouse.com/" "Mozilla/5.0 (iPhone; CPU iPhone OS 18_6_2 like Mac OS X) AppleWebKit/605.1.15 (KHTML, like Gecko) Version/18.6 Mobile/15E148 Safari/604.1"
212.104.229.179 - - [17/Jun/2026:14:56:11 -0400] "GET /wp-includes/js/wp-emoji-release.min.js?ver=7.0 HTTP/1.1" 200 4949 "https://ssgifthouse.com/" "Mozilla/5.0 (iPhone; CPU iPhone OS 18_6_2 like Mac OS X) AppleWebKit/605.1.15 (KHTML, like Gecko) Version/18.6 Mobile/15E148 Safari/604.1"
212.104.229.179 - - [17/Jun/2026:14:56:12 -0400] "GET /wp-content/uploads/elementor/thumbs/Starburst-paw2wkjuukhk0wr79y73esuvmsdrj0g7rkz7j4m62c.jpg HTTP/1.1" 200 35156 "https://ssgifthouse.com/" "Mozilla/5.0 (iPhone; CPU iPhone OS 18_6_2 like Mac OS X) AppleWebKit/605.1.15 (KHTML, like Gecko) Version/18.6 Mobile/15E148 Safari/604.1"
212.104.229.179 - - [17/Jun/2026:14:56:12 -0400] "GET /wp-content/uploads/2021/07/overlay-plants.png HTTP/1.1" 200 169300 "https://ssgifthouse.com/" "Mozilla/5.0 (iPhone; CPU iPhone OS 18_6_2 like Mac OS X) AppleWebKit/605.1.15 (KHTML, like Gecko) Version/18.6 Mobile/15E148 Safari/604.1"
212.104.229.179 - - [17/Jun/2026:14:56:12 -0400] "GET /wp-content/uploads/2021/07/hero-2.jpg HTTP/1.1" 200 79214 "https://ssgifthouse.com/" "Mozilla/5.0 (iPhone; CPU iPhone OS 18_6_2 like Mac OS X) AppleWebKit/605.1.15 (KHTML, like Gecko) Version/18.6 Mobile/15E148 Safari/604.1"
212.104.229.179 - - [17/Jun/2026:14:56:12 -0400] "GET /wp-content/uploads/2021/07/tile-pink-paper.jpg HTTP/1.1" 200 4828 "https://ssgifthouse.com/" "Mozilla/5.0 (iPhone; CPU iPhone OS 18_6_2 like Mac OS X) AppleWebKit/605.1.15 (KHTML, like Gecko) Version/18.6 Mobile/15E148 Safari/604.1"
212.104.229.179 - - [17/Jun/2026:14:56:12 -0400] "GET /wp-content/uploads/2021/07/pattern-mixed-floral.png HTTP/1.1" 200 74841 "https://ssgifthouse.com/" "Mozilla/5.0 (iPhone; CPU iPhone OS 18_6_2 like Mac OS X) AppleWebKit/605.1.15 (KHTML, like Gecko) Version/18.6 Mobile/15E148 Safari/604.1"
212.104.229.179 - - [17/Jun/2026:14:56:12 -0400] "GET /wp-content/uploads/2021/07/footer-bg1.png HTTP/1.1" 200 109215 "https://ssgifthouse.com/" "Mozilla/5.0 (iPhone; CPU iPhone OS 18_6_2 like Mac OS X) AppleWebKit/605.1.15 (KHTML, like Gecko) Version/18.6 Mobile/15E148 Safari/604.1"
212.104.229.179 - - [17/Jun/2026:14:56:12 -0400] "GET /wp-content/uploads/elementor/thumbs/Ava-pavjctrz2m21agm8399iwmcaqt9f4r2wa2htfstlww.jpg HTTP/1.1" 200 47056 "https://ssgifthouse.com/" "Mozilla/5.0 (iPhone; CPU iPhone OS 18_6_2 like Mac OS X) AppleWebKit/605.1.15 (KHTML, like Gecko) Version/18.6 Mobile/15E148 Safari/604.1"
212.104.229.179 - - [17/Jun/2026:14:56:12 -0400] "GET /wp-content/uploads/2021/07/Bosque.jpg HTTP/1.1" 200 155654 "https://ssgifthouse.com/" "Mozilla/5.0 (iPhone; CPU iPhone OS 18_6_2 like Mac OS X) AppleWebKit/605.1.15 (KHTML, like Gecko) Version/18.6 Mobile/15E148 Safari/604.1"
212.104.229.179 - - [17/Jun/2026:14:56:13 -0400] "GET /wp-content/uploads/2021/08/Queen-P1-1200-1024x1024.jpg HTTP/1.1" 200 174422 "https://ssgifthouse.com/" "Mozilla/5.0 (iPhone; CPU iPhone OS 18_6_2 like Mac OS X) AppleWebKit/605.1.15 (KHTML, like Gecko) Version/18.6 Mobile/15E148 Safari/604.1"
212.104.229.179 - - [17/Jun/2026:14:56:13 -0400] "GET /wp-content/uploads/2021/09/wonder-white-1-1024x1024.png HTTP/1.1" 200 1685125 "https://ssgifthouse.com/" "Mozilla/5.0 (iPhone; CPU iPhone OS 18_6_2 like Mac OS X) AppleWebKit/605.1.15 (KHTML, like Gecko) Version/18.6 Mobile/15E148 Safari/604.1"
212.104.229.179 - - [17/Jun/2026:14:56:13 -0400] "GET /wp-content/uploads/2021/08/king-of-romance-p1-1200-1024x1024.jpg HTTP/1.1" 200 167512 "https://ssgifthouse.com/" "Mozilla/5.0 (iPhone; CPU iPhone OS 18_6_2 like Mac OS X) AppleWebKit/605.1.15 (KHTML, like Gecko) Version/18.6 Mobile/15E148 Safari/604.1"
212.104.229.179 - - [17/Jun/2026:14:56:13 -0400] "GET /wp-content/uploads/2021/12/IMG_2423-300x300.jpeg HTTP/1.1" 200 27719 "https://ssgifthouse.com/" "Mozilla/5.0 (iPhone; CPU iPhone OS 18_6_2 like Mac OS X) AppleWebKit/605.1.15 (KHTML, like Gecko) Version/18.6 Mobile/15E148 Safari/604.1"
212.104.229.179 - - [17/Jun/2026:14:56:10 -0400] "GET /wp-content/plugins/elementor-pro/assets/lib/sticky/jquery.sticky.min.js?ver=3.0.9 HTTP/1.1" 200 1767 "https://ssgifthouse.com/" "Mozilla/5.0 (iPhone; CPU iPhone OS 18_6_2 like Mac OS X) AppleWebKit/605.1.15 (KHTML, like Gecko) Version/18.6 Mobile/15E148 Safari/604.1"
212.104.229.179 - - [17/Jun/2026:14:56:10 -0400] "GET /wp-content/plugins/woocommerce/assets/js/js-cookie/js.cookie.min.js?ver=2.1.4 HTTP/1.1" 200 899 "https://ssgifthouse.com/" "Mozilla/5.0 (iPhone; CPU iPhone OS 18_6_2 like Mac OS X) AppleWebKit/605.1.15 (KHTML, like Gecko) Version/18.6 Mobile/15E148 Safari/604.1"
212.104.229.179 - - [17/Jun/2026:14:56:10 -0400] "GET /wp-includes/js/jquery/ui/core.min.js?ver=1.13.3 HTTP/1.1" 200 6812 "https://ssgifthouse.com/" "Mozilla/5.0 (iPhone; CPU iPhone OS 18_6_2 like Mac OS X) AppleWebKit/605.1.15 (KHTML, like Gecko) Version/18.6 Mobile/15E148 Safari/604.1"
212.104.229.179 - - [17/Jun/2026:14:56:10 -0400] "GET /wp-content/plugins/elementor/assets/lib/waypoints/waypoints.min.js?ver=4.0.2 HTTP/1.1" 200 2867 "https://ssgifthouse.com/" "Mozilla/5.0 (iPhone; CPU iPhone OS 18_6_2 like Mac OS X) AppleWebKit/605.1.15 (KHTML, like Gecko) Version/18.6 Mobile/15E148 Safari/604.1"
212.104.229.179 - - [17/Jun/2026:14:56:10 -0400] "GET /wp-content/plugins/elementor/assets/js/preloaded-modules.min.js?ver=3.3.1 HTTP/1.1" 200 16401 "https://ssgifthouse.com/" "Mozilla/5.0 (iPhone; CPU iPhone OS 18_6_2 like Mac OS X) AppleWebKit/605.1.15 (KHTML, like Gecko) Version/18.6 Mobile/15E148 Safari/604.1"
212.104.229.179 - - [17/Jun/2026:14:56:10 -0400] "GET /wp-content/plugins/elementor/assets/lib/font-awesome/webfonts/fa-regular-400.woff2 HTTP/1.1" 200 13276 "https://ssgifthouse.com/" "Mozilla/5.0 (iPhone; CPU iPhone OS 18_6_2 like Mac OS X) AppleWebKit/605.1.15 (KHTML, like Gecko) Version/18.6 Mobile/15E148 Safari/604.1"
212.104.229.179 - - [17/Jun/2026:14:56:10 -0400] "GET /wp-content/uploads/2021/07/26-1.png HTTP/1.1" 200 81540 "https://ssgifthouse.com/" "Mozilla/5.0 (iPhone; CPU iPhone OS 18_6_2 like Mac OS X) AppleWebKit/605.1.15 (KHTML, like Gecko) Version/18.6 Mobile/15E148 Safari/604.1"
212.104.229.179 - - [17/Jun/2026:14:56:10 -0400] "GET /wp-content/uploads/2021/07/Asset-5@4x.png HTTP/1.1" 200 8939 "https://ssgifthouse.com/" "Mozilla/5.0 (iPhone; CPU iPhone OS 18_6_2 like Mac OS X) AppleWebKit/605.1.15 (KHTML, like Gecko) Version/18.6 Mobile/15E148 Safari/604.1"
212.104.229.179 - - [17/Jun/2026:14:56:11 -0400] "GET /wp-content/plugins/elementor/assets/lib/eicons/fonts/eicons.woff2?5.12.0 HTTP/1.1" 200 89444 "https://ssgifthouse.com/" "Mozilla/5.0 (iPhone; CPU iPhone OS 18_6_2 like Mac OS X) AppleWebKit/605.1.15 (KHTML, like Gecko) Version/18.6 Mobile/15E148 Safari/604.1"
212.104.229.179 - - [17/Jun/2026:14:56:10 -0400] "POST /?wc-ajax=get_refreshed_fragments HTTP/1.1" 200 1511 "https://ssgifthouse.com/" "Mozilla/5.0 (iPhone; CPU iPhone OS 18_6_2 like Mac OS X) AppleWebKit/605.1.15 (KHTML, like Gecko) Version/18.6 Mobile/15E148 Safari/604.1"
212.104.229.179 - - [17/Jun/2026:14:56:12 -0400] "GET /wp-content/uploads/2021/07/hero-2-300x300.jpg HTTP/1.1" 200 18654 "https://ssgifthouse.com/" "Mozilla/5.0 (iPhone; CPU iPhone OS 18_6_2 like Mac OS X) AppleWebKit/605.1.15 (KHTML, like Gecko) Version/18.6 Mobile/15E148 Safari/604.1"
212.104.229.179 - - [17/Jun/2026:14:56:12 -0400] "GET /wp-content/uploads/2023/04/Mixa-01-300x300.png HTTP/1.1" 200 157875 "https://ssgifthouse.com/" "Mozilla/5.0 (iPhone; CPU iPhone OS 18_6_2 like Mac OS X) AppleWebKit/605.1.15 (KHTML, like Gecko) Version/18.6 Mobile/15E148 Safari/604.1"
212.104.229.179 - - [17/Jun/2026:14:56:20 -0400] "GET /wp-content/uploads/2021/12/IMG_2464-300x300.jpeg HTTP/1.1" 200 23105 "https://ssgifthouse.com/product-category/artificial_flowers/" "Mozilla/5.0 (iPhone; CPU iPhone OS 18_6_2 like Mac OS X) AppleWebKit/605.1.15 (KHTML, like Gecko) Version/18.6 Mobile/15E148 Safari/604.1"
212.104.229.179 - - [17/Jun/2026:14:56:20 -0400] "GET /favicon.ico HTTP/1.1" 404 4993 "https://ssgifthouse.com/product-category/artificial_flowers/" "Mozilla/5.0 (iPhone; CPU iPhone OS 18_6_2 like Mac OS X) AppleWebKit/605.1.15 (KHTML, like Gecko) Version/18.6 Mobile/15E148 Safari/604.1"
199.188.200.224 - - [17/Jun/2026:14:57:24 -0400] "POST /wp-cron.php?doing_wp_cron=1781722644.2163751125335693359375 HTTP/1.1" 200 0 "-" "WordPress/7.0; https://ssgifthouse.com"
85.87.100.192 - - [17/Jun/2026:14:57:24 -0400] "GET /category-sitemap.xml HTTP/1.1" 200 366 "-" "Mozilla/5.0 (Windows NT 10.0; Win64; x64) AppleWebKit/537.36 (KHTML, like Gecko) Chrome/125.0.6422.176 Safari/537.36"
213.171.208.62 - - [17/Jun/2026:15:00:57 -0400] "GET /-/-/-/-/-/-/-/-/-/-/ HTTP/1.1" 404 11619 "https://www.ssgifthouse.com/wp-login.php" "Mozilla/5.0 (X11; Fedora; Linux x86_64) AppleWebKit/537.36 (KHTML, like Gecko) Chrome/133.0.0.0 Safari/537.36"
212.104.229.179 - - [17/Jun/2026:14:56:18 -0400] "GET /product-category/artificial_flowers/ HTTP/1.1" 200 13693 "https://ssgifthouse.com/" "Mozilla/5.0 (iPhone; CPU iPhone OS 18_6_2 like Mac OS X) AppleWebKit/605.1.15 (KHTML, like Gecko) Version/18.6 Mobile/15E148 Safari/604.1"
212.104.229.179 - - [17/Jun/2026:14:56:19 -0400] "GET /wp-content/uploads/elementor/css/post-69.css?ver=1627505853 HTTP/1.1" 200 1372 "https://ssgifthouse.com/product-category/artificial_flowers/" "Mozilla/5.0 (iPhone; CPU iPhone OS 18_6_2 like Mac OS X) AppleWebKit/605.1.15 (KHTML, like Gecko) Version/18.6 Mobile/15E148 Safari/604.1"
212.104.229.179 - - [17/Jun/2026:14:56:19 -0400] "GET /wp-content/uploads/2021/12/IMG_2430-300x300.jpeg HTTP/1.1" 200 25067 "https://ssgifthouse.com/product-category/artificial_flowers/" "Mozilla/5.0 (iPhone; CPU iPhone OS 18_6_2 like Mac OS X) AppleWebKit/605.1.15 (KHTML, like Gecko) Version/18.6 Mobile/15E148 Safari/604.1"
212.104.229.179 - - [17/Jun/2026:14:56:24 -0400] "POST /?wc-ajax=get_refreshed_fragments HTTP/1.1" 200 1511 "https://ssgifthouse.com/" "Mozilla/5.0 (iPhone; CPU iPhone OS 18_6_2 like Mac OS X) AppleWebKit/605.1.15 (KHTML, like Gecko) Version/18.6 Mobile/15E148 Safari/604.1"
199.188.200.224 - - [17/Jun/2026:15:00:55 -0400] "POST /wp-cron.php?doing_wp_cron=1781722855.7994570732116699218750 HTTP/1.1" 200 0 "-" "WordPress/7.0; https://ssgifthouse.com"
213.171.208.62 - - [17/Jun/2026:15:00:54 -0400] "GET /wp-login.php HTTP/1.1" 301 0 "-" "Mozilla/5.0 (X11; Fedora; Linux x86_64) AppleWebKit/537.36 (KHTML, like Gecko) Chrome/133.0.0.0 Safari/537.36"
199.188.200.224 - - [17/Jun/2026:15:02:50 -0400] "POST /wp-cron.php?doing_wp_cron=1781722970.5526490211486816406250 HTTP/1.1" 200 0 "-" "WordPress/7.0; https://ssgifthouse.com"
66.249.66.37 - - [17/Jun/2026:15:09:05 -0400] "GET / HTTP/1.1" 200 18986 "-" "Mozilla/5.0 (Linux; Android 6.0.1; Nexus 5X Build/MMB29P) AppleWebKit/537.36 (KHTML, like Gecko) Chrome/148.0.7778.96 Mobile Safari/537.36 (compatible; Googlebot/2.1; +http://www.google.com/bot.html)"
199.188.200.224 - - [17/Jun/2026:15:16:06 -0400] "POST /wp-cron.php?doing_wp_cron=1781723766.1380190849304199218750 HTTP/1.1" 200 0 "-" "WordPress/7.0; https://ssgifthouse.com"
199.188.200.224 - - [17/Jun/2026:15:16:06 -0400] "POST /wp-cron.php?doing_wp_cron=1781723766.7331309318542480468750 HTTP/1.1" 200 0 "-" "WordPress/7.0; https://ssgifthouse.com"
148.222.185.74 - - [17/Jun/2026:15:16:07 -0400] "POST /wp-comments-post.php HTTP/1.1" 403 4993 "https://ssgifthouse.com/product/king-of-romance/" "Mozilla/5.0 (Windows NT 10.0; Win64; x64) AppleWebKit/537.36 (KHTML, like Gecko) Chrome/129.0.0.0 Safari/537.36"
162.254.36.150 - - [17/Jun/2026:15:02:49 -0400] "GET /wp-login.php HTTP/1.1" 301 0 "-" "Mozilla/5.0 (X11; Linux x86_64) AppleWebKit/537.36 (KHTML, like Gecko) Chrome/133.0.0.0 Safari/537.36"
164.92.211.134 - - [17/Jun/2026:15:02:51 -0400] "GET /wp-login.php HTTP/1.1" 301 0 "-" "Mozilla/5.0 (X11; Linux x86_64) AppleWebKit/537.36 (KHTML, like Gecko) Chrome/133.0.0.0 Safari/537.36 Edg/133.0.0.0"
162.254.36.150 - - [17/Jun/2026:15:02:51 -0400] "GET /-/-/-/-/-/-/-/-/-/-/ HTTP/1.1" 404 11619 "https://www.ssgifthouse.com/wp-login.php" "Mozilla/5.0 (X11; Linux x86_64) AppleWebKit/537.36 (KHTML, like Gecko) Chrome/133.0.0.0 Safari/537.36"
164.92.211.134 - - [17/Jun/2026:15:02:53 -0400] "GET /-/-/-/-/-/-/-/-/-/-/ HTTP/1.1" 404 11619 "https://www.ssgifthouse.com/wp-login.php" "Mozilla/5.0 (X11; Linux x86_64) AppleWebKit/537.36 (KHTML, like Gecko) Chrome/133.0.0.0 Safari/537.36 Edg/133.0.0.0"
199.188.200.224 - - [17/Jun/2026:15:08:07 -0400] "POST /wp-cron.php?doing_wp_cron=1781723287.4367589950561523437500 HTTP/1.1" 200 0 "-" "WordPress/7.0; https://ssgifthouse.com"
40.77.167.53 - - [17/Jun/2026:15:08:05 -0400] "GET /sitemap.rss HTTP/1.1" 200 1812 "-" "Mozilla/5.0 AppleWebKit/537.36 (KHTML, like Gecko; compatible; bingbot/2.0; +http://www.bing.com/bingbot.htm) Chrome/116.0.1938.76 Safari/537.36"
199.188.200.224 - - [17/Jun/2026:15:09:05 -0400] "POST /wp-cron.php?doing_wp_cron=1781723345.6239728927612304687500 HTTP/1.1" 200 0 "-" "WordPress/7.0; https://ssgifthouse.com"
66.249.66.38 - - [17/Jun/2026:15:10:52 -0400] "GET /wp-content/plugins/elementor/assets/js/frontend-modules.min.js?ver=3.3.1 HTTP/1.1" 304 0 "https://ssgifthouse.com/" "Mozilla/5.0 (Linux; Android 6.0.1; Nexus 5X Build/MMB29P) AppleWebKit/537.36 (KHTML, like Gecko) Chrome/148.0.7778.96 Mobile Safari/537.36 (compatible; Googlebot/2.1; +http://www.google.com/bot.html)"
43.153.48.240 - - [17/Jun/2026:15:16:05 -0400] "GET / HTTP/1.1" 301 0 "http://www.ssgifthouse.com" "Mozilla/5.0 (iPhone; CPU iPhone OS 13_2_3 like Mac OS X) AppleWebKit/605.1.15 (KHTML, like Gecko) Version/13.0.3 Mobile/15E148 Safari/604.1"
148.222.185.74 - - [17/Jun/2026:15:16:04 -0400] "GET /product/king-of-romance/ HTTP/1.1" 200 18611 "https://ssgifthouse.com/product/king-of-romance/" "Mozilla/5.0 (Windows NT 10.0; Win64; x64) AppleWebKit/537.36 (KHTML, like Gecko) Chrome/129.0.0.0 Safari/537.36"
43.153.48.240 - - [17/Jun/2026:15:16:08 -0400] "GET / HTTP/1.1" 200 18986 "https://www.ssgifthouse.com/" "Mozilla/5.0 (iPhone; CPU iPhone OS 13_2_3 like Mac OS X) AppleWebKit/605.1.15 (KHTML, like Gecko) Version/13.0.3 Mobile/15E148 Safari/604.1"
